-- Table structure for table `lavandera_d4_cache_locks`
--

CREATE TABLE `lavandera_d4_cache_locks` (
  `key` varchar(255) COLLATE utf8mb4_unicode_ci NOT NULL,
  `owner` varchar(255) COLLATE utf8mb4_unicode_ci NOT NULL,
  `expiration` int NOT NULL,
  PRIMARY KEY (`key`)
) ENGINE=InnoDB DEFAULT CHARSET=utf8mb4 COLLATE=utf8mb4_unicode_ci;

--
-- Dumping data for table `lavandera_d4_cache_locks`
--


--
-- Table structure for table `lavandera_d4_cashbox_entries`
--

CREATE TABLE `lavandera_d4_cashbox_entries` (
  `id` bigint unsigned NOT NULL AUTO_INCREMENT,
  `cashbox_id` bigint unsigned NOT NULL,
  `financial_transaction_id` bigint unsigned DEFAULT NULL,
  `direction` enum('in','out') COLLATE utf8mb4_unicode_ci NOT NULL,
  `amount` decimal(12,2) NOT NULL,
  `running_balance` decimal(12,2) NOT NULL,
  `created_at` timestamp NULL DEFAULT NULL,
  `updated_at` timestamp NULL DEFAULT NULL,
  PRIMARY KEY (`id`),
  KEY `lavandera_d4_ce_cid_fk` (`cashbox_id`),
  KEY `lavandera_d4_ce_ftid_fk` (`financial_transaction_id`),
  CONSTRAINT `lavandera_d4_ce_cid_fk` FOREIGN KEY (`cashbox_id`) REFERENCES `lavandera_d4_cashboxes` (`id`) ON DELETE CASCADE,
  CONSTRAINT `lavandera_d4_ce_ftid_fk` FOREIGN KEY (`financial_transaction_id`) REFERENCES `lavandera_d4_financial_transactions` (`id`) ON DELETE SET NULL
) ENGINE=InnoDB AUTO_INCREMENT=16 DEFAULT CHARSET=utf8mb4 COLLATE=utf8mb4_unicode_ci;

--
-- Dumping data for table `lavandera_d4_cashbox_entries`
--


--
-- Table structure for table `lavandera_d4_cashboxes`
--

CREATE TABLE `lavandera_d4_cashboxes` (
  `id` bigint unsigned NOT NULL AUTO_INCREMENT,
  `name` varchar(255) COLLATE utf8mb4_unicode_ci NOT NULL,
  `starting_balance` decimal(12,2) NOT NULL DEFAULT '0.00',
  `current_balance` decimal(12,2) NOT NULL DEFAULT '0.00',
  `notes` text COLLATE utf8mb4_unicode_ci,
  `created_at` timestamp NULL DEFAULT NULL,
  `updated_at` timestamp NULL DEFAULT NULL,
  PRIMARY KEY (`id`)
) ENGINE=InnoDB AUTO_INCREMENT=2 DEFAULT CHARSET=utf8mb4 COLLATE=utf8mb4_unicode_ci;

--
-- Dumping data for table `lavandera_d4_cashboxes`
--

INSERT INTO `lavandera_d4_cashboxes` VALUES (1,'ِCaisse principale',0.00,0.00,NULL,'2025-11-26 06:09:35','2026-01-01 09:53:32');

--
-- Table structure for table `lavandera_d4_clothing_items`
--

CREATE TABLE `lavandera_d4_clothing_items` (
  `id` bigint unsigned NOT NULL AUTO_INCREMENT,
  `name` varchar(255) COLLATE utf8mb4_unicode_ci NOT NULL,
  `slug` varchar(255) COLLATE utf8mb4_unicode_ci NOT NULL,
  `image_path` varchar(255) COLLATE utf8mb4_unicode_ci DEFAULT NULL,
  `default_wash_price` decimal(10,2) NOT NULL DEFAULT '0.00',
  `default_iron_price` decimal(10,2) NOT NULL DEFAULT '0.00',
  `is_active` tinyint(1) NOT NULL DEFAULT '1',
  `created_at` timestamp NULL DEFAULT NULL,
  `updated_at` timestamp NULL DEFAULT NULL,
  PRIMARY KEY (`id`),
  UNIQUE KEY `lavandera_d4_ci_slug_unq` (`slug`)
) ENGINE=InnoDB AUTO_INCREMENT=9 DEFAULT CHARSET=utf8mb4 COLLATE=utf8mb4_unicode_ci;

--
-- Dumping data for table `lavandera_d4_clothing_items`
--

INSERT INTO `lavandera_d4_clothing_items` VALUES (1,'T-shirt','shirt','shirt_1764184039.jpg',8.00,5.00,1,'2025-11-26 06:09:35','2025-11-26 18:07:19'),(2,'Pantalon','pantalon','pantalon_1764183960.webp',10.00,6.00,1,'2025-11-26 06:09:35','2025-11-26 18:06:00'),(4,'Veste','veste','veste_1764224956.webp',20.00,12.00,1,'2025-11-26 06:09:35','2025-11-27 05:29:16'),(5,'Chemise','chemise','chemise_1764183704.webp',18.00,11.00,1,'2025-11-26 06:09:35','2025-11-26 18:01:44'),(6,'Costume','costume','costume_1764225068.jfif',30.00,15.00,1,'2025-11-27 05:31:08','2025-11-27 05:31:08'),(7,'جلابة','glab','glab_1764251546.png',16.00,8.00,1,'2025-11-27 12:50:19','2025-11-27 12:52:26'),(8,'قفطان','kftan','kftan_1764251605.jpg',16.00,8.00,1,'2025-11-27 12:53:25','2025-11-27 12:53:25');

--
-- Table structure for table `lavandera_d4_failed_jobs`
--

CREATE TABLE `lavandera_d4_failed_jobs` (
  `id` bigint unsigned NOT NULL AUTO_INCREMENT,
  `uuid` varchar(255) COLLATE utf8mb4_unicode_ci NOT NULL,
  `connection` text COLLATE utf8mb4_unicode_ci NOT NULL,
  `queue` text COLLATE utf8mb4_unicode_ci NOT NULL,
  `payload` longtext COLLATE utf8mb4_unicode_ci NOT NULL,
  `exception` longtext COLLATE utf8mb4_unicode_ci NOT NULL,
  `failed_at` timestamp NOT NULL DEFAULT CURRENT_TIMESTAMP,
  PRIMARY KEY (`id`),
  UNIQUE KEY `lavandera_d4_fj_uuid_unq` (`uuid`)
) ENGINE=InnoDB DEFAULT CHARSET=utf8mb4 COLLATE=utf8mb4_unicode_ci;

--
-- Dumping data for table `lavandera_d4_failed_jobs`
--


--
-- Table structure for table `lavandera_d4_financial_transactions`
--

CREATE TABLE `lavandera_d4_financial_transactions` (
  `id` bigint unsigned NOT NULL AUTO_INCREMENT,
  `type` enum('income','expense') COLLATE utf8mb4_unicode_ci NOT NULL,
  `category` varchar(255) COLLATE utf8mb4_unicode_ci DEFAULT NULL,
  `reference_type` varchar(255) COLLATE utf8mb4_unicode_ci DEFAULT NULL,
  `reference_id` bigint unsigned DEFAULT NULL,
  `cashbox_id` bigint unsigned DEFAULT NULL,
  `amount` decimal(12,2) NOT NULL,
  `description` text COLLATE utf8mb4_unicode_ci,
  `occurred_on` date NOT NULL,
  `created_at` timestamp NULL DEFAULT NULL,
  `updated_at` timestamp NULL DEFAULT NULL,
  PRIMARY KEY (`id`),
  KEY `lavandera_d4_ft_ref_idx` (`reference_type`,`reference_id`),
  KEY `lavandera_d4_ft_cid_fk` (`cashbox_id`),
  CONSTRAINT `lavandera_d4_ft_cid_fk` FOREIGN KEY (`cashbox_id`) REFERENCES `lavandera_d4_cashboxes` (`id`) ON DELETE SET NULL
) ENGINE=InnoDB AUTO_INCREMENT=16 DEFAULT CHARSET=utf8mb4 COLLATE=utf8mb4_unicode_ci;

--
-- Dumping data for table `lavandera_d4_financial_transactions`
--

INSERT INTO `lavandera_d4_financial_transactions` VALUES (15,'income','laundry-service','App\\Models\\ServiceOrder',14,1,26.00,'Payment received for order MSB-00001','2025-11-27','2025-11-27 19:01:11','2025-11-27 19:01:11');

--
-- Table structure for table `lavandera_d4_job_batches`
--

CREATE TABLE `lavandera_d4_job_batches` (
  `id` varchar(255) COLLATE utf8mb4_unicode_ci NOT NULL,
  `name` varchar(255) COLLATE utf8mb4_unicode_ci NOT NULL,
  `total_jobs` int NOT NULL,
  `pending_jobs` int NOT NULL,
  `failed_jobs` int NOT NULL,
  `failed_job_ids` longtext COLLATE utf8mb4_unicode_ci NOT NULL,
  `options` mediumtext COLLATE utf8mb4_unicode_ci,
  `cancelled_at` int DEFAULT NULL,
  `created_at` int NOT NULL,
  `finished_at` int DEFAULT NULL,
  PRIMARY KEY (`id`)
) ENGINE=InnoDB DEFAULT CHARSET=utf8mb4 COLLATE=utf8mb4_unicode_ci;

--
-- Dumping data for table `lavandera_d4_job_batches`
--


--
-- Table structure for table `lavandera_d4_jobs`
--

CREATE TABLE `lavandera_d4_jobs` (
  `id` bigint unsigned NOT NULL AUTO_INCREMENT,
  `queue` varchar(255) COLLATE utf8mb4_unicode_ci NOT NULL,
  `payload` longtext COLLATE utf8mb4_unicode_ci NOT NULL,
  `attempts` tinyint unsigned NOT NULL,
  `reserved_at` int unsigned DEFAULT NULL,
  `available_at` int unsigned NOT NULL,
  `created_at` int unsigned NOT NULL,
  PRIMARY KEY (`id`),
  KEY `lavandera_d4_jobs_q_idx` (`queue`)
) ENGINE=InnoDB DEFAULT CHARSET=utf8mb4 COLLATE=utf8mb4_unicode_ci;

--
-- Dumping data for table `lavandera_d4_jobs`
--


--
-- Table structure for table `lavandera_d4_migrations`
--

CREATE TABLE `lavandera_d4_migrations` (
  `id` int unsigned NOT NULL AUTO_INCREMENT,
  `migration` varchar(255) COLLATE utf8mb4_unicode_ci NOT NULL,
  `batch` int NOT NULL,
  PRIMARY KEY (`id`)
) ENGINE=InnoDB AUTO_INCREMENT=20 DEFAULT CHARSET=utf8mb4 COLLATE=utf8mb4_unicode_ci;

--
-- Dumping data for table `lavandera_d4_migrations`
--

INSERT INTO `lavandera_d4_migrations` VALUES (1,'0001_01_01_000000_create_users_table',1),(2,'0001_01_01_000001_create_cache_table',1),(3,'0001_01_01_000002_create_jobs_table',1),(4,'2025_11_26_064131_create_clothing_items_table',1),(5,'2025_11_26_064200_create_cashboxes_table',1),(6,'2025_11_26_064209_create_service_orders_table',1),(7,'2025_11_26_064213_create_service_order_items_table',1),(8,'2025_11_26_064220_create_financial_transactions_table',1),(9,'2025_11_26_064230_create_cashbox_entries_table',1),(10,'2025_11_26_064236_create_settings_table',1),(11,'2025_11_26_151044_add_color_to_service_order_items_table',2),(12,'2025_11_26_184412_add_service_type_to_service_order_items_table',3),(13,'2025_11_27_161956_create_roles_table',4),(14,'2025_11_27_162000_create_permissions_table',4),(15,'2025_11_27_162004_create_role_permissions_table',4),(16,'2025_11_27_162008_add_role_id_to_users_table',4),(17,'2025_11_27_181929_update_service_orders_status_enum',5);

--
-- Table structure for table `lavandera_d4_password_reset_tokens`
--

CREATE TABLE `lavandera_d4_password_reset_tokens` (
  `email` varchar(255) COLLATE utf8mb4_unicode_ci NOT NULL,
  `token` varchar(255) COLLATE utf8mb4_unicode_ci NOT NULL,
  `created_at` timestamp NULL DEFAULT NULL,
  PRIMARY KEY (`email`)
) ENGINE=InnoDB DEFAULT CHARSET=utf8mb4 COLLATE=utf8mb4_unicode_ci;

--
-- Dumping data for table `lavandera_d4_password_reset_tokens`
--


--
-- Table structure for table `lavandera_d4_permissions`
--

CREATE TABLE `lavandera_d4_permissions` (
  `id` bigint unsigned NOT NULL AUTO_INCREMENT,
  `name` varchar(255) COLLATE utf8mb4_unicode_ci NOT NULL,
  `display_name` varchar(255) COLLATE utf8mb4_unicode_ci NOT NULL,
  `description` text COLLATE utf8mb4_unicode_ci,
  `group` varchar(255) COLLATE utf8mb4_unicode_ci DEFAULT NULL,
  `created_at` timestamp NULL DEFAULT NULL,
  `updated_at` timestamp NULL DEFAULT NULL,
  PRIMARY KEY (`id`),
  UNIQUE KEY `lavandera_d4_perm_name_unq` (`name`)
) ENGINE=InnoDB AUTO_INCREMENT=18 DEFAULT CHARSET=utf8mb4 COLLATE=utf8mb4_unicode_ci;

--
-- Dumping data for table `lavandera_d4_permissions`
--

INSERT INTO `lavandera_d4_permissions` VALUES (1,'manage_users','Manage Users','Create, edit, and delete users','users','2025-11-27 15:30:38','2025-11-27 15:30:38'),(2,'view_users','View Users','View users list','users','2025-11-27 15:30:38','2025-11-27 15:30:38'),(3,'manage_roles','Manage Roles','Create, edit, and delete roles','roles','2025-11-27 15:30:38','2025-11-27 15:30:38'),(4,'view_roles','View Roles','View roles list','roles','2025-11-27 15:30:38','2025-11-27 15:30:38'),(5,'manage_permissions','Manage Permissions','Create, edit, and delete permissions','roles','2025-11-27 15:30:38','2025-11-27 15:30:38'),(6,'manage_items','Manage Items','Create, edit, and delete clothing items','items','2025-11-27 15:30:38','2025-11-27 15:30:38'),(7,'view_items','View Items','View items list','items','2025-11-27 15:30:38','2025-11-27 15:30:38'),(8,'manage_orders','Manage Orders','Create, edit, and delete service orders','orders','2025-11-27 15:30:38','2025-11-27 15:30:38'),(9,'view_orders','View Orders','View orders list','orders','2025-11-27 15:30:38','2025-11-27 15:30:38'),(10,'create_orders','Create Orders','Create new service orders','orders','2025-11-27 15:30:38','2025-11-27 15:30:38'),(11,'manage_transactions','Manage Transactions','Create, edit, and delete financial transactions','transactions','2025-11-27 15:30:38','2025-11-27 15:30:38'),(12,'view_transactions','View Transactions','View transactions list','transactions','2025-11-27 15:30:38','2025-11-27 15:30:38'),(13,'manage_cashboxes','Manage Cashboxes','Create, edit, and delete cashboxes','cashboxes','2025-11-27 15:30:38','2025-11-27 15:30:38'),(14,'view_cashboxes','View Cashboxes','View cashboxes list','cashboxes','2025-11-27 15:30:38','2025-11-27 15:30:38'),(15,'manage_settings','Manage Settings','Update system settings','settings','2025-11-27 15:30:38','2025-11-27 15:30:38'),(16,'view_settings','View Settings','View system settings','settings','2025-11-27 15:30:38','2025-11-27 15:30:38'),(17,'view_dashboard','View Dashboard','Access admin dashboard','dashboard','2025-11-27 15:30:38','2025-11-27 15:30:38');

--
-- Table structure for table `lavandera_d4_role_permissions`
--

CREATE TABLE `lavandera_d4_role_permissions` (
  `id` bigint unsigned NOT NULL AUTO_INCREMENT,
  `role_id` bigint unsigned NOT NULL,
  `permission_id` bigint unsigned NOT NULL,
  `created_at` timestamp NULL DEFAULT NULL,
  `updated_at` timestamp NULL DEFAULT NULL,
  PRIMARY KEY (`id`),
  UNIQUE KEY `lavandera_d4_rp_rpid_unq` (`role_id`,`permission_id`),
  KEY `lavandera_d4_rp_pid_fk` (`permission_id`),
  CONSTRAINT `lavandera_d4_rp_pid_fk` FOREIGN KEY (`permission_id`) REFERENCES `lavandera_d4_permissions` (`id`) ON DELETE CASCADE,
  CONSTRAINT `lavandera_d4_rp_rid_fk` FOREIGN KEY (`role_id`) REFERENCES `lavandera_d4_roles` (`id`) ON DELETE CASCADE
) ENGINE=InnoDB AUTO_INCREMENT=35 DEFAULT CHARSET=utf8mb4 COLLATE=utf8mb4_unicode_ci;

--
-- Dumping data for table `lavandera_d4_role_permissions`
--

INSERT INTO `lavandera_d4_role_permissions` VALUES (1,1,10,'2025-11-27 15:30:38','2025-11-27 15:30:38'),(2,1,13,'2025-11-27 15:30:38','2025-11-27 15:30:38'),(3,1,6,'2025-11-27 15:30:38','2025-11-27 15:30:38'),(4,1,8,'2025-11-27 15:30:38','2025-11-27 15:30:38'),(5,1,5,'2025-11-27 15:30:38','2025-11-27 15:30:38'),(6,1,3,'2025-11-27 15:30:38','2025-11-27 15:30:38'),(7,1,15,'2025-11-27 15:30:38','2025-11-27 15:30:38'),(8,1,11,'2025-11-27 15:30:38','2025-11-27 15:30:38'),(9,1,1,'2025-11-27 15:30:38','2025-11-27 15:30:38'),(10,1,14,'2025-11-27 15:30:38','2025-11-27 15:30:38'),(11,1,17,'2025-11-27 15:30:38','2025-11-27 15:30:38'),(12,1,7,'2025-11-27 15:30:38','2025-11-27 15:30:38'),(13,1,9,'2025-11-27 15:30:38','2025-11-27 15:30:38'),(14,1,4,'2025-11-27 15:30:38','2025-11-27 15:30:38'),(15,1,16,'2025-11-27 15:30:38','2025-11-27 15:30:38'),(16,1,12,'2025-11-27 15:30:38','2025-11-27 15:30:38'),(17,1,2,'2025-11-27 15:30:38','2025-11-27 15:30:38'),(18,2,10,'2025-11-27 15:30:38','2025-11-27 15:30:38'),(19,2,13,'2025-11-27 15:30:38','2025-11-27 15:30:38'),(20,2,6,'2025-11-27 15:30:38','2025-11-27 15:30:38'),(21,2,8,'2025-11-27 15:30:38','2025-11-27 15:30:38'),(22,2,11,'2025-11-27 15:30:38','2025-11-27 15:30:38'),(23,2,14,'2025-11-27 15:30:38','2025-11-27 15:30:38'),(24,2,17,'2025-11-27 15:30:38','2025-11-27 15:30:38'),(25,2,7,'2025-11-27 15:30:38','2025-11-27 15:30:38'),(26,2,9,'2025-11-27 15:30:38','2025-11-27 15:30:38'),(27,2,16,'2025-11-27 15:30:38','2025-11-27 15:30:38'),(28,2,12,'2025-11-27 15:30:38','2025-11-27 15:30:38'),(29,3,10,'2025-11-27 15:30:38','2025-11-27 15:30:38'),(30,3,14,'2025-11-27 15:30:38','2025-11-27 15:30:38'),(31,3,17,'2025-11-27 15:30:38','2025-11-27 15:30:38'),(32,3,7,'2025-11-27 15:30:38','2025-11-27 15:30:38'),(33,3,9,'2025-11-27 15:30:38','2025-11-27 15:30:38'),(34,2,15,'2026-01-01 09:51:23','2026-01-01 09:51:23');

--
-- Table structure for table `lavandera_d4_roles`
--

CREATE TABLE `lavandera_d4_roles` (
  `id` bigint unsigned NOT NULL AUTO_INCREMENT,
  `name` varchar(255) COLLATE utf8mb4_unicode_ci NOT NULL,
  `display_name` varchar(255) COLLATE utf8mb4_unicode_ci NOT NULL,
  `description` text COLLATE utf8mb4_unicode_ci,
  `created_at` timestamp NULL DEFAULT NULL,
  `updated_at` timestamp NULL DEFAULT NULL,
  PRIMARY KEY (`id`),
  UNIQUE KEY `lavandera_d4_role_name_unq` (`name`)
) ENGINE=InnoDB AUTO_INCREMENT=4 DEFAULT CHARSET=utf8mb4 COLLATE=utf8mb4_unicode_ci;

--
-- Dumping data for table `lavandera_d4_roles`
--

INSERT INTO `lavandera_d4_roles` VALUES (1,'admin','Administrator','Full system access with all permissions','2025-11-27 15:30:38','2025-11-27 15:30:38'),(2,'manager','Manager','Can manage orders, items, and transactions','2025-11-27 15:30:38','2025-11-27 15:30:38'),(3,'cashier','Cashier','Can create orders and view basic information','2025-11-27 15:30:38','2025-11-27 15:30:38');

--
-- Table structure for table `lavandera_d4_service_order_items`
--

CREATE TABLE `lavandera_d4_service_order_items` (
  `id` bigint unsigned NOT NULL AUTO_INCREMENT,
  `service_order_id` bigint unsigned NOT NULL,
  `clothing_item_id` bigint unsigned NOT NULL,
  `quantity` int unsigned NOT NULL DEFAULT '1',
  `color` varchar(50) COLLATE utf8mb4_unicode_ci DEFAULT NULL,
  `service_type` enum('washing','ironing') COLLATE utf8mb4_unicode_ci DEFAULT NULL,
  `unit_price` decimal(12,2) NOT NULL DEFAULT '0.00',
  `line_total` decimal(12,2) NOT NULL DEFAULT '0.00',
  `created_at` timestamp NULL DEFAULT NULL,
  `updated_at` timestamp NULL DEFAULT NULL,
  PRIMARY KEY (`id`),
  KEY `lavandera_d4_soi_soid_fk` (`service_order_id`),
  KEY `lavandera_d4_soi_ciid_fk` (`clothing_item_id`),
  CONSTRAINT `lavandera_d4_soi_ciid_fk` FOREIGN KEY (`clothing_item_id`) REFERENCES `lavandera_d4_clothing_items` (`id`) ON DELETE CASCADE,
  CONSTRAINT `lavandera_d4_soi_soid_fk` FOREIGN KEY (`service_order_id`) REFERENCES `lavandera_d4_service_orders` (`id`) ON DELETE CASCADE
) ENGINE=InnoDB AUTO_INCREMENT=28 DEFAULT CHARSET=utf8mb4 COLLATE=utf8mb4_unicode_ci;

--
-- Dumping data for table `lavandera_d4_service_order_items`
--

INSERT INTO `lavandera_d4_service_order_items` VALUES (27,17,6,1,'orange','ironing',15.00,15.00,'2026-01-01 10:01:12','2026-01-01 10:01:12');

--
-- Table structure for table `lavandera_d4_service_orders`
--

CREATE TABLE `lavandera_d4_service_orders` (
  `id` bigint unsigned NOT NULL AUTO_INCREMENT,
  `order_number` varchar(255) COLLATE utf8mb4_unicode_ci NOT NULL,
  `barcode` varchar(255) COLLATE utf8mb4_unicode_ci NOT NULL,
  `customer_name` varchar(255) COLLATE utf8mb4_unicode_ci DEFAULT NULL,
  `gender` enum('male','female') COLLATE utf8mb4_unicode_ci NOT NULL,
  `service_type` enum('washing','ironing') COLLATE utf8mb4_unicode_ci NOT NULL,
  `subtotal` decimal(12,2) NOT NULL DEFAULT '0.00',
  `discount_amount` decimal(12,2) NOT NULL DEFAULT '0.00',
  `total` decimal(12,2) NOT NULL DEFAULT '0.00',
  `status` enum('processing','ready','collected') COLLATE utf8mb4_unicode_ci NOT NULL DEFAULT 'processing',
  `payment_status` enum('unpaid','paid') COLLATE utf8mb4_unicode_ci NOT NULL DEFAULT 'unpaid',
  `cashbox_id` bigint unsigned DEFAULT NULL,
  `notes` text COLLATE utf8mb4_unicode_ci,
  `completed_at` timestamp NULL DEFAULT NULL,
  `collected_at` timestamp NULL DEFAULT NULL,
  `created_at` timestamp NULL DEFAULT NULL,
  `updated_at` timestamp NULL DEFAULT NULL,
  PRIMARY KEY (`id`),
  UNIQUE KEY `lavandera_d4_so_onum_unq` (`order_number`),
  UNIQUE KEY `lavandera_d4_so_bar_unq` (`barcode`),
  KEY `lavandera_d4_so_cid_fk` (`cashbox_id`),
  CONSTRAINT `lavandera_d4_so_cid_fk` FOREIGN KEY (`cashbox_id`) REFERENCES `lavandera_d4_cashboxes` (`id`) ON DELETE SET NULL
) ENGINE=InnoDB AUTO_INCREMENT=18 DEFAULT CHARSET=utf8mb4 COLLATE=utf8mb4_unicode_ci;

--
-- Dumping data for table `lavandera_d4_service_orders`
--

INSERT INTO `lavandera_d4_service_orders` VALUES (17,'FAC-00001','FAC-00001',NULL,'male','ironing',15.00,0.00,15.00,'processing','unpaid',1,NULL,NULL,NULL,'2026-01-01 10:01:12','2026-01-01 10:01:12');

--
-- Table structure for table `lavandera_d4_sessions`
--

CREATE TABLE `lavandera_d4_sessions` (
  `id` varchar(255) COLLATE utf8mb4_unicode_ci NOT NULL,
  `user_id` bigint unsigned DEFAULT NULL,
  `ip_address` varchar(45) COLLATE utf8mb4_unicode_ci DEFAULT NULL,
  `user_agent` text COLLATE utf8mb4_unicode_ci,
  `payload` longtext COLLATE utf8mb4_unicode_ci NOT NULL,
  `last_activity` int NOT NULL,
  PRIMARY KEY (`id`),
  KEY `lavandera_d4_sess_uid_idx` (`user_id`),
  KEY `lavandera_d4_sess_last_idx` (`last_activity`)
) ENGINE=InnoDB DEFAULT CHARSET=utf8mb4 COLLATE=utf8mb4_unicode_ci;

--
-- Dumping data for table `lavandera_d4_sessions`
--

INSERT INTO `lavandera_d4_sessions` VALUES ('06Z987SA7bA3n4XLf1aKE51V84geCqpxPF87fmti',2,'127.0.0.1','Mozilla/5.0 (Windows NT 10.0; Win64; x64) AppleWebKit/537.36 (KHTML, like Gecko) Chrome/139.0.0.0 Safari/537.36','YTo1OntzOjY6Il90b2tlbiI7czo0MDoiaGN5cEpYTUI5ZkpuemVkcDhjWlNveWUzWTVGTlpQbHhldGNMYmhsMiI7czo5OiJfcHJldmlvdXMiO2E6Mjp7czozOiJ1cmwiO3M6NDE6Imh0dHA6Ly9sYXZhbmRlcmEubG9jYWwvYWRtaW4vdHJhbnNhY3Rpb25zIjtzOjU6InJvdXRlIjtzOjI0OiJhZG1pbi50cmFuc2FjdGlvbnMuaW5kZXgiO31zOjY6Il9mbGFzaCI7YToyOntzOjM6Im9sZCI7YTowOnt9czozOiJuZXciO2E6MDp7fX1zOjY6ImxvY2FsZSI7czoyOiJhciI7czo1MDoibG9naW5fd2ViXzU5YmEzNmFkZGMyYjJmOTQwMTU4MGYwMTRjN2Y1OGVhNGUzMDk4OWQiO2k6Mjt9',1767264814),('dvwygvkEgBKRCMmMdPYoKZEuKLXa17TatyudFCjX',NULL,'3.140.182.19','cypex.ai/scanning Mozilla/5.0 (Macintosh; Intel Mac OS X 10_15_7) Chrome/126.0.0.0 Safari/537.36','YTo0OntzOjY6Il90b2tlbiI7czo0MDoiWng4UURJNEk0RWtYTE9yejVaR3hQRGZBRzNJNU5IbElKRkZFQ251aSI7czozOiJ1cmwiO2E6MTp7czo4OiJpbnRlbmRlZCI7czozNzoiaHR0cDovL2xhdmFuZGVyYS1kZW1vNC5pbXJhbmVzb2Z0LmNvbSI7fXM6OToiX3ByZXZpb3VzIjthOjI6e3M6MzoidXJsIjtzOjM3OiJodHRwOi8vbGF2YW5kZXJhLWRlbW80LmltcmFuZXNvZnQuY29tIjtzOjU6InJvdXRlIjtzOjIwOiJzZXJ2aWNlLW9yZGVycy5pbmRleCI7fXM6NjoiX2ZsYXNoIjthOjI6e3M6Mzoib2xkIjthOjA6e31zOjM6Im5ldyI7YTowOnt9fX0=',1767306747),('DzipH2LA3QuwHRosNkIWraJCiSEz1j6BQromlT8R',3,'127.0.0.1','Mozilla/5.0 (Windows NT 10.0; Win64; x64) AppleWebKit/537.36 (KHTML, like Gecko) Chrome/139.0.0.0 Safari/537.36','YTo1OntzOjY6Il90b2tlbiI7czo0MDoialp6T3ZPcXFXdFZHYUJ3ckZxbWM1Q1FCYXJ5UEFuQ1JaSEdBVklWQyI7czo5OiJfcHJldmlvdXMiO2E6Mjp7czozOiJ1cmwiO3M6MjI6Imh0dHA6Ly9sYXZhbmRlcmEubG9jYWwiO3M6NToicm91dGUiO3M6MjA6InNlcnZpY2Utb3JkZXJzLmluZGV4Ijt9czo2OiJfZmxhc2giO2E6Mjp7czozOiJvbGQiO2E6MDp7fXM6MzoibmV3IjthOjA6e319czo1MDoibG9naW5fd2ViXzU5YmEzNmFkZGMyYjJmOTQwMTU4MGYwMTRjN2Y1OGVhNGUzMDk4OWQiO2k6MztzOjY6ImxvY2FsZSI7czoyOiJhciI7fQ==',1767265274),('SkIPFFTIndAnmLyT4jgWT0gBc9f2YFEqs2j5d274',NULL,'3.140.182.19','cypex.ai/scanning Mozilla/5.0 (Macintosh; Intel Mac OS X 10_15_7) Chrome/126.0.0.0 Safari/537.36','YTozOntzOjY6Il90b2tlbiI7czo0MDoicjhFTXEyeU9uSkVMT280RDNxOGVBNzVLT0pwNTJhbmVHeVBUd1E2ZiI7czo5OiJfcHJldmlvdXMiO2E6Mjp7czozOiJ1cmwiO3M6NDM6Imh0dHA6Ly9sYXZhbmRlcmEtZGVtbzQuaW1yYW5lc29mdC5jb20vbG9naW4iO3M6NToicm91dGUiO3M6NToibG9naW4iO31zOjY6Il9mbGFzaCI7YToyOntzOjM6Im9sZCI7YTowOnt9czozOiJuZXciO2E6MDp7fX19',1767306748),('sm1Rq21rdhbYq1ToP2DGUdP5TA2IuXOQm8VHEEJ3',NULL,'84.254.106.197','Mozilla/5.0 (Linux; Android 6.0; Nexus 5 Build/MRA58N) AppleWebKit/537.36 (KHTML, like Gecko) Chrome/130.0.0.0 Mobile Safari/537.36','YTo0OntzOjY6Il90b2tlbiI7czo0MDoiTFBDcEc1TmgzZ2J0WlBRd2pZOGdmVTdlb2E4WEIyQlVubWtJclN0byI7czozOiJ1cmwiO2E6MTp7czo4OiJpbnRlbmRlZCI7czozODoiaHR0cHM6Ly9sYXZhbmRlcmEtZGVtbzQuaW1yYW5lc29mdC5jb20iO31zOjk6Il9wcmV2aW91cyI7YToyOntzOjM6InVybCI7czozODoiaHR0cHM6Ly9sYXZhbmRlcmEtZGVtbzQuaW1yYW5lc29mdC5jb20iO3M6NToicm91dGUiO3M6MjA6InNlcnZpY2Utb3JkZXJzLmluZGV4Ijt9czo2OiJfZmxhc2giO2E6Mjp7czozOiJvbGQiO2E6MDp7fXM6MzoibmV3IjthOjA6e319fQ==',1767313452),('sNDNd4UzMCQrd6eq34KCjgnnx6OnDGcsaCXOqyVQ',NULL,'105.156.254.200','Mozilla/5.0 (Windows NT 10.0; Win64; x64) AppleWebKit/537.36 (KHTML, like Gecko) Chrome/139.0.0.0 Safari/537.36','YTozOntzOjY6Il90b2tlbiI7czo0MDoiZERUUmp2V1RrSkowbUl5Q3p6VExTZTlyVmFvM1JXS1dTRkpiNkN4aSI7czo5OiJfcHJldmlvdXMiO2E6Mjp7czozOiJ1cmwiO3M6NDQ6Imh0dHBzOi8vbGF2YW5kZXJhLWRlbW80LmltcmFuZXNvZnQuY29tL2xvZ2luIjtzOjU6InJvdXRlIjtzOjU6ImxvZ2luIjt9czo2OiJfZmxhc2giO2E6Mjp7czozOiJvbGQiO2E6MDp7fXM6MzoibmV3IjthOjA6e319fQ==',1767291139),('tA5Cdcm1oTKsJG1eecOMkOLltlojRI5VI6tKCVLB',NULL,'205.169.39.38','Mozilla/5.0 (Windows NT 10.0; Win64; x64) AppleWebKit/537.36 (KHTML, like Gecko) Chrome/117.0.5938.132 Safari/537.36','YTo0OntzOjY6Il90b2tlbiI7czo0MDoicjJhTUJHZndDa0hRNVRGSnEyc2owY3Y4dDFQN3pZbGxyczR5bEVuUyI7czozOiJ1cmwiO2E6MTp7czo4OiJpbnRlbmRlZCI7czozNzoiaHR0cDovL2xhdmFuZGVyYS1kZW1vNC5pbXJhbmVzb2Z0LmNvbSI7fXM6OToiX3ByZXZpb3VzIjthOjI6e3M6MzoidXJsIjtzOjQzOiJodHRwOi8vbGF2YW5kZXJhLWRlbW80LmltcmFuZXNvZnQuY29tL2xvZ2luIjtzOjU6InJvdXRlIjtzOjU6ImxvZ2luIjt9czo2OiJfZmxhc2giO2E6Mjp7czozOiJvbGQiO2E6MDp7fXM6MzoibmV3IjthOjA6e319fQ==',1767312237),('ZfuOfCuabinBvOAsPY0jsfQOlu2RK0BLmBRMXLAj',NULL,'160.177.196.113','Mozilla/5.0 (Windows NT 10.0; Win64; x64) AppleWebKit/537.36 (KHTML, like Gecko) Chrome/139.0.0.0 Safari/537.36','YTozOntzOjY6Il90b2tlbiI7czo0MDoicHZIMjBUOVlnZUtRTE1qVUZVanZ4dzhKRXhBUlVuWU5LaU9WUHNCNSI7czo5OiJfcHJldmlvdXMiO2E6Mjp7czozOiJ1cmwiO3M6NDk6Imh0dHBzOi8vbGF2YW5kZXJhLWRlbW80LmltcmFuZXNvZnQuY29tL3RyaWFsL3Rlc3QiO3M6NToicm91dGUiO3M6MTA6InRyaWFsLnRlc3QiO31zOjY6Il9mbGFzaCI7YToyOntzOjM6Im9sZCI7YTowOnt9czozOiJuZXciO2E6MDp7fX19',1767310380);

--
-- Table structure for table `lavandera_d4_settings`
--

CREATE TABLE `lavandera_d4_settings` (
  `id` bigint unsigned NOT NULL AUTO_INCREMENT,
  `key` varchar(255) COLLATE utf8mb4_unicode_ci NOT NULL,
  `value` text COLLATE utf8mb4_unicode_ci,
  `created_at` timestamp NULL DEFAULT NULL,
  `updated_at` timestamp NULL DEFAULT NULL,
  PRIMARY KEY (`id`),
  UNIQUE KEY `lavandera_d4_set_key_unq` (`key`)
) ENGINE=InnoDB AUTO_INCREMENT=12 DEFAULT CHARSET=utf8mb4 COLLATE=utf8mb4_unicode_ci;

--
-- Dumping data for table `lavandera_d4_settings`
--

INSERT INTO `lavandera_d4_settings` VALUES (1,'company_name','ImraneSoft','2025-11-26 06:09:35','2026-01-01 09:56:01'),(2,'barcode_prefix','FAC','2025-11-26 06:09:35','2026-01-01 09:51:27'),(3,'receipt_copies','2','2025-11-26 06:09:35','2025-11-26 06:09:35'),(4,'currency','Dh','2025-11-26 06:09:35','2025-11-26 06:13:15'),(5,'company_address','Tiznit Maroc','2025-11-26 06:13:15','2026-01-01 09:59:45'),(6,'company_phone','06.74.42.77.48','2025-11-26 06:13:15','2026-01-01 09:56:01'),(7,'order_prefix','FAC','2025-11-26 06:13:15','2026-01-01 09:55:31'),(8,'machine_id','e85a38f1bae05391c5514c1914ba8fea','2025-11-27 20:53:16','2025-11-27 20:53:16'),(11,'trial_start_date','2026-01-01','2026-01-01 22:33:00','2026-01-01 22:33:00');

--
-- Table structure for table `lavandera_d5_cache`
--

CREATE TABLE `lavandera_d5_cache` (
  `key` varchar(255) COLLATE utf8mb4_unicode_ci NOT NULL,
  `value` mediumtext COLLATE utf8mb4_unicode_ci NOT NULL,
  `expiration` int NOT NULL,
  PRIMARY KEY (`key`)
) ENGINE=InnoDB DEFAULT CHARSET=utf8mb4 COLLATE=utf8mb4_unicode_ci;

--
-- Dumping data for table `lavandera_d5_cache`
--

INSERT INTO `lavandera_d5_cache` VALUES ('setting.currency','s:2:\"Dh\";',1764371462),('setting.invoice_footer_text','s:0:\"\";',1764371462),('setting.items_per_page','i:20;',1764371462),('setting.store_logo','N;',1764371462),('setting.store_name','s:11:\"Gestock Pro\";',1764371462);

--
-- Table structure for table `lavandera_d5_cache_locks`
--

CREATE TABLE `lavandera_d5_cache_locks` (
  `key` varchar(255) COLLATE utf8mb4_unicode_ci NOT NULL,
  `owner` varchar(255) COLLATE utf8mb4_unicode_ci NOT NULL,
  `expiration` int NOT NULL,
  PRIMARY KEY (`key`)
) ENGINE=InnoDB DEFAULT CHARSET=utf8mb4 COLLATE=utf8mb4_unicode_ci;

--
-- Dumping data for table `lavandera_d5_cache_locks`
--


--
-- Table structure for table `lavandera_d5_cashbox_entries`
--

CREATE TABLE `lavandera_d5_cashbox_entries` (
  `id` bigint unsigned NOT NULL AUTO_INCREMENT,
  `cashbox_id` bigint unsigned NOT NULL,
  `financial_transaction_id` bigint unsigned DEFAULT NULL,
  `direction` enum('in','out') COLLATE utf8mb4_unicode_ci NOT NULL,
  `amount` decimal(12,2) NOT NULL,
  `running_balance` decimal(12,2) NOT NULL,
  `created_at` timestamp NULL DEFAULT NULL,
  `updated_at` timestamp NULL DEFAULT NULL,
  PRIMARY KEY (`id`),
  KEY `lavandera_d5_ce_cid_fk` (`cashbox_id`),
  KEY `lavandera_d5_ce_ftid_fk` (`financial_transaction_id`),
  CONSTRAINT `lavandera_d5_ce_cid_fk` FOREIGN KEY (`cashbox_id`) REFERENCES `lavandera_d5_cashboxes` (`id`) ON DELETE CASCADE,
  CONSTRAINT `lavandera_d5_ce_ftid_fk` FOREIGN KEY (`financial_transaction_id`) REFERENCES `lavandera_d5_financial_transactions` (`id`) ON DELETE SET NULL
) ENGINE=InnoDB AUTO_INCREMENT=16 DEFAULT CHARSET=utf8mb4 COLLATE=utf8mb4_unicode_ci;

--
-- Dumping data for table `lavandera_d5_cashbox_entries`
--


--
-- Table structure for table `lavandera_d5_cashboxes`
--

CREATE TABLE `lavandera_d5_cashboxes` (
  `id` bigint unsigned NOT NULL AUTO_INCREMENT,
  `name` varchar(255) COLLATE utf8mb4_unicode_ci NOT NULL,
  `starting_balance` decimal(12,2) NOT NULL DEFAULT '0.00',
  `current_balance` decimal(12,2) NOT NULL DEFAULT '0.00',
  `notes` text COLLATE utf8mb4_unicode_ci,
  `created_at` timestamp NULL DEFAULT NULL,
  `updated_at` timestamp NULL DEFAULT NULL,
  PRIMARY KEY (`id`)
) ENGINE=InnoDB AUTO_INCREMENT=2 DEFAULT CHARSET=utf8mb4 COLLATE=utf8mb4_unicode_ci;

--
-- Dumping data for table `lavandera_d5_cashboxes`
--

INSERT INTO `lavandera_d5_cashboxes` VALUES (1,'ِCaisse principale',0.00,0.00,NULL,'2025-11-26 06:09:35','2026-01-01 09:53:32');

--
-- Table structure for table `lavandera_d5_clothing_items`
--

CREATE TABLE `lavandera_d5_clothing_items` (
  `id` bigint unsigned NOT NULL AUTO_INCREMENT,
  `name` varchar(255) COLLATE utf8mb4_unicode_ci NOT NULL,
  `slug` varchar(255) COLLATE utf8mb4_unicode_ci NOT NULL,
  `image_path` varchar(255) COLLATE utf8mb4_unicode_ci DEFAULT NULL,
  `default_wash_price` decimal(10,2) NOT NULL DEFAULT '0.00',
  `default_iron_price` decimal(10,2) NOT NULL DEFAULT '0.00',
  `is_active` tinyint(1) NOT NULL DEFAULT '1',
  `created_at` timestamp NULL DEFAULT NULL,
  `updated_at` timestamp NULL DEFAULT NULL,
  PRIMARY KEY (`id`),
  UNIQUE KEY `lavandera_d5_ci_slug_unq` (`slug`)
) ENGINE=InnoDB AUTO_INCREMENT=9 DEFAULT CHARSET=utf8mb4 COLLATE=utf8mb4_unicode_ci;

--
-- Dumping data for table `lavandera_d5_clothing_items`
--

INSERT INTO `lavandera_d5_clothing_items` VALUES (1,'T-shirt','shirt','shirt_1764184039.jpg',8.00,5.00,1,'2025-11-26 06:09:35','2025-11-26 18:07:19'),(2,'Pantalon','pantalon','pantalon_1764183960.webp',10.00,6.00,1,'2025-11-26 06:09:35','2025-11-26 18:06:00'),(4,'Veste','veste','veste_1764224956.webp',20.00,12.00,1,'2025-11-26 06:09:35','2025-11-27 05:29:16'),(5,'Chemise','chemise','chemise_1764183704.webp',18.00,11.00,1,'2025-11-26 06:09:35','2025-11-26 18:01:44'),(6,'Costume','costume','costume_1764225068.jfif',30.00,15.00,1,'2025-11-27 05:31:08','2025-11-27 05:31:08'),(7,'جلابة','glab','glab_1764251546.png',16.00,8.00,1,'2025-11-27 12:50:19','2025-11-27 12:52:26'),(8,'قفطان','kftan','kftan_1764251605.jpg',16.00,8.00,1,'2025-11-27 12:53:25','2025-11-27 12:53:25');

--
-- Table structure for table `lavandera_d5_failed_jobs`
--

CREATE TABLE `lavandera_d5_failed_jobs` (
  `id` bigint unsigned NOT NULL AUTO_INCREMENT,
  `uuid` varchar(255) COLLATE utf8mb4_unicode_ci NOT NULL,
  `connection` text COLLATE utf8mb4_unicode_ci NOT NULL,
  `queue` text COLLATE utf8mb4_unicode_ci NOT NULL,
  `payload` longtext COLLATE utf8mb4_unicode_ci NOT NULL,
  `exception` longtext COLLATE utf8mb4_unicode_ci NOT NULL,
  `failed_at` timestamp NOT NULL DEFAULT CURRENT_TIMESTAMP,
  PRIMARY KEY (`id`),
  UNIQUE KEY `lavandera_d5_fj_uuid_unq` (`uuid`)
) ENGINE=InnoDB DEFAULT CHARSET=utf8mb4 COLLATE=utf8mb4_unicode_ci;

--
-- Dumping data for table `lavandera_d5_failed_jobs`
--


--
-- Table structure for table `lavandera_d5_financial_transactions`
--

CREATE TABLE `lavandera_d5_financial_transactions` (
  `id` bigint unsigned NOT NULL AUTO_INCREMENT,
  `type` enum('income','expense') COLLATE utf8mb4_unicode_ci NOT NULL,
  `category` varchar(255) COLLATE utf8mb4_unicode_ci DEFAULT NULL,
  `reference_type` varchar(255) COLLATE utf8mb4_unicode_ci DEFAULT NULL,
  `reference_id` bigint unsigned DEFAULT NULL,
  `cashbox_id` bigint unsigned DEFAULT NULL,
  `amount` decimal(12,2) NOT NULL,
  `description` text COLLATE utf8mb4_unicode_ci,
  `occurred_on` date NOT NULL,
  `created_at` timestamp NULL DEFAULT NULL,
  `updated_at` timestamp NULL DEFAULT NULL,
  PRIMARY KEY (`id`),
  KEY `lavandera_d5_ft_ref_idx` (`reference_type`,`reference_id`),
  KEY `lavandera_d5_ft_cid_fk` (`cashbox_id`),
  CONSTRAINT `lavandera_d5_ft_cid_fk` FOREIGN KEY (`cashbox_id`) REFERENCES `lavandera_d5_cashboxes` (`id`) ON DELETE SET NULL
) ENGINE=InnoDB AUTO_INCREMENT=16 DEFAULT CHARSET=utf8mb4 COLLATE=utf8mb4_unicode_ci;

--
-- Dumping data for table `lavandera_d5_financial_transactions`
--

INSERT INTO `lavandera_d5_financial_transactions` VALUES (15,'income','laundry-service','App\\Models\\ServiceOrder',14,1,26.00,'Payment received for order MSB-00001','2025-11-27','2025-11-27 19:01:11','2025-11-27 19:01:11');

--
-- Table structure for table `lavandera_d5_job_batches`
--

CREATE TABLE `lavandera_d5_job_batches` (
  `id` varchar(255) COLLATE utf8mb4_unicode_ci NOT NULL,
  `name` varchar(255) COLLATE utf8mb4_unicode_ci NOT NULL,
  `total_jobs` int NOT NULL,
  `pending_jobs` int NOT NULL,
  `failed_jobs` int NOT NULL,
  `failed_job_ids` longtext COLLATE utf8mb4_unicode_ci NOT NULL,
  `options` mediumtext COLLATE utf8mb4_unicode_ci,
  `cancelled_at` int DEFAULT NULL,
  `created_at` int NOT NULL,
  `finished_at` int DEFAULT NULL,
  PRIMARY KEY (`id`)
) ENGINE=InnoDB DEFAULT CHARSET=utf8mb4 COLLATE=utf8mb4_unicode_ci;

--
-- Dumping data for table `lavandera_d5_job_batches`
--


--
-- Table structure for table `lavandera_d5_jobs`
--

CREATE TABLE `lavandera_d5_jobs` (
  `id` bigint unsigned NOT NULL AUTO_INCREMENT,
  `queue` varchar(255) COLLATE utf8mb4_unicode_ci NOT NULL,
  `payload` longtext COLLATE utf8mb4_unicode_ci NOT NULL,
  `attempts` tinyint unsigned NOT NULL,
  `reserved_at` int unsigned DEFAULT NULL,
  `available_at` int unsigned NOT NULL,
  `created_at` int unsigned NOT NULL,
  PRIMARY KEY (`id`),
  KEY `lavandera_d5_jobs_q_idx` (`queue`)
) ENGINE=InnoDB DEFAULT CHARSET=utf8mb4 COLLATE=utf8mb4_unicode_ci;

--
-- Dumping data for table `lavandera_d5_jobs`
--


--
-- Table structure for table `lavandera_d5_migrations`
--

CREATE TABLE `lavandera_d5_migrations` (
  `id` int unsigned NOT NULL AUTO_INCREMENT,
  `migration` varchar(255) COLLATE utf8mb4_unicode_ci NOT NULL,
  `batch` int NOT NULL,
  PRIMARY KEY (`id`)
) ENGINE=InnoDB AUTO_INCREMENT=20 DEFAULT CHARSET=utf8mb4 COLLATE=utf8mb4_unicode_ci;

--
-- Dumping data for table `lavandera_d5_migrations`
--

INSERT INTO `lavandera_d5_migrations` VALUES (1,'0001_01_01_000000_create_users_table',1),(2,'0001_01_01_000001_create_cache_table',1),(3,'0001_01_01_000002_create_jobs_table',1),(4,'2025_11_26_064131_create_clothing_items_table',1),(5,'2025_11_26_064200_create_cashboxes_table',1),(6,'2025_11_26_064209_create_service_orders_table',1),(7,'2025_11_26_064213_create_service_order_items_table',1),(8,'2025_11_26_064220_create_financial_transactions_table',1),(9,'2025_11_26_064230_create_cashbox_entries_table',1),(10,'2025_11_26_064236_create_settings_table',1),(11,'2025_11_26_151044_add_color_to_service_order_items_table',2),(12,'2025_11_26_184412_add_service_type_to_service_order_items_table',3),(13,'2025_11_27_161956_create_roles_table',4),(14,'2025_11_27_162000_create_permissions_table',4),(15,'2025_11_27_162004_create_role_permissions_table',4),(16,'2025_11_27_162008_add_role_id_to_users_table',4),(17,'2025_11_27_181929_update_service_orders_status_enum',5);

--
-- Table structure for table `lavandera_d5_password_reset_tokens`
--

CREATE TABLE `lavandera_d5_password_reset_tokens` (
  `email` varchar(255) COLLATE utf8mb4_unicode_ci NOT NULL,
  `token` varchar(255) COLLATE utf8mb4_unicode_ci NOT NULL,
  `created_at` timestamp NULL DEFAULT NULL,
  PRIMARY KEY (`email`)
) ENGINE=InnoDB DEFAULT CHARSET=utf8mb4 COLLATE=utf8mb4_unicode_ci;

--
-- Dumping data for table `lavandera_d5_password_reset_tokens`
--


--
-- Table structure for table `lavandera_d5_permissions`
--

CREATE TABLE `lavandera_d5_permissions` (
  `id` bigint unsigned NOT NULL AUTO_INCREMENT,
  `name` varchar(255) COLLATE utf8mb4_unicode_ci NOT NULL,
  `display_name` varchar(255) COLLATE utf8mb4_unicode_ci NOT NULL,
  `description` text COLLATE utf8mb4_unicode_ci,
  `group` varchar(255) COLLATE utf8mb4_unicode_ci DEFAULT NULL,
  `created_at` timestamp NULL DEFAULT NULL,
  `updated_at` timestamp NULL DEFAULT NULL,
  PRIMARY KEY (`id`),
  UNIQUE KEY `lavandera_d5_perm_name_unq` (`name`)
) ENGINE=InnoDB AUTO_INCREMENT=18 DEFAULT CHARSET=utf8mb4 COLLATE=utf8mb4_unicode_ci;

--
-- Dumping data for table `lavandera_d5_permissions`
--

INSERT INTO `lavandera_d5_permissions` VALUES (1,'manage_users','Manage Users','Create, edit, and delete users','users','2025-11-27 15:30:38','2025-11-27 15:30:38'),(2,'view_users','View Users','View users list','users','2025-11-27 15:30:38','2025-11-27 15:30:38'),(3,'manage_roles','Manage Roles','Create, edit, and delete roles','roles','2025-11-27 15:30:38','2025-11-27 15:30:38'),(4,'view_roles','View Roles','View roles list','roles','2025-11-27 15:30:38','2025-11-27 15:30:38'),(5,'manage_permissions','Manage Permissions','Create, edit, and delete permissions','roles','2025-11-27 15:30:38','2025-11-27 15:30:38'),(6,'manage_items','Manage Items','Create, edit, and delete clothing items','items','2025-11-27 15:30:38','2025-11-27 15:30:38'),(7,'view_items','View Items','View items list','items','2025-11-27 15:30:38','2025-11-27 15:30:38'),(8,'manage_orders','Manage Orders','Create, edit, and delete service orders','orders','2025-11-27 15:30:38','2025-11-27 15:30:38'),(9,'view_orders','View Orders','View orders list','orders','2025-11-27 15:30:38','2025-11-27 15:30:38'),(10,'create_orders','Create Orders','Create new service orders','orders','2025-11-27 15:30:38','2025-11-27 15:30:38'),(11,'manage_transactions','Manage Transactions','Create, edit, and delete financial transactions','transactions','2025-11-27 15:30:38','2025-11-27 15:30:38'),(12,'view_transactions','View Transactions','View transactions list','transactions','2025-11-27 15:30:38','2025-11-27 15:30:38'),(13,'manage_cashboxes','Manage Cashboxes','Create, edit, and delete cashboxes','cashboxes','2025-11-27 15:30:38','2025-11-27 15:30:38'),(14,'view_cashboxes','View Cashboxes','View cashboxes list','cashboxes','2025-11-27 15:30:38','2025-11-27 15:30:38'),(15,'manage_settings','Manage Settings','Update system settings','settings','2025-11-27 15:30:38','2025-11-27 15:30:38'),(16,'view_settings','View Settings','View system settings','settings','2025-11-27 15:30:38','2025-11-27 15:30:38'),(17,'view_dashboard','View Dashboard','Access admin dashboard','dashboard','2025-11-27 15:30:38','2025-11-27 15:30:38');

--
-- Table structure for table `lavandera_d5_role_permissions`
--

CREATE TABLE `lavandera_d5_role_permissions` (
  `id` bigint unsigned NOT NULL AUTO_INCREMENT,
  `role_id` bigint unsigned NOT NULL,
  `permission_id` bigint unsigned NOT NULL,
  `created_at` timestamp NULL DEFAULT NULL,
  `updated_at` timestamp NULL DEFAULT NULL,
  PRIMARY KEY (`id`),
  UNIQUE KEY `lavandera_d5_rp_rpid_unq` (`role_id`,`permission_id`),
  KEY `lavandera_d5_rp_pid_fk` (`permission_id`),
  CONSTRAINT `lavandera_d5_rp_pid_fk` FOREIGN KEY (`permission_id`) REFERENCES `lavandera_d5_permissions` (`id`) ON DELETE CASCADE,
  CONSTRAINT `lavandera_d5_rp_rid_fk` FOREIGN KEY (`role_id`) REFERENCES `lavandera_d5_roles` (`id`) ON DELETE CASCADE
) ENGINE=InnoDB AUTO_INCREMENT=35 DEFAULT CHARSET=utf8mb4 COLLATE=utf8mb4_unicode_ci;

--
-- Dumping data for table `lavandera_d5_role_permissions`
--

INSERT INTO `lavandera_d5_role_permissions` VALUES (1,1,10,'2025-11-27 15:30:38','2025-11-27 15:30:38'),(2,1,13,'2025-11-27 15:30:38','2025-11-27 15:30:38'),(3,1,6,'2025-11-27 15:30:38','2025-11-27 15:30:38'),(4,1,8,'2025-11-27 15:30:38','2025-11-27 15:30:38'),(5,1,5,'2025-11-27 15:30:38','2025-11-27 15:30:38'),(6,1,3,'2025-11-27 15:30:38','2025-11-27 15:30:38'),(7,1,15,'2025-11-27 15:30:38','2025-11-27 15:30:38'),(8,1,11,'2025-11-27 15:30:38','2025-11-27 15:30:38'),(9,1,1,'2025-11-27 15:30:38','2025-11-27 15:30:38'),(10,1,14,'2025-11-27 15:30:38','2025-11-27 15:30:38'),(11,1,17,'2025-11-27 15:30:38','2025-11-27 15:30:38'),(12,1,7,'2025-11-27 15:30:38','2025-11-27 15:30:38'),(13,1,9,'2025-11-27 15:30:38','2025-11-27 15:30:38'),(14,1,4,'2025-11-27 15:30:38','2025-11-27 15:30:38'),(15,1,16,'2025-11-27 15:30:38','2025-11-27 15:30:38'),(16,1,12,'2025-11-27 15:30:38','2025-11-27 15:30:38'),(17,1,2,'2025-11-27 15:30:38','2025-11-27 15:30:38'),(18,2,10,'2025-11-27 15:30:38','2025-11-27 15:30:38'),(19,2,13,'2025-11-27 15:30:38','2025-11-27 15:30:38'),(20,2,6,'2025-11-27 15:30:38','2025-11-27 15:30:38'),(21,2,8,'2025-11-27 15:30:38','2025-11-27 15:30:38'),(22,2,11,'2025-11-27 15:30:38','2025-11-27 15:30:38'),(23,2,14,'2025-11-27 15:30:38','2025-11-27 15:30:38'),(24,2,17,'2025-11-27 15:30:38','2025-11-27 15:30:38'),(25,2,7,'2025-11-27 15:30:38','2025-11-27 15:30:38'),(26,2,9,'2025-11-27 15:30:38','2025-11-27 15:30:38'),(27,2,16,'2025-11-27 15:30:38','2025-11-27 15:30:38'),(28,2,12,'2025-11-27 15:30:38','2025-11-27 15:30:38'),(29,3,10,'2025-11-27 15:30:38','2025-11-27 15:30:38'),(30,3,14,'2025-11-27 15:30:38','2025-11-27 15:30:38'),(31,3,17,'2025-11-27 15:30:38','2025-11-27 15:30:38'),(32,3,7,'2025-11-27 15:30:38','2025-11-27 15:30:38'),(33,3,9,'2025-11-27 15:30:38','2025-11-27 15:30:38'),(34,2,15,'2026-01-01 09:51:23','2026-01-01 09:51:23');

--
-- Table structure for table `lavandera_d5_roles`
--

CREATE TABLE `lavandera_d5_roles` (
  `id` bigint unsigned NOT NULL AUTO_INCREMENT,
  `name` varchar(255) COLLATE utf8mb4_unicode_ci NOT NULL,
  `display_name` varchar(255) COLLATE utf8mb4_unicode_ci NOT NULL,
  `description` text COLLATE utf8mb4_unicode_ci,
  `created_at` timestamp NULL DEFAULT NULL,
  `updated_at` timestamp NULL DEFAULT NULL,
  PRIMARY KEY (`id`),
  UNIQUE KEY `lavandera_d5_role_name_unq` (`name`)
) ENGINE=InnoDB AUTO_INCREMENT=4 DEFAULT CHARSET=utf8mb4 COLLATE=utf8mb4_unicode_ci;

--
-- Dumping data for table `lavandera_d5_roles`
--

INSERT INTO `lavandera_d5_roles` VALUES (1,'admin','Administrator','Full system access with all permissions','2025-11-27 15:30:38','2025-11-27 15:30:38'),(2,'manager','Manager','Can manage orders, items, and transactions','2025-11-27 15:30:38','2025-11-27 15:30:38'),(3,'cashier','Cashier','Can create orders and view basic information','2025-11-27 15:30:38','2025-11-27 15:30:38');

--
-- Table structure for table `lavandera_d5_service_order_items`
--

CREATE TABLE `lavandera_d5_service_order_items` (
  `id` bigint unsigned NOT NULL AUTO_INCREMENT,
  `service_order_id` bigint unsigned NOT NULL,
  `clothing_item_id` bigint unsigned NOT NULL,
  `quantity` int unsigned NOT NULL DEFAULT '1',
  `color` varchar(50) COLLATE utf8mb4_unicode_ci DEFAULT NULL,
  `service_type` enum('washing','ironing') COLLATE utf8mb4_unicode_ci DEFAULT NULL,
  `unit_price` decimal(12,2) NOT NULL DEFAULT '0.00',
  `line_total` decimal(12,2) NOT NULL DEFAULT '0.00',
  `created_at` timestamp NULL DEFAULT NULL,
  `updated_at` timestamp NULL DEFAULT NULL,
  PRIMARY KEY (`id`),
  KEY `lavandera_d5_soi_soid_fk` (`service_order_id`),
  KEY `lavandera_d5_soi_ciid_fk` (`clothing_item_id`),
  CONSTRAINT `lavandera_d5_soi_ciid_fk` FOREIGN KEY (`clothing_item_id`) REFERENCES `lavandera_d5_clothing_items` (`id`) ON DELETE CASCADE,
  CONSTRAINT `lavandera_d5_soi_soid_fk` FOREIGN KEY (`service_order_id`) REFERENCES `lavandera_d5_service_orders` (`id`) ON DELETE CASCADE
) ENGINE=InnoDB AUTO_INCREMENT=28 DEFAULT CHARSET=utf8mb4 COLLATE=utf8mb4_unicode_ci;

--
-- Dumping data for table `lavandera_d5_service_order_items`
--

INSERT INTO `lavandera_d5_service_order_items` VALUES (27,17,6,1,'orange','ironing',15.00,15.00,'2026-01-01 10:01:12','2026-01-01 10:01:12');

--
-- Table structure for table `lavandera_d5_service_orders`
--

CREATE TABLE `lavandera_d5_service_orders` (
  `id` bigint unsigned NOT NULL AUTO_INCREMENT,
  `order_number` varchar(255) COLLATE utf8mb4_unicode_ci NOT NULL,
  `barcode` varchar(255) COLLATE utf8mb4_unicode_ci NOT NULL,
  `customer_name` varchar(255) COLLATE utf8mb4_unicode_ci DEFAULT NULL,
  `gender` enum('male','female') COLLATE utf8mb4_unicode_ci NOT NULL,
  `service_type` enum('washing','ironing') COLLATE utf8mb4_unicode_ci NOT NULL,
  `subtotal` decimal(12,2) NOT NULL DEFAULT '0.00',
  `discount_amount` decimal(12,2) NOT NULL DEFAULT '0.00',
  `total` decimal(12,2) NOT NULL DEFAULT '0.00',
  `status` enum('processing','ready','collected') COLLATE utf8mb4_unicode_ci NOT NULL DEFAULT 'processing',
  `payment_status` enum('unpaid','paid') COLLATE utf8mb4_unicode_ci NOT NULL DEFAULT 'unpaid',
  `cashbox_id` bigint unsigned DEFAULT NULL,
  `notes` text COLLATE utf8mb4_unicode_ci,
  `completed_at` timestamp NULL DEFAULT NULL,
  `collected_at` timestamp NULL DEFAULT NULL,
  `created_at` timestamp NULL DEFAULT NULL,
  `updated_at` timestamp NULL DEFAULT NULL,
  PRIMARY KEY (`id`),
  UNIQUE KEY `lavandera_d5_so_onum_unq` (`order_number`),
  UNIQUE KEY `lavandera_d5_so_bar_unq` (`barcode`),
  KEY `lavandera_d5_so_cid_fk` (`cashbox_id`),
  CONSTRAINT `lavandera_d5_so_cid_fk` FOREIGN KEY (`cashbox_id`) REFERENCES `lavandera_d5_cashboxes` (`id`) ON DELETE SET NULL
) ENGINE=InnoDB AUTO_INCREMENT=18 DEFAULT CHARSET=utf8mb4 COLLATE=utf8mb4_unicode_ci;

--
-- Dumping data for table `lavandera_d5_service_orders`
--

INSERT INTO `lavandera_d5_service_orders` VALUES (17,'FAC-00001','FAC-00001',NULL,'male','ironing',15.00,0.00,15.00,'processing','unpaid',1,NULL,NULL,NULL,'2026-01-01 10:01:12','2026-01-01 10:01:12');

--
-- Table structure for table `lavandera_d5_sessions`
--

CREATE TABLE `lavandera_d5_sessions` (
  `id` varchar(255) COLLATE utf8mb4_unicode_ci NOT NULL,
  `user_id` bigint unsigned DEFAULT NULL,
  `ip_address` varchar(45) COLLATE utf8mb4_unicode_ci DEFAULT NULL,
  `user_agent` text COLLATE utf8mb4_unicode_ci,
  `payload` longtext COLLATE utf8mb4_unicode_ci NOT NULL,
  `last_activity` int NOT NULL,
  PRIMARY KEY (`id`),
  KEY `lavandera_d5_sess_uid_idx` (`user_id`),
  KEY `lavandera_d5_sess_last_idx` (`last_activity`)
) ENGINE=InnoDB DEFAULT CHARSET=utf8mb4 COLLATE=utf8mb4_unicode_ci;

--
-- Dumping data for table `lavandera_d5_sessions`
--

INSERT INTO `lavandera_d5_sessions` VALUES ('0eutCErhVfKHZuRRTNH6zC6OmDGNxUy1XdWBuPv5',NULL,'104.155.145.221','Mozilla/5.0 (Windows NT 6.1; WOW64) AppleWebKit/537.36 (KHTML, like Gecko) Chrome/36.0.1985.67 Safari/537.36','YTo0OntzOjY6Il90b2tlbiI7czo0MDoieDZaSnowYTg4ZmRXYjE5Ym5YSnhzcDR3VWNkMWVPalhIZktZQ0pyNiI7czozOiJ1cmwiO2E6MTp7czo4OiJpbnRlbmRlZCI7czo0MToiaHR0cDovL3d3dy5sYXZhbmRlcmEtZGVtbzUuaW1yYW5lc29mdC5jb20iO31zOjk6Il9wcmV2aW91cyI7YToyOntzOjM6InVybCI7czo0NzoiaHR0cDovL3d3dy5sYXZhbmRlcmEtZGVtbzUuaW1yYW5lc29mdC5jb20vbG9naW4iO3M6NToicm91dGUiO3M6NToibG9naW4iO31zOjY6Il9mbGFzaCI7YToyOntzOjM6Im9sZCI7YTowOnt9czozOiJuZXciO2E6MDp7fX19',1767311692),('2OIaciNxrCyHLoVSnLCXt0Mw8gy1u5VNhJycyZq6',NULL,'2604:a880:cad:d0::d8d:8001','Mozilla/5.0 (l9scan/2.0.030313a3a3130333a303461343a313030323; +https://leakix.net)','YTo0OntzOjY6Il90b2tlbiI7czo0MDoiUTRGOTJnUzBsVUlmcjRYRjR3WlVBNjZSYzZvZjlGVlpSTEhsUUd5QyI7czozOiJ1cmwiO2E6MTp7czo4OiJpbnRlbmRlZCI7czozNzoiaHR0cDovL2xhdmFuZGVyYS1kZW1vNS5pbXJhbmVzb2Z0LmNvbSI7fXM6OToiX3ByZXZpb3VzIjthOjI6e3M6MzoidXJsIjtzOjM3OiJodHRwOi8vbGF2YW5kZXJhLWRlbW81LmltcmFuZXNvZnQuY29tIjtzOjU6InJvdXRlIjtzOjIwOiJzZXJ2aWNlLW9yZGVycy5pbmRleCI7fXM6NjoiX2ZsYXNoIjthOjI6e3M6Mzoib2xkIjthOjA6e31zOjM6Im5ldyI7YTowOnt9fX0=',1767307655),('4ZNKSCVGAkJhIkgEWsuoOUXkiT5XRawSeJe2Yivu',NULL,'154.28.229.116','Mozilla/5.0 (Macintosh; Intel Mac OS X 10_15_7) AppleWebKit/537.36 (KHTML, like Gecko) Chrome/117.0.0.0 Safari/537.36','YTo0OntzOjY6Il90b2tlbiI7czo0MDoiU3dFRUttNTNUSVFBcVZQV0ZDdklVNlZQd0hoR2FzVHpCd1cyNGFIbCI7czozOiJ1cmwiO2E6MTp7czo4OiJpbnRlbmRlZCI7czozODoiaHR0cHM6Ly9sYXZhbmRlcmEtZGVtbzUuaW1yYW5lc29mdC5jb20iO31zOjk6Il9wcmV2aW91cyI7YToyOntzOjM6InVybCI7czo0NDoiaHR0cHM6Ly9sYXZhbmRlcmEtZGVtbzUuaW1yYW5lc29mdC5jb20vbG9naW4iO3M6NToicm91dGUiO3M6NToibG9naW4iO31zOjY6Il9mbGFzaCI7YToyOntzOjM6Im9sZCI7YTowOnt9czozOiJuZXciO2E6MDp7fX19',1767311809),('5apQWTqIX5Z6ZWcTbVpe86l7P7gmlCxJmQlSjbnb',NULL,'91.231.89.20','Mozilla/5.0 (X11; Ubuntu; Linux x86_64; rv:134.0) Gecko/20100101 Firefox/134.0','YTo0OntzOjY6Il90b2tlbiI7czo0MDoiQTFucDFMN0w5aktYMGdWUjhQczJVaGl6VE5wekdTY3VYRmV6VFA1NiI7czozOiJ1cmwiO2E6MTp7czo4OiJpbnRlbmRlZCI7czozNzoiaHR0cDovL2xhdmFuZGVyYS1kZW1vNS5pbXJhbmVzb2Z0LmNvbSI7fXM6OToiX3ByZXZpb3VzIjthOjI6e3M6MzoidXJsIjtzOjM3OiJodHRwOi8vbGF2YW5kZXJhLWRlbW81LmltcmFuZXNvZnQuY29tIjtzOjU6InJvdXRlIjtzOjIwOiJzZXJ2aWNlLW9yZGVycy5pbmRleCI7fXM6NjoiX2ZsYXNoIjthOjI6e3M6Mzoib2xkIjthOjA6e31zOjM6Im5ldyI7YTowOnt9fX0=',1767309331),('5TDaKundD9ZqFihBKnTxKYTFXW21sRdSJeBog6de',NULL,'54.149.141.15','Mozilla/5.0 (iPhone; CPU iPhone OS 14_4 like Mac OS X) AppleWebKit/605.1.15 (KHTML, like Gecko) Version/15.4 Mobile/15E148 Safari/604.1','YTozOntzOjY6Il90b2tlbiI7czo0MDoiSXN1cnFLa2dIZkQxU0YxTzdlUnljbkpTS1pXNDNCR013bmJONkZ1TyI7czo5OiJfcHJldmlvdXMiO2E6Mjp7czozOiJ1cmwiO3M6NDM6Imh0dHA6Ly9sYXZhbmRlcmEtZGVtbzUuaW1yYW5lc29mdC5jb20vbG9naW4iO3M6NToicm91dGUiO3M6NToibG9naW4iO31zOjY6Il9mbGFzaCI7YToyOntzOjM6Im9sZCI7YTowOnt9czozOiJuZXciO2E6MDp7fX19',1767312126),('6FrOfRU71rfXD9YYefZ7iinE6KSG9guOX1rkQnQH',NULL,'84.254.106.197','Mozilla/5.0 (Linux; Android 6.0; Nexus 5 Build/MRA58N) AppleWebKit/537.36 (KHTML, like Gecko) Chrome/130.0.0.0 Mobile Safari/537.36','YTo0OntzOjY6Il90b2tlbiI7czo0MDoiNVJ4dmRCa0pKYnNSTjJyRXk2WFN1QVRWdnluUkNhQ1Y3V20xYkRmZSI7czozOiJ1cmwiO2E6MTp7czo4OiJpbnRlbmRlZCI7czozODoiaHR0cHM6Ly9sYXZhbmRlcmEtZGVtbzUuaW1yYW5lc29mdC5jb20iO31zOjk6Il9wcmV2aW91cyI7YToyOntzOjM6InVybCI7czozODoiaHR0cHM6Ly9sYXZhbmRlcmEtZGVtbzUuaW1yYW5lc29mdC5jb20iO3M6NToicm91dGUiO3M6MjA6InNlcnZpY2Utb3JkZXJzLmluZGV4Ijt9czo2OiJfZmxhc2giO2E6Mjp7czozOiJvbGQiO2E6MDp7fXM6MzoibmV3IjthOjA6e319fQ==',1767313452),('6tXwEbXO5PzFFFcrSNeN4dfuzj6jBsACsGvzyLp4',NULL,'103.4.251.36','Mozilla/5.0 (X11; Linux x86_64) AppleWebKit/537.36 (KHTML, like Gecko) Chrome/117.0.0.0 Safari/537.36','YTo0OntzOjY6Il90b2tlbiI7czo0MDoiSElFcmNueVp0cVRlVElMbFdnaWpGWGJia21RUlh1ZGdpSnBNVmxQbCI7czozOiJ1cmwiO2E6MTp7czo4OiJpbnRlbmRlZCI7czozODoiaHR0cHM6Ly9sYXZhbmRlcmEtZGVtbzUuaW1yYW5lc29mdC5jb20iO31zOjk6Il9wcmV2aW91cyI7YToyOntzOjM6InVybCI7czo0NDoiaHR0cHM6Ly9sYXZhbmRlcmEtZGVtbzUuaW1yYW5lc29mdC5jb20vbG9naW4iO3M6NToicm91dGUiO3M6NToibG9naW4iO31zOjY6Il9mbGFzaCI7YToyOntzOjM6Im9sZCI7YTowOnt9czozOiJuZXciO2E6MDp7fX19',1767307652),('6UQybSu6BUfKbwKNLA1erXI0NPxkM3Gx2fUnUYXi',NULL,'91.231.89.18','Mozilla/5.0 (X11; Ubuntu; Linux x86_64; rv:134.0) Gecko/20100101 Firefox/134.0','YTozOntzOjY6Il90b2tlbiI7czo0MDoidnlXSWdyVVMxcjd0dm9uZnBkZ09hTkVOT2dxRVlKZmE5QXRQbkZEbiI7czo5OiJfcHJldmlvdXMiO2E6Mjp7czozOiJ1cmwiO3M6NDM6Imh0dHA6Ly9sYXZhbmRlcmEtZGVtbzUuaW1yYW5lc29mdC5jb20vbG9naW4iO3M6NToicm91dGUiO3M6NToibG9naW4iO31zOjY6Il9mbGFzaCI7YToyOntzOjM6Im9sZCI7YTowOnt9czozOiJuZXciO2E6MDp7fX19',1767310648),('7aRYpejuAOObagJsXRRXEv0mcVxTo1uTgxmFK2BI',NULL,'2604:a880:cad:d0::d8d:8001','','YTo0OntzOjY6Il90b2tlbiI7czo0MDoiejdFaFp2RTZka3N4azN6VWk5ckZ3TzZFVE94d2xtZjhuSndXNm1QVSI7czozOiJ1cmwiO2E6MTp7czo4OiJpbnRlbmRlZCI7czozNzoiaHR0cDovL2xhdmFuZGVyYS1kZW1vNS5pbXJhbmVzb2Z0LmNvbSI7fXM6OToiX3ByZXZpb3VzIjthOjI6e3M6MzoidXJsIjtzOjM3OiJodHRwOi8vbGF2YW5kZXJhLWRlbW81LmltcmFuZXNvZnQuY29tIjtzOjU6InJvdXRlIjtzOjIwOiJzZXJ2aWNlLW9yZGVycy5pbmRleCI7fXM6NjoiX2ZsYXNoIjthOjI6e3M6Mzoib2xkIjthOjA6e31zOjM6Im5ldyI7YTowOnt9fX0=',1767307655),('A4AabwRmYEDC980gurLUTp78BF6kz1Ul7uDDX9gf',NULL,'128.192.12.125','Mozilla/5.0 (compatible; UGAResearchAgent/1.0; Please visit: NISLabUGA.github.io)','YTo0OntzOjY6Il90b2tlbiI7czo0MDoieGo1cUdZNXlmdmI2YTZtZUVqUk1sTmZKaTRIMXlQUWdtbkphdGRqVSI7czozOiJ1cmwiO2E6MTp7czo4OiJpbnRlbmRlZCI7czozODoiaHR0cHM6Ly9sYXZhbmRlcmEtZGVtbzUuaW1yYW5lc29mdC5jb20iO31zOjk6Il9wcmV2aW91cyI7YToyOntzOjM6InVybCI7czozODoiaHR0cHM6Ly9sYXZhbmRlcmEtZGVtbzUuaW1yYW5lc29mdC5jb20iO3M6NToicm91dGUiO3M6MjA6InNlcnZpY2Utb3JkZXJzLmluZGV4Ijt9czo2OiJfZmxhc2giO2E6Mjp7czozOiJvbGQiO2E6MDp7fXM6MzoibmV3IjthOjA6e319fQ==',1767308390),('a6d0rf6y0J2hZMAumffSQz9w5OQD1BBU07lzTBXv',NULL,'64.15.129.120','Mozilla/5.0 (Windows NT 10.0; Win64; x64) AppleWebKit/537.36 (KHTML, like Gecko) Chrome/143.0.0.0 Safari/537.36','YTozOntzOjY6Il90b2tlbiI7czo0MDoiYkJiV2JNZzJia2o3ZTBUUEZSU3BVM251RThPRjRyWkM0emwzM09rcyI7czo5OiJfcHJldmlvdXMiO2E6Mjp7czozOiJ1cmwiO3M6NDc6Imh0dHA6Ly93d3cubGF2YW5kZXJhLWRlbW81LmltcmFuZXNvZnQuY29tL2xvZ2luIjtzOjU6InJvdXRlIjtzOjU6ImxvZ2luIjt9czo2OiJfZmxhc2giO2E6Mjp7czozOiJvbGQiO2E6MDp7fXM6MzoibmV3IjthOjA6e319fQ==',1767309755),('cCBmicMW9SONNwAljSX34dEmsgqlwUd9RdOBrHn4',NULL,'152.39.232.210','Mozilla/5.0 (iPhone; CPU iPhone OS 18_5 like Mac OS X) AppleWebKit/605.1.15 (KHTML, like Gecko) CriOS/138.0.7204.156 Mobile/15E148 Safari/604.1','YTo0OntzOjY6Il90b2tlbiI7czo0MDoiOEZYTUUzQ29jaGVleWZ6Y1NGaG5VemNvTHRxSGt6b1BaUG9HaW1BNyI7czozOiJ1cmwiO2E6MTp7czo4OiJpbnRlbmRlZCI7czozODoiaHR0cHM6Ly9sYXZhbmRlcmEtZGVtbzUuaW1yYW5lc29mdC5jb20iO31zOjk6Il9wcmV2aW91cyI7YToyOntzOjM6InVybCI7czo0NDoiaHR0cHM6Ly9sYXZhbmRlcmEtZGVtbzUuaW1yYW5lc29mdC5jb20vbG9naW4iO3M6NToicm91dGUiO3M6NToibG9naW4iO31zOjY6Il9mbGFzaCI7YToyOntzOjM6Im9sZCI7YTowOnt9czozOiJuZXciO2E6MDp7fX19',1767307752),('csUDNjbgWnz2RrS58dO7Rz7d4MBOQgjecSP1BNvW',NULL,'192.175.111.252','Mozilla/5.0 (Windows NT 10.0; Win64; x64) AppleWebKit/537.36 (KHTML, like Gecko) Chrome/143.0.0.0 Safari/537.36','YTo0OntzOjY6Il90b2tlbiI7czo0MDoiT3dQM2w4d0FLekpSdGdQZUpiZ3AxaEtFYldpQnQ0eEl2bEFwZGdjaCI7czozOiJ1cmwiO2E6MTp7czo4OiJpbnRlbmRlZCI7czo0MToiaHR0cDovL3d3dy5sYXZhbmRlcmEtZGVtbzUuaW1yYW5lc29mdC5jb20iO31zOjk6Il9wcmV2aW91cyI7YToyOntzOjM6InVybCI7czo0MToiaHR0cDovL3d3dy5sYXZhbmRlcmEtZGVtbzUuaW1yYW5lc29mdC5jb20iO3M6NToicm91dGUiO3M6MjA6InNlcnZpY2Utb3JkZXJzLmluZGV4Ijt9czo2OiJfZmxhc2giO2E6Mjp7czozOiJvbGQiO2E6MDp7fXM6MzoibmV3IjthOjA6e319fQ==',1767309756),('czV9gLDMg8zJTQ07D2huV7MFOfjetleHeivYadLs',NULL,'54.86.115.253','','YTozOntzOjY6Il90b2tlbiI7czo0MDoiRDdmeTBTdTlFaEhnVGQxNndZTGc5cFdYdlNoTGZhZ21kMHRxRDNkQSI7czo5OiJfcHJldmlvdXMiO2E6Mjp7czozOiJ1cmwiO3M6NDQ6Imh0dHBzOi8vbGF2YW5kZXJhLWRlbW81LmltcmFuZXNvZnQuY29tL2xvZ2luIjtzOjU6InJvdXRlIjtzOjU6ImxvZ2luIjt9czo2OiJfZmxhc2giO2E6Mjp7czozOiJvbGQiO2E6MDp7fXM6MzoibmV3IjthOjA6e319fQ==',1767307747),('D6U3ZQ6APbLPevFiDErAe4rEnsq5cDzkC4sDyEeY',NULL,'52.16.245.145','Mozilla/5.0 (X11; Linux x86_64; rv:83.0) Gecko/20100101 Firefox/83.0','YTo0OntzOjY6Il90b2tlbiI7czo0MDoickdveXE1dTdlN0FrT3poOWo1Mk5XeFhSTDNiU3lid29CMGpvZDl3diI7czozOiJ1cmwiO2E6MTp7czo4OiJpbnRlbmRlZCI7czozODoiaHR0cHM6Ly9sYXZhbmRlcmEtZGVtbzUuaW1yYW5lc29mdC5jb20iO31zOjk6Il9wcmV2aW91cyI7YToyOntzOjM6InVybCI7czo0NDoiaHR0cHM6Ly9sYXZhbmRlcmEtZGVtbzUuaW1yYW5lc29mdC5jb20vbG9naW4iO3M6NToicm91dGUiO3M6NToibG9naW4iO31zOjY6Il9mbGFzaCI7YToyOntzOjM6Im9sZCI7YTowOnt9czozOiJuZXciO2E6MDp7fX19',1767314293),('dVGDuN2tCSO0OLJGITUp8rHbmLCtNqZ5wvmNxQbD',NULL,'35.89.199.233','Mozilla/5.0 (Linux; Android 8.0.0; SM-G965U Build/R16NW) AppleWebKit/537.36 (KHTML, like Gecko) Chrome/63.0.3239.111 Mobile Safari/537.36','YTo0OntzOjY6Il90b2tlbiI7czo0MDoiVFB6WlJJZUowZWFMSnp6VzR1djlxRWhNOWRxT3plOVBDc29SbE1McSI7czozOiJ1cmwiO2E6MTp7czo4OiJpbnRlbmRlZCI7czo0MToiaHR0cDovL3d3dy5sYXZhbmRlcmEtZGVtbzUuaW1yYW5lc29mdC5jb20iO31zOjk6Il9wcmV2aW91cyI7YToyOntzOjM6InVybCI7czo0MToiaHR0cDovL3d3dy5sYXZhbmRlcmEtZGVtbzUuaW1yYW5lc29mdC5jb20iO3M6NToicm91dGUiO3M6MjA6InNlcnZpY2Utb3JkZXJzLmluZGV4Ijt9czo2OiJfZmxhc2giO2E6Mjp7czozOiJvbGQiO2E6MDp7fXM6MzoibmV3IjthOjA6e319fQ==',1767312532),('EdkWZDG0BkLHYqACdHQl71LutQWsQ4M82zdwXbXy',NULL,'103.4.251.36','Mozilla/5.0 (X11; Linux x86_64) AppleWebKit/537.36 (KHTML, like Gecko) Chrome/117.0.0.0 Safari/537.36','YTo0OntzOjY6Il90b2tlbiI7czo0MDoiYnI5dlFDQThRWGttaE5pZVl3M05Ub3dpMnlyUUJqakdlNlZqV0l5NyI7czozOiJ1cmwiO2E6MTp7czo4OiJpbnRlbmRlZCI7czozODoiaHR0cHM6Ly9sYXZhbmRlcmEtZGVtbzUuaW1yYW5lc29mdC5jb20iO31zOjk6Il9wcmV2aW91cyI7YToyOntzOjM6InVybCI7czo0NDoiaHR0cHM6Ly9sYXZhbmRlcmEtZGVtbzUuaW1yYW5lc29mdC5jb20vbG9naW4iO3M6NToicm91dGUiO3M6NToibG9naW4iO31zOjY6Il9mbGFzaCI7YToyOntzOjM6Im9sZCI7YTowOnt9czozOiJuZXciO2E6MDp7fX19',1767307650),('EnmH4Wvn4FDAO9bY9t5VlRJC19ABSfHUJbGhG4Bx',NULL,'91.231.89.18','Mozilla/5.0 (X11; Ubuntu; Linux x86_64; rv:134.0) Gecko/20100101 Firefox/134.0','YTozOntzOjY6Il90b2tlbiI7czo0MDoiUkRGRHZvTUFnekJTaURKczVJR3d5RUtydTFPTUdTUWFybTF3aHBNSyI7czo5OiJfcHJldmlvdXMiO2E6Mjp7czozOiJ1cmwiO3M6NDM6Imh0dHA6Ly9sYXZhbmRlcmEtZGVtbzUuaW1yYW5lc29mdC5jb20vbG9naW4iO3M6NToicm91dGUiO3M6NToibG9naW4iO31zOjY6Il9mbGFzaCI7YToyOntzOjM6Im9sZCI7YTowOnt9czozOiJuZXciO2E6MDp7fX19',1767310143),('eXe5QB8zSa9wrguKJdRaULxyDbZF5xQ37vfIBCGx',NULL,'64.15.129.116','Mozilla/5.0 (Windows NT 10.0; Win64; x64) AppleWebKit/537.36 (KHTML, like Gecko) Chrome/143.0.0.0 Safari/537.36','YTozOntzOjY6Il90b2tlbiI7czo0MDoic2tmbnBFckdLdXViSWp1YmtNTEtWTWk0S2tGcmtodHNvZlFCUWJHOSI7czo5OiJfcHJldmlvdXMiO2E6Mjp7czozOiJ1cmwiO3M6NDc6Imh0dHA6Ly93d3cubGF2YW5kZXJhLWRlbW81LmltcmFuZXNvZnQuY29tL2xvZ2luIjtzOjU6InJvdXRlIjtzOjU6ImxvZ2luIjt9czo2OiJfZmxhc2giO2E6Mjp7czozOiJvbGQiO2E6MDp7fXM6MzoibmV3IjthOjA6e319fQ==',1767309754),('FSupNzBASBUdP5sFKFEKzQUbZmntsmC6VlwxwlIc',NULL,'54.86.115.253','','YTozOntzOjY6Il90b2tlbiI7czo0MDoiSU9BTklmQmZLdno3d0FZZGh3eFU1Z2M1M3Z0dkN0d1ZZNkxxWjZuQiI7czo5OiJfcHJldmlvdXMiO2E6Mjp7czozOiJ1cmwiO3M6NDg6Imh0dHBzOi8vd3d3LmxhdmFuZGVyYS1kZW1vNS5pbXJhbmVzb2Z0LmNvbS9sb2dpbiI7czo1OiJyb3V0ZSI7czo1OiJsb2dpbiI7fXM6NjoiX2ZsYXNoIjthOjI6e3M6Mzoib2xkIjthOjA6e31zOjM6Im5ldyI7YTowOnt9fX0=',1767307494),('ftDX3FcxmhvKdoT7SpxzgfZfL4aLSDG1RgRPiGwi',NULL,'192.175.111.239','Mozilla/5.0 (Windows NT 10.0; Win64; x64) AppleWebKit/537.36 (KHTML, like Gecko) Chrome/143.0.0.0 Safari/537.36','YTo0OntzOjY6Il90b2tlbiI7czo0MDoic0VoMXA4bjluR2pSVGs4ajY3emlsMUp1MG14cDRyelNEZlNmdWRzUSI7czozOiJ1cmwiO2E6MTp7czo4OiJpbnRlbmRlZCI7czo0MToiaHR0cDovL3d3dy5sYXZhbmRlcmEtZGVtbzUuaW1yYW5lc29mdC5jb20iO31zOjk6Il9wcmV2aW91cyI7YToyOntzOjM6InVybCI7czo0MToiaHR0cDovL3d3dy5sYXZhbmRlcmEtZGVtbzUuaW1yYW5lc29mdC5jb20iO3M6NToicm91dGUiO3M6MjA6InNlcnZpY2Utb3JkZXJzLmluZGV4Ijt9czo2OiJfZmxhc2giO2E6Mjp7czozOiJvbGQiO2E6MDp7fXM6MzoibmV3IjthOjA6e319fQ==',1767309757),('GIdiPIv0E5rvJgNzITbGuh8mwpxI8S5fUSVmxoLm',NULL,'23.27.145.147','Mozilla/5.0 (X11; Linux i686; rv:109.0) Gecko/20100101 Firefox/120.0','YTo0OntzOjY6Il90b2tlbiI7czo0MDoidW9GZDJ3QjJieW1najFsSnJqaXZoTjhGQURvRVV2OTZweXRndElzSSI7czozOiJ1cmwiO2E6MTp7czo4OiJpbnRlbmRlZCI7czo0MjoiaHR0cHM6Ly93d3cubGF2YW5kZXJhLWRlbW81LmltcmFuZXNvZnQuY29tIjt9czo5OiJfcHJldmlvdXMiO2E6Mjp7czozOiJ1cmwiO3M6NDg6Imh0dHBzOi8vd3d3LmxhdmFuZGVyYS1kZW1vNS5pbXJhbmVzb2Z0LmNvbS9sb2dpbiI7czo1OiJyb3V0ZSI7czo1OiJsb2dpbiI7fXM6NjoiX2ZsYXNoIjthOjI6e3M6Mzoib2xkIjthOjA6e31zOjM6Im5ldyI7YTowOnt9fX0=',1767313040),('hDY6inG3ykabaScfMoeoqEgjyDGYeRLzXJX0i3XG',NULL,'34.217.174.4','Mozilla/5.0 (iPhone; CPU iPhone OS 14_6 like Mac OS X) AppleWebKit/605.1.15 (KHTML, like Gecko) Version/14.0.3 Mobile/15E148 Safari/604.1','YTozOntzOjY6Il90b2tlbiI7czo0MDoiYXlUUlhPSlJ2WkxFZ0lTdTZuZmxmU3dpUmttUTVweFJ2VVZDbHZyViI7czo5OiJfcHJldmlvdXMiO2E6Mjp7czozOiJ1cmwiO3M6NDQ6Imh0dHBzOi8vbGF2YW5kZXJhLWRlbW81LmltcmFuZXNvZnQuY29tL2xvZ2luIjtzOjU6InJvdXRlIjtzOjU6ImxvZ2luIjt9czo2OiJfZmxhc2giO2E6Mjp7czozOiJvbGQiO2E6MDp7fXM6MzoibmV3IjthOjA6e319fQ==',1767314516),('hkTUdiAykU2mLjSgNbZCXmqJ01uj2the3q4hWpgB',NULL,'192.175.111.229','Mozilla/5.0 (Windows NT 10.0; Win64; x64) AppleWebKit/537.36 (KHTML, like Gecko) Chrome/143.0.0.0 Safari/537.36','YTo0OntzOjY6Il90b2tlbiI7czo0MDoiQkJZMkRiRFM3amRZQVVxUUNFSVNRV09TSHRxZjJ5SlI5bElIRWZndiI7czozOiJ1cmwiO2E6MTp7czo4OiJpbnRlbmRlZCI7czo0MjoiaHR0cHM6Ly93d3cubGF2YW5kZXJhLWRlbW81LmltcmFuZXNvZnQuY29tIjt9czo5OiJfcHJldmlvdXMiO2E6Mjp7czozOiJ1cmwiO3M6NDI6Imh0dHBzOi8vd3d3LmxhdmFuZGVyYS1kZW1vNS5pbXJhbmVzb2Z0LmNvbSI7czo1OiJyb3V0ZSI7czoyMDoic2VydmljZS1vcmRlcnMuaW5kZXgiO31zOjY6Il9mbGFzaCI7YToyOntzOjM6Im9sZCI7YTowOnt9czozOiJuZXciO2E6MDp7fX19',1767309757),('HQNulwlraowETuWx2xHnmYE41eHiP9DocihfZQeK',NULL,'192.175.111.252','Mozilla/5.0 (Windows NT 10.0; Win64; x64) AppleWebKit/537.36 (KHTML, like Gecko) Chrome/143.0.0.0 Safari/537.36','YTozOntzOjY6Il90b2tlbiI7czo0MDoiNEE5bjBUQTFaNkRheFJadmQyVFVNUmRKQkQ1Zm0xdnU3NDllVmZQYyI7czo5OiJfcHJldmlvdXMiO2E6Mjp7czozOiJ1cmwiO3M6NDc6Imh0dHA6Ly93d3cubGF2YW5kZXJhLWRlbW81LmltcmFuZXNvZnQuY29tL2xvZ2luIjtzOjU6InJvdXRlIjtzOjU6ImxvZ2luIjt9czo2OiJfZmxhc2giO2E6Mjp7czozOiJvbGQiO2E6MDp7fXM6MzoibmV3IjthOjA6e319fQ==',1767309756),('HTM74Nc4tVZCPJCJcdOFrbcydFDw6gujjjgfdh4p',NULL,'23.27.145.6','Mozilla/5.0 (X11; Linux i686; rv:109.0) Gecko/20100101 Firefox/120.0','YTo0OntzOjY6Il90b2tlbiI7czo0MDoiWlF2U3I2Zmc4Y0g3QUVreHNKU1JWNEtobWJnZnlncHhPaEF3MzFiVyI7czozOiJ1cmwiO2E6MTp7czo4OiJpbnRlbmRlZCI7czozODoiaHR0cHM6Ly9sYXZhbmRlcmEtZGVtbzUuaW1yYW5lc29mdC5jb20iO31zOjk6Il9wcmV2aW91cyI7YToyOntzOjM6InVybCI7czo0NDoiaHR0cHM6Ly9sYXZhbmRlcmEtZGVtbzUuaW1yYW5lc29mdC5jb20vbG9naW4iO3M6NToicm91dGUiO3M6NToibG9naW4iO31zOjY6Il9mbGFzaCI7YToyOntzOjM6Im9sZCI7YTowOnt9czozOiJuZXciO2E6MDp7fX19',1767315043),('hxB1cqkawvHGt5tOUog9pc1q0EuPBCEcKUoblDhr',NULL,'54.149.141.15','Mozilla/5.0 (Macintosh; Intel Mac OS X 10_15_7) AppleWebKit/537.36 (KHTML, like Gecko) Chrome/113.0.0.0 Safari/537.36','YTozOntzOjY6Il90b2tlbiI7czo0MDoicXlDZnBaUG4yNDJUd0hFa2xudXZKZXI1V3A4RlpaQm05bTU4M2lQRiI7czo5OiJfcHJldmlvdXMiO2E6Mjp7czozOiJ1cmwiO3M6NDM6Imh0dHA6Ly9sYXZhbmRlcmEtZGVtbzUuaW1yYW5lc29mdC5jb20vbG9naW4iO3M6NToicm91dGUiO3M6NToibG9naW4iO31zOjY6Il9mbGFzaCI7YToyOntzOjM6Im9sZCI7YTowOnt9czozOiJuZXciO2E6MDp7fX19',1767312126),('HYszEsgyoAmjJQVZB0UL6gUlrSqGjdlvnVU32i64',NULL,'64.15.129.106','Mozilla/5.0 (Windows NT 10.0; Win64; x64) AppleWebKit/537.36 (KHTML, like Gecko) Chrome/143.0.0.0 Safari/537.36','YTo0OntzOjY6Il90b2tlbiI7czo0MDoiRzRrMm50Q0xQdkNvNGRTSmVkRTBTMmZvZXNjQmxGMEtYRENmV0VUNSI7czozOiJ1cmwiO2E6MTp7czo4OiJpbnRlbmRlZCI7czozNzoiaHR0cDovL2xhdmFuZGVyYS1kZW1vNS5pbXJhbmVzb2Z0LmNvbSI7fXM6OToiX3ByZXZpb3VzIjthOjI6e3M6MzoidXJsIjtzOjM3OiJodHRwOi8vbGF2YW5kZXJhLWRlbW81LmltcmFuZXNvZnQuY29tIjtzOjU6InJvdXRlIjtzOjIwOiJzZXJ2aWNlLW9yZGVycy5pbmRleCI7fXM6NjoiX2ZsYXNoIjthOjI6e3M6Mzoib2xkIjthOjA6e31zOjM6Im5ldyI7YTowOnt9fX0=',1767310589),('iDD9U2w3mPzECuLcqNNkQG2ej4gQGFM2LwjMPgns',NULL,'84.254.106.197','Mozilla/5.0 (Linux; Android 6.0; Nexus 5 Build/MRA58N) AppleWebKit/537.36 (KHTML, like Gecko) Chrome/130.0.0.0 Mobile Safari/537.36','YTo0OntzOjY6Il90b2tlbiI7czo0MDoiZkgxOTl6eTlGN2xrcnFxNVc3M3Q3MkUyeUw0eEtFY1FvQURNVHpoNCI7czozOiJ1cmwiO2E6MTp7czo4OiJpbnRlbmRlZCI7czo0MjoiaHR0cHM6Ly93d3cubGF2YW5kZXJhLWRlbW81LmltcmFuZXNvZnQuY29tIjt9czo5OiJfcHJldmlvdXMiO2E6Mjp7czozOiJ1cmwiO3M6NDI6Imh0dHBzOi8vd3d3LmxhdmFuZGVyYS1kZW1vNS5pbXJhbmVzb2Z0LmNvbSI7czo1OiJyb3V0ZSI7czoyMDoic2VydmljZS1vcmRlcnMuaW5kZXgiO31zOjY6Il9mbGFzaCI7YToyOntzOjM6Im9sZCI7YTowOnt9czozOiJuZXciO2E6MDp7fX19',1767313188),('IfPGtBKUxTd21VimAtyNe9oprYSekg1OFEwKg0xl',NULL,'34.248.137.227','Mozilla/5.0 (X11; Linux x86_64) AppleWebKit/537.36 (KHTML, like Gecko) Chrome/132.0.0.0 Safari/537.36','YTo0OntzOjY6Il90b2tlbiI7czo0MDoiSUVTa3J1UXF5aGNLaHBXcHp0M09BWlVFVDdMZGxYcjI3OEQ1RFRLdyI7czozOiJ1cmwiO2E6MTp7czo4OiJpbnRlbmRlZCI7czo0MjoiaHR0cHM6Ly93d3cubGF2YW5kZXJhLWRlbW81LmltcmFuZXNvZnQuY29tIjt9czo5OiJfcHJldmlvdXMiO2E6Mjp7czozOiJ1cmwiO3M6NDg6Imh0dHBzOi8vd3d3LmxhdmFuZGVyYS1kZW1vNS5pbXJhbmVzb2Z0LmNvbS9sb2dpbiI7czo1OiJyb3V0ZSI7czo1OiJsb2dpbiI7fXM6NjoiX2ZsYXNoIjthOjI6e3M6Mzoib2xkIjthOjA6e31zOjM6Im5ldyI7YTowOnt9fX0=',1767314023),('Jkn3ihIa2uGn0pfCV1QKG7RTvD169EH2UzMHJhTt',NULL,'13.219.121.241','','YTo0OntzOjY6Il90b2tlbiI7czo0MDoiYWF1alpxanJVMENMeVh5U1FFUlVRUEs0R2JMZUVqN1dFNmdCaElxYiI7czozOiJ1cmwiO2E6MTp7czo4OiJpbnRlbmRlZCI7czozODoiaHR0cHM6Ly9sYXZhbmRlcmEtZGVtbzUuaW1yYW5lc29mdC5jb20iO31zOjk6Il9wcmV2aW91cyI7YToyOntzOjM6InVybCI7czozODoiaHR0cHM6Ly9sYXZhbmRlcmEtZGVtbzUuaW1yYW5lc29mdC5jb20iO3M6NToicm91dGUiO3M6MjA6InNlcnZpY2Utb3JkZXJzLmluZGV4Ijt9czo2OiJfZmxhc2giO2E6Mjp7czozOiJvbGQiO2E6MDp7fXM6MzoibmV3IjthOjA6e319fQ==',1767307747),('JPB9nLz9ohxAu0hp85SRbjgeLSgh6VsWaXOFf3tH',NULL,'64.15.129.126','Mozilla/5.0 (Windows NT 10.0; Win64; x64) AppleWebKit/537.36 (KHTML, like Gecko) Chrome/143.0.0.0 Safari/537.36','YTo0OntzOjY6Il90b2tlbiI7czo0MDoiV0FMS0pGYW1FMTNVb1BVQTM1SWtYRVdXSFlGY0MyRklLbEE3ODRycCI7czozOiJ1cmwiO2E6MTp7czo4OiJpbnRlbmRlZCI7czozNzoiaHR0cDovL2xhdmFuZGVyYS1kZW1vNS5pbXJhbmVzb2Z0LmNvbSI7fXM6OToiX3ByZXZpb3VzIjthOjI6e3M6MzoidXJsIjtzOjM3OiJodHRwOi8vbGF2YW5kZXJhLWRlbW81LmltcmFuZXNvZnQuY29tIjtzOjU6InJvdXRlIjtzOjIwOiJzZXJ2aWNlLW9yZGVycy5pbmRleCI7fXM6NjoiX2ZsYXNoIjthOjI6e3M6Mzoib2xkIjthOjA6e31zOjM6Im5ldyI7YTowOnt9fX0=',1767310590),('Kd6mQr25BAENVYVK8J7M7eaDZIPWzQEADq7Drz2o',NULL,'35.89.199.233','Mozilla/5.0 (Windows NT 10.0; Win64; x64) AppleWebKit/537.36 (KHTML, like Gecko) Chrome/70.0.3538.102 Safari/537.36 Edge/18.19582','YTozOntzOjY6Il90b2tlbiI7czo0MDoiZ213clNBUHpFeXB4UGtGRDJSQzdsbW5oMEFQWW52V1RhTlg4UmExZiI7czo5OiJfcHJldmlvdXMiO2E6Mjp7czozOiJ1cmwiO3M6NDc6Imh0dHA6Ly93d3cubGF2YW5kZXJhLWRlbW81LmltcmFuZXNvZnQuY29tL2xvZ2luIjtzOjU6InJvdXRlIjtzOjU6ImxvZ2luIjt9czo2OiJfZmxhc2giO2E6Mjp7czozOiJvbGQiO2E6MDp7fXM6MzoibmV3IjthOjA6e319fQ==',1767312532),('KEbl3JwZsGebUM7H2WSkUiZQcyNn7IzwCx3Cr4dh',NULL,'107.172.195.107','Mozilla/5.0 (X11; Linux x86_64) AppleWebKit/537.36 (KHTML, like Gecko) Chrome/116.0.0.0 Safari/537.36','YTo0OntzOjY6Il90b2tlbiI7czo0MDoiZjhoMzNIeVFIaWZBNUpsZjJRNmNwQkZsMTFBTGpscHFSUm5GU1BMRiI7czozOiJ1cmwiO2E6MTp7czo4OiJpbnRlbmRlZCI7czozODoiaHR0cHM6Ly9sYXZhbmRlcmEtZGVtbzUuaW1yYW5lc29mdC5jb20iO31zOjk6Il9wcmV2aW91cyI7YToyOntzOjM6InVybCI7czo0NDoiaHR0cHM6Ly9sYXZhbmRlcmEtZGVtbzUuaW1yYW5lc29mdC5jb20vbG9naW4iO3M6NToicm91dGUiO3M6NToibG9naW4iO31zOjY6Il9mbGFzaCI7YToyOntzOjM6Im9sZCI7YTowOnt9czozOiJuZXciO2E6MDp7fX19',1767307650),('kIs2KM6DSRU3lOkrwLzxVgRSYTokjylXFbBIxCKg',NULL,'216.73.216.102','Mozilla/5.0 AppleWebKit/537.36 (KHTML, like Gecko; compatible; ClaudeBot/1.0; +claudebot@anthropic.com)','YTo0OntzOjY6Il90b2tlbiI7czo0MDoiTGdNZFJSSlFOeTZIUkpYOTg0Um00Rk9OQUFyMVJlbGcxUUt1UG54WSI7czozOiJ1cmwiO2E6MTp7czo4OiJpbnRlbmRlZCI7czozODoiaHR0cHM6Ly9sYXZhbmRlcmEtZGVtbzUuaW1yYW5lc29mdC5jb20iO31zOjk6Il9wcmV2aW91cyI7YToyOntzOjM6InVybCI7czo0NDoiaHR0cHM6Ly9sYXZhbmRlcmEtZGVtbzUuaW1yYW5lc29mdC5jb20vbG9naW4iO3M6NToicm91dGUiO3M6NToibG9naW4iO31zOjY6Il9mbGFzaCI7YToyOntzOjM6Im9sZCI7YTowOnt9czozOiJuZXciO2E6MDp7fX19',1767314865),('kQZTWFQL0SQybO2WQMEMaHTX4Z5zdBWUF83uupKM',NULL,'34.248.137.227','Mozilla/5.0 (X11; Linux x86_64; rv:83.0) Gecko/20100101 Firefox/83.0','YTo0OntzOjY6Il90b2tlbiI7czo0MDoicnphdzdDNVVMcWlFSkZLUEg4VUFWWmZFeWU4SzJlZjg5M0hCZjB3VCI7czozOiJ1cmwiO2E6MTp7czo4OiJpbnRlbmRlZCI7czo0MjoiaHR0cHM6Ly93d3cubGF2YW5kZXJhLWRlbW81LmltcmFuZXNvZnQuY29tIjt9czo5OiJfcHJldmlvdXMiO2E6Mjp7czozOiJ1cmwiO3M6NDg6Imh0dHBzOi8vd3d3LmxhdmFuZGVyYS1kZW1vNS5pbXJhbmVzb2Z0LmNvbS9sb2dpbiI7czo1OiJyb3V0ZSI7czo1OiJsb2dpbiI7fXM6NjoiX2ZsYXNoIjthOjI6e3M6Mzoib2xkIjthOjA6e31zOjM6Im5ldyI7YTowOnt9fX0=',1767314022),('LQFCLV8BWO5wTAXRWf3MIWfXcRegbPWuSTxxvwpc',NULL,'64.15.129.125','Mozilla/5.0 (Windows NT 10.0; Win64; x64) AppleWebKit/537.36 (KHTML, like Gecko) Chrome/143.0.0.0 Safari/537.36','YTo0OntzOjY6Il90b2tlbiI7czo0MDoiUFRib3czOFNYTVdITEhsMTU1RW9JOHNxMjlrU2RmWUVjalJaVkJXYiI7czozOiJ1cmwiO2E6MTp7czo4OiJpbnRlbmRlZCI7czozNzoiaHR0cDovL2xhdmFuZGVyYS1kZW1vNS5pbXJhbmVzb2Z0LmNvbSI7fXM6OToiX3ByZXZpb3VzIjthOjI6e3M6MzoidXJsIjtzOjM3OiJodHRwOi8vbGF2YW5kZXJhLWRlbW81LmltcmFuZXNvZnQuY29tIjtzOjU6InJvdXRlIjtzOjIwOiJzZXJ2aWNlLW9yZGVycy5pbmRleCI7fXM6NjoiX2ZsYXNoIjthOjI6e3M6Mzoib2xkIjthOjA6e31zOjM6Im5ldyI7YTowOnt9fX0=',1767310588),('m5dbbtu4gav6ToyD6bNhaW1o9NvRvIkjxNbQaGPt',NULL,'91.231.89.21','Mozilla/5.0 (X11; Ubuntu; Linux x86_64; rv:134.0) Gecko/20100101 Firefox/134.0','YTo0OntzOjY6Il90b2tlbiI7czo0MDoiR1VXRmdrMERZUW1ydkNEcVZka1lFUndyVVJ1U09xYmdpQjFQbkZhVCI7czozOiJ1cmwiO2E6MTp7czo4OiJpbnRlbmRlZCI7czozNzoiaHR0cDovL2xhdmFuZGVyYS1kZW1vNS5pbXJhbmVzb2Z0LmNvbSI7fXM6OToiX3ByZXZpb3VzIjthOjI6e3M6MzoidXJsIjtzOjM3OiJodHRwOi8vbGF2YW5kZXJhLWRlbW81LmltcmFuZXNvZnQuY29tIjtzOjU6InJvdXRlIjtzOjIwOiJzZXJ2aWNlLW9yZGVycy5pbmRleCI7fXM6NjoiX2ZsYXNoIjthOjI6e3M6Mzoib2xkIjthOjA6e31zOjM6Im5ldyI7YTowOnt9fX0=',1767308991),('mLVzXeExT8fvO7HXAZ5Jwnwa0Z3I4EQVGIzG1zln',NULL,'64.15.129.116','Mozilla/5.0 (Windows NT 10.0; Win64; x64) AppleWebKit/537.36 (KHTML, like Gecko) Chrome/143.0.0.0 Safari/537.36','YTo0OntzOjY6Il90b2tlbiI7czo0MDoiOEhnRWI1Q1RFeTNMRlpTYVF3WkFxSHlKSjFnMzUzbm5UUmlXZll0TyI7czozOiJ1cmwiO2E6MTp7czo4OiJpbnRlbmRlZCI7czo0MToiaHR0cDovL3d3dy5sYXZhbmRlcmEtZGVtbzUuaW1yYW5lc29mdC5jb20iO31zOjk6Il9wcmV2aW91cyI7YToyOntzOjM6InVybCI7czo0MToiaHR0cDovL3d3dy5sYXZhbmRlcmEtZGVtbzUuaW1yYW5lc29mdC5jb20iO3M6NToicm91dGUiO3M6MjA6InNlcnZpY2Utb3JkZXJzLmluZGV4Ijt9czo2OiJfZmxhc2giO2E6Mjp7czozOiJvbGQiO2E6MDp7fXM6MzoibmV3IjthOjA6e319fQ==',1767309754),('mX9Bka71NzOYo0AxUCXiNaF8Ti4MtWlNGqWzab0e',NULL,'91.196.152.158','Mozilla/5.0 (X11; Ubuntu; Linux x86_64; rv:134.0) Gecko/20100101 Firefox/134.0','YTozOntzOjY6Il90b2tlbiI7czo0MDoiMTZkeDg2TmRDQVpHNnh4bU5OTEhZbUxyZU55cUt4RTFMZ2JUT25QUiI7czo5OiJfcHJldmlvdXMiO2E6Mjp7czozOiJ1cmwiO3M6NDM6Imh0dHA6Ly9sYXZhbmRlcmEtZGVtbzUuaW1yYW5lc29mdC5jb20vbG9naW4iO3M6NToicm91dGUiO3M6NToibG9naW4iO31zOjY6Il9mbGFzaCI7YToyOntzOjM6Im9sZCI7YTowOnt9czozOiJuZXciO2E6MDp7fX19',1767309387),('nafc3PqalrSHi4I7XFRFv4bB7dKtPEtDfRdAlQPz',NULL,'64.15.129.106','Mozilla/5.0 (Windows NT 10.0; Win64; x64) AppleWebKit/537.36 (KHTML, like Gecko) Chrome/143.0.0.0 Safari/537.36','YTo0OntzOjY6Il90b2tlbiI7czo0MDoiVGF4dmNEQWlQQ2ZFWW5KWXlzb2p5amdKWWUzdmt5M3o0N0JjcGlWRSI7czozOiJ1cmwiO2E6MTp7czo4OiJpbnRlbmRlZCI7czozNzoiaHR0cDovL2xhdmFuZGVyYS1kZW1vNS5pbXJhbmVzb2Z0LmNvbSI7fXM6OToiX3ByZXZpb3VzIjthOjI6e3M6MzoidXJsIjtzOjM3OiJodHRwOi8vbGF2YW5kZXJhLWRlbW81LmltcmFuZXNvZnQuY29tIjtzOjU6InJvdXRlIjtzOjIwOiJzZXJ2aWNlLW9yZGVycy5pbmRleCI7fXM6NjoiX2ZsYXNoIjthOjI6e3M6Mzoib2xkIjthOjA6e31zOjM6Im5ldyI7YTowOnt9fX0=',1767310587),('nF52Zps0RAxl0hQ5zuqrCba39acb7JL5F6ImImJD',NULL,'192.175.111.228','Mozilla/5.0 (Windows NT 10.0; Win64; x64) AppleWebKit/537.36 (KHTML, like Gecko) Chrome/143.0.0.0 Safari/537.36','YTo0OntzOjY6Il90b2tlbiI7czo0MDoiWXBNMFY3VmZzT3ZnZnhlYmlGZ0xJVnV0bjZRQ2Z3SHQxT1RIRU5FaiI7czozOiJ1cmwiO2E6MTp7czo4OiJpbnRlbmRlZCI7czozODoiaHR0cHM6Ly9sYXZhbmRlcmEtZGVtbzUuaW1yYW5lc29mdC5jb20iO31zOjk6Il9wcmV2aW91cyI7YToyOntzOjM6InVybCI7czozODoiaHR0cHM6Ly9sYXZhbmRlcmEtZGVtbzUuaW1yYW5lc29mdC5jb20iO3M6NToicm91dGUiO3M6MjA6InNlcnZpY2Utb3JkZXJzLmluZGV4Ijt9czo2OiJfZmxhc2giO2E6Mjp7czozOiJvbGQiO2E6MDp7fXM6MzoibmV3IjthOjA6e319fQ==',1767310590),('Ok1lYWTsXOLLrBgNNWK7auoIMbbsKEmz9C8RGE3L',NULL,'192.175.111.229','Mozilla/5.0 (Windows NT 10.0; Win64; x64) AppleWebKit/537.36 (KHTML, like Gecko) Chrome/143.0.0.0 Safari/537.36','YTozOntzOjY6Il90b2tlbiI7czo0MDoiOTlQMVpNOXBVQ2ZPWUxacEdVMWphYUFaWjljZmpNUTJFT0RLMllGeSI7czo5OiJfcHJldmlvdXMiO2E6Mjp7czozOiJ1cmwiO3M6NDg6Imh0dHBzOi8vd3d3LmxhdmFuZGVyYS1kZW1vNS5pbXJhbmVzb2Z0LmNvbS9sb2dpbiI7czo1OiJyb3V0ZSI7czo1OiJsb2dpbiI7fXM6NjoiX2ZsYXNoIjthOjI6e3M6Mzoib2xkIjthOjA6e31zOjM6Im5ldyI7YTowOnt9fX0=',1767309757),('OWbBZLNfKpftkuvzrUJ4aK2cJ1wzuRapMJEixmn7',NULL,'54.212.116.221','Mozilla/5.0 (Linux; Android 8.0.0; SM-G965U Build/R16NW) AppleWebKit/537.36 (KHTML, like Gecko) Chrome/143.0.7499.169 Mobile Safari/537.36','YTozOntzOjY6Il90b2tlbiI7czo0MDoiMXRvaTM1OXA5aXVEUXdzVVN1SmlRTW1UTmc1NGN2UFZwRW5TNTAwSSI7czo5OiJfcHJldmlvdXMiO2E6Mjp7czozOiJ1cmwiO3M6NDg6Imh0dHBzOi8vd3d3LmxhdmFuZGVyYS1kZW1vNS5pbXJhbmVzb2Z0LmNvbS9sb2dpbiI7czo1OiJyb3V0ZSI7czo1OiJsb2dpbiI7fXM6NjoiX2ZsYXNoIjthOjI6e3M6Mzoib2xkIjthOjA6e31zOjM6Im5ldyI7YTowOnt9fX0=',1767314661),('p7Pvj6FUBxHArZunMpk23Gn9VarSmAzaT1Dibsdq',NULL,'34.217.174.4','Mozilla/5.0 (Macintosh; Intel Mac OS X 10_15_7) AppleWebKit/537.36 (KHTML, like Gecko) Chrome/143.0.7499.169 Safari/537.36','YTozOntzOjY6Il90b2tlbiI7czo0MDoiUWxlSUtsMWJydldBQW42N1lGWjFNd25TaEJqdE1zbTRMTmJSZFpNUSI7czo5OiJfcHJldmlvdXMiO2E6Mjp7czozOiJ1cmwiO3M6NDQ6Imh0dHBzOi8vbGF2YW5kZXJhLWRlbW81LmltcmFuZXNvZnQuY29tL2xvZ2luIjtzOjU6InJvdXRlIjtzOjU6ImxvZ2luIjt9czo2OiJfZmxhc2giO2E6Mjp7czozOiJvbGQiO2E6MDp7fXM6MzoibmV3IjthOjA6e319fQ==',1767314510),('PBPRzpOUjLG2TfaZfUVSkSiOwMfX0xVQv4jOnAAH',NULL,'160.177.196.113','Mozilla/5.0 (Windows NT 10.0; Win64; x64) AppleWebKit/537.36 (KHTML, like Gecko) Chrome/139.0.0.0 Safari/537.36','YTozOntzOjY6Il90b2tlbiI7czo0MDoib0JnaHhEeFBrVHJORmUzeTcxbzlMaFJhamhwSlY0NDBTN29pRTFwdCI7czo5OiJfcHJldmlvdXMiO2E6Mjp7czozOiJ1cmwiO3M6NDk6Imh0dHBzOi8vbGF2YW5kZXJhLWRlbW81LmltcmFuZXNvZnQuY29tL3RyaWFsL3Rlc3QiO3M6NToicm91dGUiO3M6MTA6InRyaWFsLnRlc3QiO31zOjY6Il9mbGFzaCI7YToyOntzOjM6Im9sZCI7YTowOnt9czozOiJuZXciO2E6MDp7fX19',1767310391),('pHlAFggWsVhAohVJodAc0b1c7GuRG4Nw2BuZJ57L',NULL,'91.196.152.225','Mozilla/5.0 (X11; Ubuntu; Linux x86_64; rv:134.0) Gecko/20100101 Firefox/134.0','YTozOntzOjY6Il90b2tlbiI7czo0MDoiVk41cWFWeHR4em4zV1pOYkx1TTRPcW5kMHBodWtwaHNMYXNSTkFBUiI7czo5OiJfcHJldmlvdXMiO2E6Mjp7czozOiJ1cmwiO3M6NDM6Imh0dHA6Ly9sYXZhbmRlcmEtZGVtbzUuaW1yYW5lc29mdC5jb20vbG9naW4iO3M6NToicm91dGUiO3M6NToibG9naW4iO31zOjY6Il9mbGFzaCI7YToyOntzOjM6Im9sZCI7YTowOnt9czozOiJuZXciO2E6MDp7fX19',1767309804),('QDRsBQg61S6EfkrD2mxMnep5FDDdo7O9uiruVla6',NULL,'54.212.116.221','Mozilla/5.0 (Windows NT 10.0; Win64; x64) AppleWebKit/537.36 (KHTML, like Gecko) Chrome/143.0.7499.169 Safari/537.36 Edge/18.19582','YTozOntzOjY6Il90b2tlbiI7czo0MDoiMWRITUtxVmtObEtPN0U2YnBoT0Z6QlpIcDFFY0h3b2VGdHMxWlBXaSI7czo5OiJfcHJldmlvdXMiO2E6Mjp7czozOiJ1cmwiO3M6NDg6Imh0dHBzOi8vd3d3LmxhdmFuZGVyYS1kZW1vNS5pbXJhbmVzb2Z0LmNvbS9sb2dpbiI7czo1OiJyb3V0ZSI7czo1OiJsb2dpbiI7fXM6NjoiX2ZsYXNoIjthOjI6e3M6Mzoib2xkIjthOjA6e31zOjM6Im5ldyI7YTowOnt9fX0=',1767314657),('qW2R8CXpUUqg1ztgAVCOsLbkkAXqdSLEXJ3IevWg',NULL,'35.89.199.233','Mozilla/5.0 (Linux; Android 8.0.0; SM-G965U Build/R16NW) AppleWebKit/537.36 (KHTML, like Gecko) Chrome/63.0.3239.111 Mobile Safari/537.36','YTozOntzOjY6Il90b2tlbiI7czo0MDoiYUR0cWRkMGFLTFIzZ3h2bkUzMTlRVWxxU0VUdzVqaVNubXY3OVo2aCI7czo5OiJfcHJldmlvdXMiO2E6Mjp7czozOiJ1cmwiO3M6NDc6Imh0dHA6Ly93d3cubGF2YW5kZXJhLWRlbW81LmltcmFuZXNvZnQuY29tL2xvZ2luIjtzOjU6InJvdXRlIjtzOjU6ImxvZ2luIjt9czo2OiJfZmxhc2giO2E6Mjp7czozOiJvbGQiO2E6MDp7fXM6MzoibmV3IjthOjA6e319fQ==',1767312533),('RedlDlJJFlw6oWSSjWbyb6H1ebxXpAtOm8gBjTQZ',NULL,'91.231.89.32','Mozilla/5.0 (X11; Ubuntu; Linux x86_64; rv:134.0) Gecko/20100101 Firefox/134.0','YTozOntzOjY6Il90b2tlbiI7czo0MDoiT3NIVTAxb0FBaHlmczFSMkdqSGxjSXJxM3JtVll6VXd1aWNhRVFmVCI7czo5OiJfcHJldmlvdXMiO2E6Mjp7czozOiJ1cmwiO3M6NDM6Imh0dHA6Ly9sYXZhbmRlcmEtZGVtbzUuaW1yYW5lc29mdC5jb20vbG9naW4iO3M6NToicm91dGUiO3M6NToibG9naW4iO31zOjY6Il9mbGFzaCI7YToyOntzOjM6Im9sZCI7YTowOnt9czozOiJuZXciO2E6MDp7fX19',1767309856),('RKNhLBknCLCPMILYQn5rHbYdUqVQwp41aevXBiWw',NULL,'64.15.129.106','Mozilla/5.0 (Windows NT 10.0; Win64; x64) AppleWebKit/537.36 (KHTML, like Gecko) Chrome/143.0.0.0 Safari/537.36','YTozOntzOjY6Il90b2tlbiI7czo0MDoiV2ZMT1BVNkNtb2RaWnpMOFFhSDhJSFJvbFBIOEY2UEFMREs2dU1PUiI7czo5OiJfcHJldmlvdXMiO2E6Mjp7czozOiJ1cmwiO3M6NDM6Imh0dHA6Ly9sYXZhbmRlcmEtZGVtbzUuaW1yYW5lc29mdC5jb20vbG9naW4iO3M6NToicm91dGUiO3M6NToibG9naW4iO31zOjY6Il9mbGFzaCI7YToyOntzOjM6Im9sZCI7YTowOnt9czozOiJuZXciO2E6MDp7fX19',1767310587),('rOwpcuVBFyBx4P5ze6lMBy9I8ZzCucM39xYOKeNh',NULL,'64.15.129.126','Mozilla/5.0 (Windows NT 10.0; Win64; x64) AppleWebKit/537.36 (KHTML, like Gecko) Chrome/143.0.0.0 Safari/537.36','YTozOntzOjY6Il90b2tlbiI7czo0MDoiTFRuNUx4ZURvVjhPUUl2WjdZblM0cGJ2THBqOHdlZ3M5ZEg1aW5BcCI7czo5OiJfcHJldmlvdXMiO2E6Mjp7czozOiJ1cmwiO3M6NDM6Imh0dHA6Ly9sYXZhbmRlcmEtZGVtbzUuaW1yYW5lc29mdC5jb20vbG9naW4iO3M6NToicm91dGUiO3M6NToibG9naW4iO31zOjY6Il9mbGFzaCI7YToyOntzOjM6Im9sZCI7YTowOnt9czozOiJuZXciO2E6MDp7fX19',1767310590),('rpIIa99mqrZKayyrwSlfLPsVP9i0CSXypcUmbcyZ',NULL,'216.73.216.102','Mozilla/5.0 AppleWebKit/537.36 (KHTML, like Gecko; compatible; ClaudeBot/1.0; +claudebot@anthropic.com)','YTo0OntzOjY6Il90b2tlbiI7czo0MDoiS1RJd0o4Z1pHMkVmOWZXVW1qUDkzQms0UnJDekR5NnVGcVNBNmVzdiI7czozOiJ1cmwiO2E6MTp7czo4OiJpbnRlbmRlZCI7czo0MjoiaHR0cHM6Ly93d3cubGF2YW5kZXJhLWRlbW81LmltcmFuZXNvZnQuY29tIjt9czo5OiJfcHJldmlvdXMiO2E6Mjp7czozOiJ1cmwiO3M6NDg6Imh0dHBzOi8vd3d3LmxhdmFuZGVyYS1kZW1vNS5pbXJhbmVzb2Z0LmNvbS9sb2dpbiI7czo1OiJyb3V0ZSI7czo1OiJsb2dpbiI7fXM6NjoiX2ZsYXNoIjthOjI6e3M6Mzoib2xkIjthOjA6e31zOjM6Im5ldyI7YTowOnt9fX0=',1767313884),('RqzSue5JaiXcNKVYN3ehFMV098BWyLeQco3ekAvo',NULL,'54.149.141.15','Mozilla/5.0 (Macintosh; Intel Mac OS X 10_15_7) AppleWebKit/537.36 (KHTML, like Gecko) Chrome/113.0.0.0 Safari/537.36','YTo0OntzOjY6Il90b2tlbiI7czo0MDoiaFY1bTdiWEhFZ2NIYVptT2xzZ3pQYmQ3SXlaRk5hVmRRVk9VcUpIQyI7czozOiJ1cmwiO2E6MTp7czo4OiJpbnRlbmRlZCI7czozNzoiaHR0cDovL2xhdmFuZGVyYS1kZW1vNS5pbXJhbmVzb2Z0LmNvbSI7fXM6OToiX3ByZXZpb3VzIjthOjI6e3M6MzoidXJsIjtzOjM3OiJodHRwOi8vbGF2YW5kZXJhLWRlbW81LmltcmFuZXNvZnQuY29tIjtzOjU6InJvdXRlIjtzOjIwOiJzZXJ2aWNlLW9yZGVycy5pbmRleCI7fXM6NjoiX2ZsYXNoIjthOjI6e3M6Mzoib2xkIjthOjA6e31zOjM6Im5ldyI7YTowOnt9fX0=',1767312126),('RUzZzVO7JSDZxRFzsIFxQsAUXwPl3jHZy5On5OhB',NULL,'35.89.199.233','Mozilla/5.0 (Windows NT 10.0; Win64; x64) AppleWebKit/537.36 (KHTML, like Gecko) Chrome/70.0.3538.102 Safari/537.36 Edge/18.19582','YTo0OntzOjY6Il90b2tlbiI7czo0MDoiTGNWODJ4cFpYaENCUERpYzNSUklFMVZWUXJORDV3cHhrMDVVb2g2SCI7czozOiJ1cmwiO2E6MTp7czo4OiJpbnRlbmRlZCI7czo0MToiaHR0cDovL3d3dy5sYXZhbmRlcmEtZGVtbzUuaW1yYW5lc29mdC5jb20iO31zOjk6Il9wcmV2aW91cyI7YToyOntzOjM6InVybCI7czo0MToiaHR0cDovL3d3dy5sYXZhbmRlcmEtZGVtbzUuaW1yYW5lc29mdC5jb20iO3M6NToicm91dGUiO3M6MjA6InNlcnZpY2Utb3JkZXJzLmluZGV4Ijt9czo2OiJfZmxhc2giO2E6Mjp7czozOiJvbGQiO2E6MDp7fXM6MzoibmV3IjthOjA6e319fQ==',1767312531),('rVChLkBz5ULJ7814tmULLi2kilHTPay0eUV09jKv',NULL,'34.217.174.4','Mozilla/5.0 (iPhone; CPU iPhone OS 14_6 like Mac OS X) AppleWebKit/605.1.15 (KHTML, like Gecko) Version/14.0.3 Mobile/15E148 Safari/604.1','YTozOntzOjY6Il90b2tlbiI7czo0MDoid1RGYkxnZGhYOUNkZ3FwUmtGRzdUcVZydm96ZVdOb2ZUb0RDR1VKeCI7czo5OiJfcHJldmlvdXMiO2E6Mjp7czozOiJ1cmwiO3M6NDQ6Imh0dHBzOi8vbGF2YW5kZXJhLWRlbW81LmltcmFuZXNvZnQuY29tL2xvZ2luIjtzOjU6InJvdXRlIjtzOjU6ImxvZ2luIjt9czo2OiJfZmxhc2giO2E6Mjp7czozOiJvbGQiO2E6MDp7fXM6MzoibmV3IjthOjA6e319fQ==',1767314128),('RzVvDRU59Dr46caQh1MrfVLuDqIAEDYEK5PwNYf5',NULL,'2604:a880:800:10::d4e:a001','','YTo0OntzOjY6Il90b2tlbiI7czo0MDoiYXBtek0wSWRlQkZzN2I5VkxrQlRpb0pGRktHcDIwY0JSRjdwc2xoWCI7czozOiJ1cmwiO2E6MTp7czo4OiJpbnRlbmRlZCI7czozODoiaHR0cHM6Ly9sYXZhbmRlcmEtZGVtbzUuaW1yYW5lc29mdC5jb20iO31zOjk6Il9wcmV2aW91cyI7YToyOntzOjM6InVybCI7czozODoiaHR0cHM6Ly9sYXZhbmRlcmEtZGVtbzUuaW1yYW5lc29mdC5jb20iO3M6NToicm91dGUiO3M6MjA6InNlcnZpY2Utb3JkZXJzLmluZGV4Ijt9czo2OiJfZmxhc2giO2E6Mjp7czozOiJvbGQiO2E6MDp7fXM6MzoibmV3IjthOjA6e319fQ==',1767307655),('sDWe5OwxkHkwLXf7SUyJQOwYYeRNKcRO8vUPDpiy',NULL,'34.248.137.227','Mozilla/5.0 (Macintosh; Intel Mac OS X 10_9_2) AppleWebKit/537.36 (KHTML, like Gecko) Chrome/33.0.1750.152 Safari/537.36','YTozOntzOjY6Il90b2tlbiI7czo0MDoiYUczMTRqMDRXajJQcVFDcURsSUZzak9ORnk5VWUwZFRHaDR3UU5PYSI7czo5OiJfcHJldmlvdXMiO2E6Mjp7czozOiJ1cmwiO3M6NDg6Imh0dHBzOi8vd3d3LmxhdmFuZGVyYS1kZW1vNS5pbXJhbmVzb2Z0LmNvbS9sb2dpbiI7czo1OiJyb3V0ZSI7czo1OiJsb2dpbiI7fXM6NjoiX2ZsYXNoIjthOjI6e3M6Mzoib2xkIjthOjA6e31zOjM6Im5ldyI7YTowOnt9fX0=',1767314023),('sMDWq1dwhWn6q1j791TbsUABQGGvZzDYs6A20o5W',NULL,'51.89.23.223','Mozilla/5.0','YTo0OntzOjY6Il90b2tlbiI7czo0MDoiMHpHTEZDbVFSOFBBeUo0VnlNakN3TDF2QWRpRHRsaHFFd0ZQZzVLSCI7czozOiJ1cmwiO2E6MTp7czo4OiJpbnRlbmRlZCI7czozODoiaHR0cHM6Ly9sYXZhbmRlcmEtZGVtbzUuaW1yYW5lc29mdC5jb20iO31zOjk6Il9wcmV2aW91cyI7YToyOntzOjM6InVybCI7czozODoiaHR0cHM6Ly9sYXZhbmRlcmEtZGVtbzUuaW1yYW5lc29mdC5jb20iO3M6NToicm91dGUiO3M6MjA6InNlcnZpY2Utb3JkZXJzLmluZGV4Ijt9czo2OiJfZmxhc2giO2E6Mjp7czozOiJvbGQiO2E6MDp7fXM6MzoibmV3IjthOjA6e319fQ==',1767314551),('sMOVq7Z8rRe1TaRzwldgmfub81mY3yBumIKNJQys',NULL,'52.16.245.145','Mozilla/5.0 (X11; Linux x86_64) AppleWebKit/537.36 (KHTML, like Gecko) Chrome/132.0.0.0 Safari/537.36','YTo0OntzOjY6Il90b2tlbiI7czo0MDoiak5NeEhhSHVoVEQzcE5qQnAwZXFEZlU2aXdHb0s1eDhPcGJQUlRjcSI7czozOiJ1cmwiO2E6MTp7czo4OiJpbnRlbmRlZCI7czozODoiaHR0cHM6Ly9sYXZhbmRlcmEtZGVtbzUuaW1yYW5lc29mdC5jb20iO31zOjk6Il9wcmV2aW91cyI7YToyOntzOjM6InVybCI7czo0NDoiaHR0cHM6Ly9sYXZhbmRlcmEtZGVtbzUuaW1yYW5lc29mdC5jb20vbG9naW4iO3M6NToicm91dGUiO3M6NToibG9naW4iO31zOjY6Il9mbGFzaCI7YToyOntzOjM6Im9sZCI7YTowOnt9czozOiJuZXciO2E6MDp7fX19',1767314293),('svWR2MvRH2m2LOvJjznDYRU9Knr84ERiQ0yFTJ7c',NULL,'64.15.129.120','Mozilla/5.0 (Windows NT 10.0; Win64; x64) AppleWebKit/537.36 (KHTML, like Gecko) Chrome/143.0.0.0 Safari/537.36','YTo0OntzOjY6Il90b2tlbiI7czo0MDoidzdud0xCaW9XZ0E0MmR0NW9PVWZJaXlTdXdGOGNCT0tLbnpRTXczSCI7czozOiJ1cmwiO2E6MTp7czo4OiJpbnRlbmRlZCI7czo0MToiaHR0cDovL3d3dy5sYXZhbmRlcmEtZGVtbzUuaW1yYW5lc29mdC5jb20iO31zOjk6Il9wcmV2aW91cyI7YToyOntzOjM6InVybCI7czo0MToiaHR0cDovL3d3dy5sYXZhbmRlcmEtZGVtbzUuaW1yYW5lc29mdC5jb20iO3M6NToicm91dGUiO3M6MjA6InNlcnZpY2Utb3JkZXJzLmluZGV4Ijt9czo2OiJfZmxhc2giO2E6Mjp7czozOiJvbGQiO2E6MDp7fXM6MzoibmV3IjthOjA6e319fQ==',1767309755),('TDZa2592ejpqDcXvwhft9eHRTjORcqFGo5CQlsu0',NULL,'54.149.141.15','Mozilla/5.0 (iPhone; CPU iPhone OS 14_4 like Mac OS X) AppleWebKit/605.1.15 (KHTML, like Gecko) Version/15.4 Mobile/15E148 Safari/604.1','YTo0OntzOjY6Il90b2tlbiI7czo0MDoibUlneXZmQTA1cDVYN2h3V29QMmFBa05QYzRLM3Q0eTA4UnBtZ2dqQyI7czozOiJ1cmwiO2E6MTp7czo4OiJpbnRlbmRlZCI7czozNzoiaHR0cDovL2xhdmFuZGVyYS1kZW1vNS5pbXJhbmVzb2Z0LmNvbSI7fXM6OToiX3ByZXZpb3VzIjthOjI6e3M6MzoidXJsIjtzOjM3OiJodHRwOi8vbGF2YW5kZXJhLWRlbW81LmltcmFuZXNvZnQuY29tIjtzOjU6InJvdXRlIjtzOjIwOiJzZXJ2aWNlLW9yZGVycy5pbmRleCI7fXM6NjoiX2ZsYXNoIjthOjI6e3M6Mzoib2xkIjthOjA6e31zOjM6Im5ldyI7YTowOnt9fX0=',1767312126),('TMj3fgU1U6jBGjLwHVLGLP6YUyaXuw3qsnpnEcVZ',NULL,'192.175.111.228','Mozilla/5.0 (Windows NT 10.0; Win64; x64) AppleWebKit/537.36 (KHTML, like Gecko) Chrome/143.0.0.0 Safari/537.36','YTozOntzOjY6Il90b2tlbiI7czo0MDoiWjlOdjNmSXg1d0QyN1c3a1BPV2FJdWsyTFZReThKaGtFWVl6dGVGSiI7czo5OiJfcHJldmlvdXMiO2E6Mjp7czozOiJ1cmwiO3M6NDQ6Imh0dHBzOi8vbGF2YW5kZXJhLWRlbW81LmltcmFuZXNvZnQuY29tL2xvZ2luIjtzOjU6InJvdXRlIjtzOjU6ImxvZ2luIjt9czo2OiJfZmxhc2giO2E6Mjp7czozOiJvbGQiO2E6MDp7fXM6MzoibmV3IjthOjA6e319fQ==',1767310590),('uPI9JWJrd0BHwqumPWzf3wu3L1GK5tPK7BFMz5Kn',NULL,'104.253.247.67','Mozilla/5.0 (iPhone; CPU iPhone OS 18_5 like Mac OS X) AppleWebKit/605.1.15 (KHTML, like Gecko) CriOS/138.0.7204.156 Mobile/15E148 Safari/604.1','YTo0OntzOjY6Il90b2tlbiI7czo0MDoiRmpFR2xwWjRyOUx0a3Nwd2ZJR0F5Q2hlc2huaTNwSEUwR1hyam50diI7czozOiJ1cmwiO2E6MTp7czo4OiJpbnRlbmRlZCI7czozODoiaHR0cHM6Ly9sYXZhbmRlcmEtZGVtbzUuaW1yYW5lc29mdC5jb20iO31zOjk6Il9wcmV2aW91cyI7YToyOntzOjM6InVybCI7czo0NDoiaHR0cHM6Ly9sYXZhbmRlcmEtZGVtbzUuaW1yYW5lc29mdC5jb20vbG9naW4iO3M6NToicm91dGUiO3M6NToibG9naW4iO31zOjY6Il9mbGFzaCI7YToyOntzOjM6Im9sZCI7YTowOnt9czozOiJuZXciO2E6MDp7fX19',1767307753),('UvSg1MqiwcqWGMuisLQUGVg13FgC0voNmI1gl5Nx',NULL,'64.15.129.106','Mozilla/5.0 (Windows NT 10.0; Win64; x64) AppleWebKit/537.36 (KHTML, like Gecko) Chrome/143.0.0.0 Safari/537.36','YTozOntzOjY6Il90b2tlbiI7czo0MDoiMU1RNnlXYUM0VndxcmZPbzVlQWdHdEkzVm9Wend5M1RxRVF1UXdBZiI7czo5OiJfcHJldmlvdXMiO2E6Mjp7czozOiJ1cmwiO3M6NDM6Imh0dHA6Ly9sYXZhbmRlcmEtZGVtbzUuaW1yYW5lc29mdC5jb20vbG9naW4iO3M6NToicm91dGUiO3M6NToibG9naW4iO31zOjY6Il9mbGFzaCI7YToyOntzOjM6Im9sZCI7YTowOnt9czozOiJuZXciO2E6MDp7fX19',1767310589),('VBk3Q7zuvYZ0fbadD553LK8GHGNx3eAzf6qpFInF',NULL,'34.141.215.20','Scrapy/2.13.4 (+https://scrapy.org)','YTo0OntzOjY6Il90b2tlbiI7czo0MDoidXI3Z3UxM0pneU15WHlXc2JzQjBOR0pyZWxITmRDOFh0WUI5WjVEViI7czozOiJ1cmwiO2E6MTp7czo4OiJpbnRlbmRlZCI7czo0MjoiaHR0cHM6Ly93d3cubGF2YW5kZXJhLWRlbW81LmltcmFuZXNvZnQuY29tIjt9czo5OiJfcHJldmlvdXMiO2E6Mjp7czozOiJ1cmwiO3M6NDg6Imh0dHBzOi8vd3d3LmxhdmFuZGVyYS1kZW1vNS5pbXJhbmVzb2Z0LmNvbS9sb2dpbiI7czo1OiJyb3V0ZSI7czo1OiJsb2dpbiI7fXM6NjoiX2ZsYXNoIjthOjI6e3M6Mzoib2xkIjthOjA6e31zOjM6Im5ldyI7YTowOnt9fX0=',1767312507),('vBUrqjAInTq6mIn1LsWajw1Jm666xXeeiYtH3pCp',NULL,'91.231.89.96','Mozilla/5.0 (X11; Ubuntu; Linux x86_64; rv:134.0) Gecko/20100101 Firefox/134.0','YTo0OntzOjY6Il90b2tlbiI7czo0MDoiRk5KMjJBcnk1MWoyUnZmNjdZS2s1TzBGbER4N0NCeUJ0OFBUOVR5MiI7czozOiJ1cmwiO2E6MTp7czo4OiJpbnRlbmRlZCI7czo0MToiaHR0cDovL3d3dy5sYXZhbmRlcmEtZGVtbzUuaW1yYW5lc29mdC5jb20iO31zOjk6Il9wcmV2aW91cyI7YToyOntzOjM6InVybCI7czo0MToiaHR0cDovL3d3dy5sYXZhbmRlcmEtZGVtbzUuaW1yYW5lc29mdC5jb20iO3M6NToicm91dGUiO3M6MjA6InNlcnZpY2Utb3JkZXJzLmluZGV4Ijt9czo2OiJfZmxhc2giO2E6Mjp7czozOiJvbGQiO2E6MDp7fXM6MzoibmV3IjthOjA6e319fQ==',1767308932),('veGRvYfcR2cHAbEvhRQSg6CWofjoESwTrlIYJGc8',NULL,'34.217.174.4','Mozilla/5.0 (Macintosh; Intel Mac OS X 10_15_7) AppleWebKit/537.36 (KHTML, like Gecko) Chrome/143.0.7499.169 Safari/537.36','YTozOntzOjY6Il90b2tlbiI7czo0MDoieEN3bVl6dDhBRm15RFo0ZW1WZWxyQWRISVRWbTg5UWpoOVZMV3g1MSI7czo5OiJfcHJldmlvdXMiO2E6Mjp7czozOiJ1cmwiO3M6NDQ6Imh0dHBzOi8vbGF2YW5kZXJhLWRlbW81LmltcmFuZXNvZnQuY29tL2xvZ2luIjtzOjU6InJvdXRlIjtzOjU6ImxvZ2luIjt9czo2OiJfZmxhc2giO2E6Mjp7czozOiJvbGQiO2E6MDp7fXM6MzoibmV3IjthOjA6e319fQ==',1767314126),('VlZFKWfbWEh8msaehrPpYdh2GH4cgpGjevcQJ5Ax',NULL,'2604:a880:800:10::d4e:a001','Mozilla/5.0 (l9scan/2.0.030313a3a3130333a303461343a313030323; +https://leakix.net)','YTo0OntzOjY6Il90b2tlbiI7czo0MDoiUHFnU3VOazFHOEpweHczWmtSQ0tXdk5mZXE3U3RBeElCSFR6WlMxYyI7czozOiJ1cmwiO2E6MTp7czo4OiJpbnRlbmRlZCI7czozODoiaHR0cHM6Ly9sYXZhbmRlcmEtZGVtbzUuaW1yYW5lc29mdC5jb20iO31zOjk6Il9wcmV2aW91cyI7YToyOntzOjM6InVybCI7czozODoiaHR0cHM6Ly9sYXZhbmRlcmEtZGVtbzUuaW1yYW5lc29mdC5jb20iO3M6NToicm91dGUiO3M6MjA6InNlcnZpY2Utb3JkZXJzLmluZGV4Ijt9czo2OiJfZmxhc2giO2E6Mjp7czozOiJvbGQiO2E6MDp7fXM6MzoibmV3IjthOjA6e319fQ==',1767307655),('xLmF6ynuH1kWYnFGJjENyD9CJirQdpmQu0Z7ifsy',NULL,'64.15.129.125','Mozilla/5.0 (Windows NT 10.0; Win64; x64) AppleWebKit/537.36 (KHTML, like Gecko) Chrome/143.0.0.0 Safari/537.36','YTozOntzOjY6Il90b2tlbiI7czo0MDoiUldYSzB5YmhuQ0JpaWFDUmNVMWNqQzl2NzVnQ3RlcGJOejVoSVd2bCI7czo5OiJfcHJldmlvdXMiO2E6Mjp7czozOiJ1cmwiO3M6NDM6Imh0dHA6Ly9sYXZhbmRlcmEtZGVtbzUuaW1yYW5lc29mdC5jb20vbG9naW4iO3M6NToicm91dGUiO3M6NToibG9naW4iO31zOjY6Il9mbGFzaCI7YToyOntzOjM6Im9sZCI7YTowOnt9czozOiJuZXciO2E6MDp7fX19',1767310588),('yueXuYO5gCuuSfydFH2nBpTInADmYJNFVRmOrZZy',NULL,'192.175.111.239','Mozilla/5.0 (Windows NT 10.0; Win64; x64) AppleWebKit/537.36 (KHTML, like Gecko) Chrome/143.0.0.0 Safari/537.36','YTozOntzOjY6Il90b2tlbiI7czo0MDoicFlPTHJHdmdYZUlMdWNsQURKUXlURXNRZ0NvR2d4RWowREY4bnAwaiI7czo5OiJfcHJldmlvdXMiO2E6Mjp7czozOiJ1cmwiO3M6NDc6Imh0dHA6Ly93d3cubGF2YW5kZXJhLWRlbW81LmltcmFuZXNvZnQuY29tL2xvZ2luIjtzOjU6InJvdXRlIjtzOjU6ImxvZ2luIjt9czo2OiJfZmxhc2giO2E6Mjp7czozOiJvbGQiO2E6MDp7fXM6MzoibmV3IjthOjA6e319fQ==',1767309758),('YUTHEQ9iEtSHCyKcFwIAROV3m5DaqWxGzkJpbusJ',NULL,'103.4.250.92','Mozilla/5.0 (X11; Linux x86_64) AppleWebKit/537.36 (KHTML, like Gecko) Chrome/116.0.0.0 Safari/537.36','YTo0OntzOjY6Il90b2tlbiI7czo0MDoiU0lkNTZMR0t6eW1qb0NydVR2YVFXajA5UjFHWlVGWDBCNEZzMDRFcSI7czozOiJ1cmwiO2E6MTp7czo4OiJpbnRlbmRlZCI7czozODoiaHR0cHM6Ly9sYXZhbmRlcmEtZGVtbzUuaW1yYW5lc29mdC5jb20iO31zOjk6Il9wcmV2aW91cyI7YToyOntzOjM6InVybCI7czo0NDoiaHR0cHM6Ly9sYXZhbmRlcmEtZGVtbzUuaW1yYW5lc29mdC5jb20vbG9naW4iO3M6NToicm91dGUiO3M6NToibG9naW4iO31zOjY6Il9mbGFzaCI7YToyOntzOjM6Im9sZCI7YTowOnt9czozOiJuZXciO2E6MDp7fX19',1767311809),('Z0eTYFEjGU3ceOKUTYPgtih0erPkEHvtyCSabqrU',NULL,'154.28.229.116','Mozilla/5.0 (Windows NT 10.0; Win64; x64) AppleWebKit/537.36 (KHTML, like Gecko) Chrome/117.0.0.0 Safari/537.36','YTo0OntzOjY6Il90b2tlbiI7czo0MDoiNmdXaXVrd2VJSkxIdnZhQ2xaNEk5d0Fzb0Y5V2RpY25TZElUVThLaCI7czozOiJ1cmwiO2E6MTp7czo4OiJpbnRlbmRlZCI7czozODoiaHR0cHM6Ly9sYXZhbmRlcmEtZGVtbzUuaW1yYW5lc29mdC5jb20iO31zOjk6Il9wcmV2aW91cyI7YToyOntzOjM6InVybCI7czo0NDoiaHR0cHM6Ly9sYXZhbmRlcmEtZGVtbzUuaW1yYW5lc29mdC5jb20vbG9naW4iO3M6NToicm91dGUiO3M6NToibG9naW4iO31zOjY6Il9mbGFzaCI7YToyOntzOjM6Im9sZCI7YTowOnt9czozOiJuZXciO2E6MDp7fX19',1767311819),('z7QWoeRQN2vXq48MQtQK8ayZBHv9IRR1uek3iqSb',NULL,'13.219.121.241','','YTo0OntzOjY6Il90b2tlbiI7czo0MDoiNnFvaXpJeGFHeGd5dU9TVFJ1bUFXYkJSS2lzZHdHVk14c1hyRTVHNCI7czozOiJ1cmwiO2E6MTp7czo4OiJpbnRlbmRlZCI7czo0MjoiaHR0cHM6Ly93d3cubGF2YW5kZXJhLWRlbW81LmltcmFuZXNvZnQuY29tIjt9czo5OiJfcHJldmlvdXMiO2E6Mjp7czozOiJ1cmwiO3M6NDI6Imh0dHBzOi8vd3d3LmxhdmFuZGVyYS1kZW1vNS5pbXJhbmVzb2Z0LmNvbSI7czo1OiJyb3V0ZSI7czoyMDoic2VydmljZS1vcmRlcnMuaW5kZXgiO31zOjY6Il9mbGFzaCI7YToyOntzOjM6Im9sZCI7YTowOnt9czozOiJuZXciO2E6MDp7fX19',1767307493),('zAAvhAgjspsxc32fV9qN9wNaYbc1m5XRMfiH9qEL',NULL,'35.204.172.6','Scrapy/2.13.4 (+https://scrapy.org)','YTo0OntzOjY6Il90b2tlbiI7czo0MDoiM0ZXSTdhOTBWUDNwMWJmb0JJYkpGTXBEMUlZeHBSaElSMDk5MFN0diI7czozOiJ1cmwiO2E6MTp7czo4OiJpbnRlbmRlZCI7czozODoiaHR0cHM6Ly9sYXZhbmRlcmEtZGVtbzUuaW1yYW5lc29mdC5jb20iO31zOjk6Il9wcmV2aW91cyI7YToyOntzOjM6InVybCI7czo0NDoiaHR0cHM6Ly9sYXZhbmRlcmEtZGVtbzUuaW1yYW5lc29mdC5jb20vbG9naW4iO3M6NToicm91dGUiO3M6NToibG9naW4iO31zOjY6Il9mbGFzaCI7YToyOntzOjM6Im9sZCI7YTowOnt9czozOiJuZXciO2E6MDp7fX19',1767314208),('zMztFMB7rq1o4bwFLuFSzZ2e3WN1B3W5lXWND0Gs',NULL,'141.148.153.213','Mozilla/5.0 (iPhone; CPU iPhone OS 17_0 like Mac OS X) AppleWebKit/605.1.15 (KHTML, like Gecko) Version/17.0 Mobile/15E148 Safari/604.1','YTo0OntzOjY6Il90b2tlbiI7czo0MDoiZndiUFlUSklGWFVsYTFrTXZhWkFjYnVWZHdmR091cWs1b3BxN1gwbyI7czozOiJ1cmwiO2E6MTp7czo4OiJpbnRlbmRlZCI7czozODoiaHR0cHM6Ly9sYXZhbmRlcmEtZGVtbzUuaW1yYW5lc29mdC5jb20iO31zOjk6Il9wcmV2aW91cyI7YToyOntzOjM6InVybCI7czo0NDoiaHR0cHM6Ly9sYXZhbmRlcmEtZGVtbzUuaW1yYW5lc29mdC5jb20vbG9naW4iO3M6NToicm91dGUiO3M6NToibG9naW4iO31zOjY6Il9mbGFzaCI7YToyOntzOjM6Im9sZCI7YTowOnt9czozOiJuZXciO2E6MDp7fX19',1767307648),('ZYqwT6CNyKudSpdjnzkXMiR2rdnGX1GqarhFy5NA',NULL,'34.32.218.233','Mozilla/5.0 (Macintosh; Intel Mac OS X 12_3; rv:127.0) Gecko/20100101 Firefox/127.0','YTo0OntzOjY6Il90b2tlbiI7czo0MDoiM2lLOTNnbkVIdGJoTEFUQktFVGFUME5KeUFwWkJxV0k0OHZCbWtUbiI7czozOiJ1cmwiO2E6MTp7czo4OiJpbnRlbmRlZCI7czozODoiaHR0cHM6Ly9sYXZhbmRlcmEtZGVtbzUuaW1yYW5lc29mdC5jb20iO31zOjk6Il9wcmV2aW91cyI7YToyOntzOjM6InVybCI7czo0NDoiaHR0cHM6Ly9sYXZhbmRlcmEtZGVtbzUuaW1yYW5lc29mdC5jb20vbG9naW4iO3M6NToicm91dGUiO3M6NToibG9naW4iO31zOjY6Il9mbGFzaCI7YToyOntzOjM6Im9sZCI7YTowOnt9czozOiJuZXciO2E6MDp7fX19',1767311676),('zZ9yt6loZOPhDMRJlxxAy5Xlyrukc96m7fNjF0Eo',NULL,'52.16.245.145','Mozilla/5.0 (Macintosh; Intel Mac OS X 10_9_2) AppleWebKit/537.36 (KHTML, like Gecko) Chrome/33.0.1750.152 Safari/537.36','YTozOntzOjY6Il90b2tlbiI7czo0MDoiRjFHVGhaZTRzVlFzNHdVamQyOTZkZEFDaFlQUzdZbm1OQ0tYaFE5QyI7czo5OiJfcHJldmlvdXMiO2E6Mjp7czozOiJ1cmwiO3M6NDQ6Imh0dHBzOi8vbGF2YW5kZXJhLWRlbW81LmltcmFuZXNvZnQuY29tL2xvZ2luIjtzOjU6InJvdXRlIjtzOjU6ImxvZ2luIjt9czo2OiJfZmxhc2giO2E6Mjp7czozOiJvbGQiO2E6MDp7fXM6MzoibmV3IjthOjA6e319fQ==',1767314294);

--
-- Table structure for table `lavandera_d5_settings`
--

CREATE TABLE `lavandera_d5_settings` (
  `id` bigint unsigned NOT NULL AUTO_INCREMENT,
  `key` varchar(255) COLLATE utf8mb4_unicode_ci NOT NULL,
  `value` text COLLATE utf8mb4_unicode_ci,
  `created_at` timestamp NULL DEFAULT NULL,
  `updated_at` timestamp NULL DEFAULT NULL,
  PRIMARY KEY (`id`),
  UNIQUE KEY `lavandera_d5_set_key_unq` (`key`)
) ENGINE=InnoDB AUTO_INCREMENT=12 DEFAULT CHARSET=utf8mb4 COLLATE=utf8mb4_unicode_ci;

--
-- Dumping data for table `lavandera_d5_settings`
--

INSERT INTO `lavandera_d5_settings` VALUES (1,'company_name','ImraneSoft','2025-11-26 06:09:35','2026-01-01 09:56:01'),(2,'barcode_prefix','FAC','2025-11-26 06:09:35','2026-01-01 09:51:27'),(3,'receipt_copies','2','2025-11-26 06:09:35','2025-11-26 06:09:35'),(4,'currency','Dh','2025-11-26 06:09:35','2025-11-26 06:13:15'),(5,'company_address','Tiznit Maroc','2025-11-26 06:13:15','2026-01-01 09:59:45'),(6,'company_phone','06.74.42.77.48','2025-11-26 06:13:15','2026-01-01 09:56:01'),(7,'order_prefix','FAC','2025-11-26 06:13:15','2026-01-01 09:55:31'),(8,'machine_id','e85a38f1bae05391c5514c1914ba8fea','2025-11-27 20:53:16','2025-11-27 20:53:16'),(11,'trial_start_date','2026-01-01','2026-01-01 22:33:11','2026-01-01 22:33:11');

--
-- Table structure for table `madrasti_d1_attendances`
--

CREATE TABLE `madrasti_d1_attendances` (
  `id` bigint unsigned NOT NULL AUTO_INCREMENT,
  `student_id` bigint unsigned NOT NULL,
  `date` date NOT NULL,
  `status` enum('present','absent','late') CHARACTER SET utf8mb4 COLLATE utf8mb4_unicode_ci NOT NULL,
  `period` varchar(255) CHARACTER SET utf8mb4 COLLATE utf8mb4_unicode_ci DEFAULT NULL,
  `reason` text CHARACTER SET utf8mb4 COLLATE utf8mb4_unicode_ci,
  `notified` tinyint(1) NOT NULL DEFAULT '0',
  `created_at` timestamp NULL DEFAULT NULL,
  `updated_at` timestamp NULL DEFAULT NULL,
  PRIMARY KEY (`id`),
  UNIQUE KEY `attendances_student_date_period_unique_madrasti_d1` (`student_id`,`date`,`period`),
  KEY `attendances_student_date_index_madrasti_d1` (`student_id`,`date`),
  KEY `attendances_date_index_madrasti_d1` (`date`),
  KEY `attendances_status_index_madrasti_d1` (`status`),
  KEY `attendances_notified_index_madrasti_d1` (`notified`),
  CONSTRAINT `madrasti_d1_attendances_student_id_foreign` FOREIGN KEY (`student_id`) REFERENCES `madrasti_d1_students` (`id`) ON DELETE CASCADE
) ENGINE=InnoDB DEFAULT CHARSET=utf8mb4 COLLATE=utf8mb4_unicode_ci;

--
-- Dumping data for table `madrasti_d1_attendances`
--


--
-- Table structure for table `madrasti_d1_backups`
--

CREATE TABLE `madrasti_d1_backups` (
  `id` bigint unsigned NOT NULL AUTO_INCREMENT,
  `name` varchar(255) CHARACTER SET utf8mb4 COLLATE utf8mb4_unicode_ci NOT NULL,
  `file_path` varchar(255) CHARACTER SET utf8mb4 COLLATE utf8mb4_unicode_ci NOT NULL,
  `file_size` varchar(255) CHARACTER SET utf8mb4 COLLATE utf8mb4_unicode_ci DEFAULT NULL,
  `type` enum('full','database','files') CHARACTER SET utf8mb4 COLLATE utf8mb4_unicode_ci NOT NULL DEFAULT 'full',
  `description` text CHARACTER SET utf8mb4 COLLATE utf8mb4_unicode_ci,
  `created_by` bigint unsigned DEFAULT NULL,
  `completed_at` timestamp NULL DEFAULT NULL,
  `created_at` timestamp NULL DEFAULT NULL,
  `updated_at` timestamp NULL DEFAULT NULL,
  PRIMARY KEY (`id`),
  UNIQUE KEY `backups_file_path_unique_madrasti_d1` (`file_path`),
  KEY `backups_type_index_madrasti_d1` (`type`),
  KEY `backups_created_by_index_madrasti_d1` (`created_by`),
  KEY `backups_completed_at_index_madrasti_d1` (`completed_at`),
  CONSTRAINT `madrasti_d1_backups_created_by_foreign` FOREIGN KEY (`created_by`) REFERENCES `madrasti_d1_users` (`id`) ON DELETE SET NULL
) ENGINE=InnoDB DEFAULT CHARSET=utf8mb4 COLLATE=utf8mb4_unicode_ci;

--
-- Dumping data for table `madrasti_d1_backups`
--


--
-- Table structure for table `madrasti_d1_cache`
--

CREATE TABLE `madrasti_d1_cache` (
  `key` varchar(255) CHARACTER SET utf8mb4 COLLATE utf8mb4_unicode_ci NOT NULL,
  `value` mediumtext CHARACTER SET utf8mb4 COLLATE utf8mb4_unicode_ci NOT NULL,
  `expiration` int NOT NULL,
  PRIMARY KEY (`key`),
  KEY `cache_expiration_index_madrasti_d1` (`expiration`)
) ENGINE=InnoDB DEFAULT CHARSET=utf8mb4 COLLATE=utf8mb4_unicode_ci;

--
-- Dumping data for table `madrasti_d1_cache`
--

INSERT INTO `madrasti_d1_cache` VALUES ('madrasti-cache-classes','O:39:\"Illuminate\\Database\\Eloquent\\Collection\":2:{s:8:\"\0*\0items\";a:24:{i:0;O:21:\"App\\Models\\ClassModel\":33:{s:13:\"\0*\0connection\";s:5:\"mysql\";s:8:\"\0*\0table\";s:7:\"classes\";s:13:\"\0*\0primaryKey\";s:2:\"id\";s:10:\"\0*\0keyType\";s:3:\"int\";s:12:\"incrementing\";b:1;s:7:\"\0*\0with\";a:0:{}s:12:\"\0*\0withCount\";a:0:{}s:19:\"preventsLazyLoading\";b:0;s:10:\"\0*\0perPage\";i:15;s:6:\"exists\";b:1;s:18:\"wasRecentlyCreated\";b:0;s:28:\"\0*\0escapeWhenCastingToString\";b:0;s:13:\"\0*\0attributes\";a:8:{s:2:\"id\";i:1;s:14:\"school_year_id\";N;s:8:\"level_id\";i:1;s:4:\"name\";s:4:\"PS-1\";s:8:\"capacity\";i:30;s:10:\"teacher_id\";N;s:10:\"created_at\";s:19:\"2025-12-16 23:26:28\";s:10:\"updated_at\";s:19:\"2025-12-16 23:26:28\";}s:11:\"\0*\0original\";a:8:{s:2:\"id\";i:1;s:14:\"school_year_id\";N;s:8:\"level_id\";i:1;s:4:\"name\";s:4:\"PS-1\";s:8:\"capacity\";i:30;s:10:\"teacher_id\";N;s:10:\"created_at\";s:19:\"2025-12-16 23:26:28\";s:10:\"updated_at\";s:19:\"2025-12-16 23:26:28\";}s:10:\"\0*\0changes\";a:0:{}s:11:\"\0*\0previous\";a:0:{}s:8:\"\0*\0casts\";a:0:{}s:17:\"\0*\0classCastCache\";a:0:{}s:21:\"\0*\0attributeCastCache\";a:0:{}s:13:\"\0*\0dateFormat\";N;s:10:\"\0*\0appends\";a:0:{}s:19:\"\0*\0dispatchesEvents\";a:0:{}s:14:\"\0*\0observables\";a:0:{}s:12:\"\0*\0relations\";a:1:{s:5:\"level\";O:16:\"App\\Models\\Level\":33:{s:13:\"\0*\0connection\";s:5:\"mysql\";s:8:\"\0*\0table\";s:6:\"levels\";s:13:\"\0*\0primaryKey\";s:2:\"id\";s:10:\"\0*\0keyType\";s:3:\"int\";s:12:\"incrementing\";b:1;s:7:\"\0*\0with\";a:0:{}s:12:\"\0*\0withCount\";a:0:{}s:19:\"preventsLazyLoading\";b:0;s:10:\"\0*\0perPage\";i:15;s:6:\"exists\";b:1;s:18:\"wasRecentlyCreated\";b:0;s:28:\"\0*\0escapeWhenCastingToString\";b:0;s:13:\"\0*\0attributes\";a:14:{s:2:\"id\";i:1;s:14:\"school_year_id\";N;s:4:\"code\";s:2:\"PS\";s:10:\"sort_order\";i:1;s:4:\"name\";s:14:\"Petite Section\";s:11:\"monthly_fee\";s:6:\"400.00\";s:13:\"cafeteria_fee\";s:4:\"0.00\";s:18:\"transportation_fee\";s:4:\"0.00\";s:19:\"private_lessons_fee\";s:4:\"0.00\";s:13:\"insurance_fee\";s:4:\"0.00\";s:13:\"schooling_fee\";s:4:\"0.00\";s:11:\"nursery_fee\";s:4:\"0.00\";s:10:\"created_at\";s:19:\"2025-12-16 23:26:28\";s:10:\"updated_at\";s:19:\"2025-12-16 23:26:28\";}s:11:\"\0*\0original\";a:14:{s:2:\"id\";i:1;s:14:\"school_year_id\";N;s:4:\"code\";s:2:\"PS\";s:10:\"sort_order\";i:1;s:4:\"name\";s:14:\"Petite Section\";s:11:\"monthly_fee\";s:6:\"400.00\";s:13:\"cafeteria_fee\";s:4:\"0.00\";s:18:\"transportation_fee\";s:4:\"0.00\";s:19:\"private_lessons_fee\";s:4:\"0.00\";s:13:\"insurance_fee\";s:4:\"0.00\";s:13:\"schooling_fee\";s:4:\"0.00\";s:11:\"nursery_fee\";s:4:\"0.00\";s:10:\"created_at\";s:19:\"2025-12-16 23:26:28\";s:10:\"updated_at\";s:19:\"2025-12-16 23:26:28\";}s:10:\"\0*\0changes\";a:0:{}s:11:\"\0*\0previous\";a:0:{}s:8:\"\0*\0casts\";a:7:{s:11:\"monthly_fee\";s:9:\"decimal:2\";s:18:\"transportation_fee\";s:9:\"decimal:2\";s:13:\"cafeteria_fee\";s:9:\"decimal:2\";s:11:\"nursery_fee\";s:9:\"decimal:2\";s:19:\"private_lessons_fee\";s:9:\"decimal:2\";s:13:\"insurance_fee\";s:9:\"decimal:2\";s:13:\"schooling_fee\";s:9:\"decimal:2\";}s:17:\"\0*\0classCastCache\";a:0:{}s:21:\"\0*\0attributeCastCache\";a:0:{}s:13:\"\0*\0dateFormat\";N;s:10:\"\0*\0appends\";a:0:{}s:19:\"\0*\0dispatchesEvents\";a:0:{}s:14:\"\0*\0observables\";a:0:{}s:12:\"\0*\0relations\";a:0:{}s:10:\"\0*\0touches\";a:0:{}s:27:\"\0*\0relationAutoloadCallback\";N;s:26:\"\0*\0relationAutoloadContext\";N;s:10:\"timestamps\";b:1;s:13:\"usesUniqueIds\";b:0;s:9:\"\0*\0hidden\";a:0:{}s:10:\"\0*\0visible\";a:0:{}s:11:\"\0*\0fillable\";a:10:{i:0;s:4:\"code\";i:1;s:4:\"name\";i:2;s:10:\"sort_order\";i:3;s:11:\"monthly_fee\";i:4;s:18:\"transportation_fee\";i:5;s:13:\"cafeteria_fee\";i:6;s:11:\"nursery_fee\";i:7;s:19:\"private_lessons_fee\";i:8;s:13:\"insurance_fee\";i:9;s:13:\"schooling_fee\";}s:10:\"\0*\0guarded\";a:1:{i:0;s:1:\"*\";}}}s:10:\"\0*\0touches\";a:0:{}s:27:\"\0*\0relationAutoloadCallback\";N;s:26:\"\0*\0relationAutoloadContext\";N;s:10:\"timestamps\";b:1;s:13:\"usesUniqueIds\";b:0;s:9:\"\0*\0hidden\";a:0:{}s:10:\"\0*\0visible\";a:0:{}s:11:\"\0*\0fillable\";a:4:{i:0;s:8:\"level_id\";i:1;s:4:\"name\";i:2;s:8:\"capacity\";i:3;s:10:\"teacher_id\";}s:10:\"\0*\0guarded\";a:1:{i:0;s:1:\"*\";}}i:1;O:21:\"App\\Models\\ClassModel\":33:{s:13:\"\0*\0connection\";s:5:\"mysql\";s:8:\"\0*\0table\";s:7:\"classes\";s:13:\"\0*\0primaryKey\";s:2:\"id\";s:10:\"\0*\0keyType\";s:3:\"int\";s:12:\"incrementing\";b:1;s:7:\"\0*\0with\";a:0:{}s:12:\"\0*\0withCount\";a:0:{}s:19:\"preventsLazyLoading\";b:0;s:10:\"\0*\0perPage\";i:15;s:6:\"exists\";b:1;s:18:\"wasRecentlyCreated\";b:0;s:28:\"\0*\0escapeWhenCastingToString\";b:0;s:13:\"\0*\0attributes\";a:8:{s:2:\"id\";i:2;s:14:\"school_year_id\";N;s:8:\"level_id\";i:1;s:4:\"name\";s:4:\"PS-2\";s:8:\"capacity\";i:30;s:10:\"teacher_id\";N;s:10:\"created_at\";s:19:\"2025-12-16 23:26:28\";s:10:\"updated_at\";s:19:\"2025-12-16 23:26:28\";}s:11:\"\0*\0original\";a:8:{s:2:\"id\";i:2;s:14:\"school_year_id\";N;s:8:\"level_id\";i:1;s:4:\"name\";s:4:\"PS-2\";s:8:\"capacity\";i:30;s:10:\"teacher_id\";N;s:10:\"created_at\";s:19:\"2025-12-16 23:26:28\";s:10:\"updated_at\";s:19:\"2025-12-16 23:26:28\";}s:10:\"\0*\0changes\";a:0:{}s:11:\"\0*\0previous\";a:0:{}s:8:\"\0*\0casts\";a:0:{}s:17:\"\0*\0classCastCache\";a:0:{}s:21:\"\0*\0attributeCastCache\";a:0:{}s:13:\"\0*\0dateFormat\";N;s:10:\"\0*\0appends\";a:0:{}s:19:\"\0*\0dispatchesEvents\";a:0:{}s:14:\"\0*\0observables\";a:0:{}s:12:\"\0*\0relations\";a:1:{s:5:\"level\";r:44;}s:10:\"\0*\0touches\";a:0:{}s:27:\"\0*\0relationAutoloadCallback\";N;s:26:\"\0*\0relationAutoloadContext\";N;s:10:\"timestamps\";b:1;s:13:\"usesUniqueIds\";b:0;s:9:\"\0*\0hidden\";a:0:{}s:10:\"\0*\0visible\";a:0:{}s:11:\"\0*\0fillable\";a:4:{i:0;s:8:\"level_id\";i:1;s:4:\"name\";i:2;s:8:\"capacity\";i:3;s:10:\"teacher_id\";}s:10:\"\0*\0guarded\";a:1:{i:0;s:1:\"*\";}}i:2;O:21:\"App\\Models\\ClassModel\":33:{s:13:\"\0*\0connection\";s:5:\"mysql\";s:8:\"\0*\0table\";s:7:\"classes\";s:13:\"\0*\0primaryKey\";s:2:\"id\";s:10:\"\0*\0keyType\";s:3:\"int\";s:12:\"incrementing\";b:1;s:7:\"\0*\0with\";a:0:{}s:12:\"\0*\0withCount\";a:0:{}s:19:\"preventsLazyLoading\";b:0;s:10:\"\0*\0perPage\";i:15;s:6:\"exists\";b:1;s:18:\"wasRecentlyCreated\";b:0;s:28:\"\0*\0escapeWhenCastingToString\";b:0;s:13:\"\0*\0attributes\";a:8:{s:2:\"id\";i:3;s:14:\"school_year_id\";N;s:8:\"level_id\";i:2;s:4:\"name\";s:4:\"MS-1\";s:8:\"capacity\";i:30;s:10:\"teacher_id\";N;s:10:\"created_at\";s:19:\"2025-12-16 23:26:28\";s:10:\"updated_at\";s:19:\"2025-12-16 23:26:28\";}s:11:\"\0*\0original\";a:8:{s:2:\"id\";i:3;s:14:\"school_year_id\";N;s:8:\"level_id\";i:2;s:4:\"name\";s:4:\"MS-1\";s:8:\"capacity\";i:30;s:10:\"teacher_id\";N;s:10:\"created_at\";s:19:\"2025-12-16 23:26:28\";s:10:\"updated_at\";s:19:\"2025-12-16 23:26:28\";}s:10:\"\0*\0changes\";a:0:{}s:11:\"\0*\0previous\";a:0:{}s:8:\"\0*\0casts\";a:0:{}s:17:\"\0*\0classCastCache\";a:0:{}s:21:\"\0*\0attributeCastCache\";a:0:{}s:13:\"\0*\0dateFormat\";N;s:10:\"\0*\0appends\";a:0:{}s:19:\"\0*\0dispatchesEvents\";a:0:{}s:14:\"\0*\0observables\";a:0:{}s:12:\"\0*\0relations\";a:1:{s:5:\"level\";O:16:\"App\\Models\\Level\":33:{s:13:\"\0*\0connection\";s:5:\"mysql\";s:8:\"\0*\0table\";s:6:\"levels\";s:13:\"\0*\0primaryKey\";s:2:\"id\";s:10:\"\0*\0keyType\";s:3:\"int\";s:12:\"incrementing\";b:1;s:7:\"\0*\0with\";a:0:{}s:12:\"\0*\0withCount\";a:0:{}s:19:\"preventsLazyLoading\";b:0;s:10:\"\0*\0perPage\";i:15;s:6:\"exists\";b:1;s:18:\"wasRecentlyCreated\";b:0;s:28:\"\0*\0escapeWhenCastingToString\";b:0;s:13:\"\0*\0attributes\";a:14:{s:2:\"id\";i:2;s:14:\"school_year_id\";N;s:4:\"code\";s:2:\"MS\";s:10:\"sort_order\";i:2;s:4:\"name\";s:15:\"Moyenne Section\";s:11:\"monthly_fee\";s:6:\"450.00\";s:13:\"cafeteria_fee\";s:4:\"0.00\";s:18:\"transportation_fee\";s:4:\"0.00\";s:19:\"private_lessons_fee\";s:4:\"0.00\";s:13:\"insurance_fee\";s:4:\"0.00\";s:13:\"schooling_fee\";s:4:\"0.00\";s:11:\"nursery_fee\";s:4:\"0.00\";s:10:\"created_at\";s:19:\"2025-12-16 23:26:28\";s:10:\"updated_at\";s:19:\"2025-12-16 23:26:28\";}s:11:\"\0*\0original\";a:14:{s:2:\"id\";i:2;s:14:\"school_year_id\";N;s:4:\"code\";s:2:\"MS\";s:10:\"sort_order\";i:2;s:4:\"name\";s:15:\"Moyenne Section\";s:11:\"monthly_fee\";s:6:\"450.00\";s:13:\"cafeteria_fee\";s:4:\"0.00\";s:18:\"transportation_fee\";s:4:\"0.00\";s:19:\"private_lessons_fee\";s:4:\"0.00\";s:13:\"insurance_fee\";s:4:\"0.00\";s:13:\"schooling_fee\";s:4:\"0.00\";s:11:\"nursery_fee\";s:4:\"0.00\";s:10:\"created_at\";s:19:\"2025-12-16 23:26:28\";s:10:\"updated_at\";s:19:\"2025-12-16 23:26:28\";}s:10:\"\0*\0changes\";a:0:{}s:11:\"\0*\0previous\";a:0:{}s:8:\"\0*\0casts\";a:7:{s:11:\"monthly_fee\";s:9:\"decimal:2\";s:18:\"transportation_fee\";s:9:\"decimal:2\";s:13:\"cafeteria_fee\";s:9:\"decimal:2\";s:11:\"nursery_fee\";s:9:\"decimal:2\";s:19:\"private_lessons_fee\";s:9:\"decimal:2\";s:13:\"insurance_fee\";s:9:\"decimal:2\";s:13:\"schooling_fee\";s:9:\"decimal:2\";}s:17:\"\0*\0classCastCache\";a:0:{}s:21:\"\0*\0attributeCastCache\";a:0:{}s:13:\"\0*\0dateFormat\";N;s:10:\"\0*\0appends\";a:0:{}s:19:\"\0*\0dispatchesEvents\";a:0:{}s:14:\"\0*\0observables\";a:0:{}s:12:\"\0*\0relations\";a:0:{}s:10:\"\0*\0touches\";a:0:{}s:27:\"\0*\0relationAutoloadCallback\";N;s:26:\"\0*\0relationAutoloadContext\";N;s:10:\"timestamps\";b:1;s:13:\"usesUniqueIds\";b:0;s:9:\"\0*\0hidden\";a:0:{}s:10:\"\0*\0visible\";a:0:{}s:11:\"\0*\0fillable\";a:10:{i:0;s:4:\"code\";i:1;s:4:\"name\";i:2;s:10:\"sort_order\";i:3;s:11:\"monthly_fee\";i:4;s:18:\"transportation_fee\";i:5;s:13:\"cafeteria_fee\";i:6;s:11:\"nursery_fee\";i:7;s:19:\"private_lessons_fee\";i:8;s:13:\"insurance_fee\";i:9;s:13:\"schooling_fee\";}s:10:\"\0*\0guarded\";a:1:{i:0;s:1:\"*\";}}}s:10:\"\0*\0touches\";a:0:{}s:27:\"\0*\0relationAutoloadCallback\";N;s:26:\"\0*\0relationAutoloadContext\";N;s:10:\"timestamps\";b:1;s:13:\"usesUniqueIds\";b:0;s:9:\"\0*\0hidden\";a:0:{}s:10:\"\0*\0visible\";a:0:{}s:11:\"\0*\0fillable\";a:4:{i:0;s:8:\"level_id\";i:1;s:4:\"name\";i:2;s:8:\"capacity\";i:3;s:10:\"teacher_id\";}s:10:\"\0*\0guarded\";a:1:{i:0;s:1:\"*\";}}i:3;O:21:\"App\\Models\\ClassModel\":33:{s:13:\"\0*\0connection\";s:5:\"mysql\";s:8:\"\0*\0table\";s:7:\"classes\";s:13:\"\0*\0primaryKey\";s:2:\"id\";s:10:\"\0*\0keyType\";s:3:\"int\";s:12:\"incrementing\";b:1;s:7:\"\0*\0with\";a:0:{}s:12:\"\0*\0withCount\";a:0:{}s:19:\"preventsLazyLoading\";b:0;s:10:\"\0*\0perPage\";i:15;s:6:\"exists\";b:1;s:18:\"wasRecentlyCreated\";b:0;s:28:\"\0*\0escapeWhenCastingToString\";b:0;s:13:\"\0*\0attributes\";a:8:{s:2:\"id\";i:4;s:14:\"school_year_id\";N;s:8:\"level_id\";i:2;s:4:\"name\";s:4:\"MS-2\";s:8:\"capacity\";i:30;s:10:\"teacher_id\";N;s:10:\"created_at\";s:19:\"2025-12-16 23:26:28\";s:10:\"updated_at\";s:19:\"2025-12-16 23:26:28\";}s:11:\"\0*\0original\";a:8:{s:2:\"id\";i:4;s:14:\"school_year_id\";N;s:8:\"level_id\";i:2;s:4:\"name\";s:4:\"MS-2\";s:8:\"capacity\";i:30;s:10:\"teacher_id\";N;s:10:\"created_at\";s:19:\"2025-12-16 23:26:28\";s:10:\"updated_at\";s:19:\"2025-12-16 23:26:28\";}s:10:\"\0*\0changes\";a:0:{}s:11:\"\0*\0previous\";a:0:{}s:8:\"\0*\0casts\";a:0:{}s:17:\"\0*\0classCastCache\";a:0:{}s:21:\"\0*\0attributeCastCache\";a:0:{}s:13:\"\0*\0dateFormat\";N;s:10:\"\0*\0appends\";a:0:{}s:19:\"\0*\0dispatchesEvents\";a:0:{}s:14:\"\0*\0observables\";a:0:{}s:12:\"\0*\0relations\";a:1:{s:5:\"level\";r:235;}s:10:\"\0*\0touches\";a:0:{}s:27:\"\0*\0relationAutoloadCallback\";N;s:26:\"\0*\0relationAutoloadContext\";N;s:10:\"timestamps\";b:1;s:13:\"usesUniqueIds\";b:0;s:9:\"\0*\0hidden\";a:0:{}s:10:\"\0*\0visible\";a:0:{}s:11:\"\0*\0fillable\";a:4:{i:0;s:8:\"level_id\";i:1;s:4:\"name\";i:2;s:8:\"capacity\";i:3;s:10:\"teacher_id\";}s:10:\"\0*\0guarded\";a:1:{i:0;s:1:\"*\";}}i:4;O:21:\"App\\Models\\ClassModel\":33:{s:13:\"\0*\0connection\";s:5:\"mysql\";s:8:\"\0*\0table\";s:7:\"classes\";s:13:\"\0*\0primaryKey\";s:2:\"id\";s:10:\"\0*\0keyType\";s:3:\"int\";s:12:\"incrementing\";b:1;s:7:\"\0*\0with\";a:0:{}s:12:\"\0*\0withCount\";a:0:{}s:19:\"preventsLazyLoading\";b:0;s:10:\"\0*\0perPage\";i:15;s:6:\"exists\";b:1;s:18:\"wasRecentlyCreated\";b:0;s:28:\"\0*\0escapeWhenCastingToString\";b:0;s:13:\"\0*\0attributes\";a:8:{s:2:\"id\";i:5;s:14:\"school_year_id\";N;s:8:\"level_id\";i:3;s:4:\"name\";s:4:\"GS-1\";s:8:\"capacity\";i:30;s:10:\"teacher_id\";N;s:10:\"created_at\";s:19:\"2025-12-16 23:26:28\";s:10:\"updated_at\";s:19:\"2025-12-16 23:26:28\";}s:11:\"\0*\0original\";a:8:{s:2:\"id\";i:5;s:14:\"school_year_id\";N;s:8:\"level_id\";i:3;s:4:\"name\";s:4:\"GS-1\";s:8:\"capacity\";i:30;s:10:\"teacher_id\";N;s:10:\"created_at\";s:19:\"2025-12-16 23:26:28\";s:10:\"updated_at\";s:19:\"2025-12-16 23:26:28\";}s:10:\"\0*\0changes\";a:0:{}s:11:\"\0*\0previous\";a:0:{}s:8:\"\0*\0casts\";a:0:{}s:17:\"\0*\0classCastCache\";a:0:{}s:21:\"\0*\0attributeCastCache\";a:0:{}s:13:\"\0*\0dateFormat\";N;s:10:\"\0*\0appends\";a:0:{}s:19:\"\0*\0dispatchesEvents\";a:0:{}s:14:\"\0*\0observables\";a:0:{}s:12:\"\0*\0relations\";a:1:{s:5:\"level\";O:16:\"App\\Models\\Level\":33:{s:13:\"\0*\0connection\";s:5:\"mysql\";s:8:\"\0*\0table\";s:6:\"levels\";s:13:\"\0*\0primaryKey\";s:2:\"id\";s:10:\"\0*\0keyType\";s:3:\"int\";s:12:\"incrementing\";b:1;s:7:\"\0*\0with\";a:0:{}s:12:\"\0*\0withCount\";a:0:{}s:19:\"preventsLazyLoading\";b:0;s:10:\"\0*\0perPage\";i:15;s:6:\"exists\";b:1;s:18:\"wasRecentlyCreated\";b:0;s:28:\"\0*\0escapeWhenCastingToString\";b:0;s:13:\"\0*\0attributes\";a:14:{s:2:\"id\";i:3;s:14:\"school_year_id\";N;s:4:\"code\";s:2:\"GS\";s:10:\"sort_order\";i:3;s:4:\"name\";s:14:\"Grande Section\";s:11:\"monthly_fee\";s:6:\"500.00\";s:13:\"cafeteria_fee\";s:4:\"0.00\";s:18:\"transportation_fee\";s:4:\"0.00\";s:19:\"private_lessons_fee\";s:4:\"0.00\";s:13:\"insurance_fee\";s:4:\"0.00\";s:13:\"schooling_fee\";s:4:\"0.00\";s:11:\"nursery_fee\";s:4:\"0.00\";s:10:\"created_at\";s:19:\"2025-12-16 23:26:28\";s:10:\"updated_at\";s:19:\"2025-12-16 23:26:28\";}s:11:\"\0*\0original\";a:14:{s:2:\"id\";i:3;s:14:\"school_year_id\";N;s:4:\"code\";s:2:\"GS\";s:10:\"sort_order\";i:3;s:4:\"name\";s:14:\"Grande Section\";s:11:\"monthly_fee\";s:6:\"500.00\";s:13:\"cafeteria_fee\";s:4:\"0.00\";s:18:\"transportation_fee\";s:4:\"0.00\";s:19:\"private_lessons_fee\";s:4:\"0.00\";s:13:\"insurance_fee\";s:4:\"0.00\";s:13:\"schooling_fee\";s:4:\"0.00\";s:11:\"nursery_fee\";s:4:\"0.00\";s:10:\"created_at\";s:19:\"2025-12-16 23:26:28\";s:10:\"updated_at\";s:19:\"2025-12-16 23:26:28\";}s:10:\"\0*\0changes\";a:0:{}s:11:\"\0*\0previous\";a:0:{}s:8:\"\0*\0casts\";a:7:{s:11:\"monthly_fee\";s:9:\"decimal:2\";s:18:\"transportation_fee\";s:9:\"decimal:2\";s:13:\"cafeteria_fee\";s:9:\"decimal:2\";s:11:\"nursery_fee\";s:9:\"decimal:2\";s:19:\"private_lessons_fee\";s:9:\"decimal:2\";s:13:\"insurance_fee\";s:9:\"decimal:2\";s:13:\"schooling_fee\";s:9:\"decimal:2\";}s:17:\"\0*\0classCastCache\";a:0:{}s:21:\"\0*\0attributeCastCache\";a:0:{}s:13:\"\0*\0dateFormat\";N;s:10:\"\0*\0appends\";a:0:{}s:19:\"\0*\0dispatchesEvents\";a:0:{}s:14:\"\0*\0observables\";a:0:{}s:12:\"\0*\0relations\";a:0:{}s:10:\"\0*\0touches\";a:0:{}s:27:\"\0*\0relationAutoloadCallback\";N;s:26:\"\0*\0relationAutoloadContext\";N;s:10:\"timestamps\";b:1;s:13:\"usesUniqueIds\";b:0;s:9:\"\0*\0hidden\";a:0:{}s:10:\"\0*\0visible\";a:0:{}s:11:\"\0*\0fillable\";a:10:{i:0;s:4:\"code\";i:1;s:4:\"name\";i:2;s:10:\"sort_order\";i:3;s:11:\"monthly_fee\";i:4;s:18:\"transportation_fee\";i:5;s:13:\"cafeteria_fee\";i:6;s:11:\"nursery_fee\";i:7;s:19:\"private_lessons_fee\";i:8;s:13:\"insurance_fee\";i:9;s:13:\"schooling_fee\";}s:10:\"\0*\0guarded\";a:1:{i:0;s:1:\"*\";}}}s:10:\"\0*\0touches\";a:0:{}s:27:\"\0*\0relationAutoloadCallback\";N;s:26:\"\0*\0relationAutoloadContext\";N;s:10:\"timestamps\";b:1;s:13:\"usesUniqueIds\";b:0;s:9:\"\0*\0hidden\";a:0:{}s:10:\"\0*\0visible\";a:0:{}s:11:\"\0*\0fillable\";a:4:{i:0;s:8:\"level_id\";i:1;s:4:\"name\";i:2;s:8:\"capacity\";i:3;s:10:\"teacher_id\";}s:10:\"\0*\0guarded\";a:1:{i:0;s:1:\"*\";}}i:5;O:21:\"App\\Models\\ClassModel\":33:{s:13:\"\0*\0connection\";s:5:\"mysql\";s:8:\"\0*\0table\";s:7:\"classes\";s:13:\"\0*\0primaryKey\";s:2:\"id\";s:10:\"\0*\0keyType\";s:3:\"int\";s:12:\"incrementing\";b:1;s:7:\"\0*\0with\";a:0:{}s:12:\"\0*\0withCount\";a:0:{}s:19:\"preventsLazyLoading\";b:0;s:10:\"\0*\0perPage\";i:15;s:6:\"exists\";b:1;s:18:\"wasRecentlyCreated\";b:0;s:28:\"\0*\0escapeWhenCastingToString\";b:0;s:13:\"\0*\0attributes\";a:8:{s:2:\"id\";i:6;s:14:\"school_year_id\";N;s:8:\"level_id\";i:3;s:4:\"name\";s:4:\"GS-2\";s:8:\"capacity\";i:30;s:10:\"teacher_id\";N;s:10:\"created_at\";s:19:\"2025-12-16 23:26:28\";s:10:\"updated_at\";s:19:\"2025-12-16 23:26:28\";}s:11:\"\0*\0original\";a:8:{s:2:\"id\";i:6;s:14:\"school_year_id\";N;s:8:\"level_id\";i:3;s:4:\"name\";s:4:\"GS-2\";s:8:\"capacity\";i:30;s:10:\"teacher_id\";N;s:10:\"created_at\";s:19:\"2025-12-16 23:26:28\";s:10:\"updated_at\";s:19:\"2025-12-16 23:26:28\";}s:10:\"\0*\0changes\";a:0:{}s:11:\"\0*\0previous\";a:0:{}s:8:\"\0*\0casts\";a:0:{}s:17:\"\0*\0classCastCache\";a:0:{}s:21:\"\0*\0attributeCastCache\";a:0:{}s:13:\"\0*\0dateFormat\";N;s:10:\"\0*\0appends\";a:0:{}s:19:\"\0*\0dispatchesEvents\";a:0:{}s:14:\"\0*\0observables\";a:0:{}s:12:\"\0*\0relations\";a:1:{s:5:\"level\";r:426;}s:10:\"\0*\0touches\";a:0:{}s:27:\"\0*\0relationAutoloadCallback\";N;s:26:\"\0*\0relationAutoloadContext\";N;s:10:\"timestamps\";b:1;s:13:\"usesUniqueIds\";b:0;s:9:\"\0*\0hidden\";a:0:{}s:10:\"\0*\0visible\";a:0:{}s:11:\"\0*\0fillable\";a:4:{i:0;s:8:\"level_id\";i:1;s:4:\"name\";i:2;s:8:\"capacity\";i:3;s:10:\"teacher_id\";}s:10:\"\0*\0guarded\";a:1:{i:0;s:1:\"*\";}}i:6;O:21:\"App\\Models\\ClassModel\":33:{s:13:\"\0*\0connection\";s:5:\"mysql\";s:8:\"\0*\0table\";s:7:\"classes\";s:13:\"\0*\0primaryKey\";s:2:\"id\";s:10:\"\0*\0keyType\";s:3:\"int\";s:12:\"incrementing\";b:1;s:7:\"\0*\0with\";a:0:{}s:12:\"\0*\0withCount\";a:0:{}s:19:\"preventsLazyLoading\";b:0;s:10:\"\0*\0perPage\";i:15;s:6:\"exists\";b:1;s:18:\"wasRecentlyCreated\";b:0;s:28:\"\0*\0escapeWhenCastingToString\";b:0;s:13:\"\0*\0attributes\";a:8:{s:2:\"id\";i:7;s:14:\"school_year_id\";N;s:8:\"level_id\";i:4;s:4:\"name\";s:6:\"1APG-1\";s:8:\"capacity\";i:30;s:10:\"teacher_id\";N;s:10:\"created_at\";s:19:\"2025-12-16 23:26:28\";s:10:\"updated_at\";s:19:\"2025-12-16 23:26:28\";}s:11:\"\0*\0original\";a:8:{s:2:\"id\";i:7;s:14:\"school_year_id\";N;s:8:\"level_id\";i:4;s:4:\"name\";s:6:\"1APG-1\";s:8:\"capacity\";i:30;s:10:\"teacher_id\";N;s:10:\"created_at\";s:19:\"2025-12-16 23:26:28\";s:10:\"updated_at\";s:19:\"2025-12-16 23:26:28\";}s:10:\"\0*\0changes\";a:0:{}s:11:\"\0*\0previous\";a:0:{}s:8:\"\0*\0casts\";a:0:{}s:17:\"\0*\0classCastCache\";a:0:{}s:21:\"\0*\0attributeCastCache\";a:0:{}s:13:\"\0*\0dateFormat\";N;s:10:\"\0*\0appends\";a:0:{}s:19:\"\0*\0dispatchesEvents\";a:0:{}s:14:\"\0*\0observables\";a:0:{}s:12:\"\0*\0relations\";a:1:{s:5:\"level\";O:16:\"App\\Models\\Level\":33:{s:13:\"\0*\0connection\";s:5:\"mysql\";s:8:\"\0*\0table\";s:6:\"levels\";s:13:\"\0*\0primaryKey\";s:2:\"id\";s:10:\"\0*\0keyType\";s:3:\"int\";s:12:\"incrementing\";b:1;s:7:\"\0*\0with\";a:0:{}s:12:\"\0*\0withCount\";a:0:{}s:19:\"preventsLazyLoading\";b:0;s:10:\"\0*\0perPage\";i:15;s:6:\"exists\";b:1;s:18:\"wasRecentlyCreated\";b:0;s:28:\"\0*\0escapeWhenCastingToString\";b:0;s:13:\"\0*\0attributes\";a:14:{s:2:\"id\";i:4;s:14:\"school_year_id\";N;s:4:\"code\";s:4:\"1APG\";s:10:\"sort_order\";i:5;s:4:\"name\";s:21:\"1ère Année Primaire\";s:11:\"monthly_fee\";s:6:\"550.00\";s:13:\"cafeteria_fee\";s:4:\"0.00\";s:18:\"transportation_fee\";s:4:\"0.00\";s:19:\"private_lessons_fee\";s:4:\"0.00\";s:13:\"insurance_fee\";s:4:\"0.00\";s:13:\"schooling_fee\";s:4:\"0.00\";s:11:\"nursery_fee\";s:4:\"0.00\";s:10:\"created_at\";s:19:\"2025-12-16 23:26:28\";s:10:\"updated_at\";s:19:\"2025-12-16 23:26:28\";}s:11:\"\0*\0original\";a:14:{s:2:\"id\";i:4;s:14:\"school_year_id\";N;s:4:\"code\";s:4:\"1APG\";s:10:\"sort_order\";i:5;s:4:\"name\";s:21:\"1ère Année Primaire\";s:11:\"monthly_fee\";s:6:\"550.00\";s:13:\"cafeteria_fee\";s:4:\"0.00\";s:18:\"transportation_fee\";s:4:\"0.00\";s:19:\"private_lessons_fee\";s:4:\"0.00\";s:13:\"insurance_fee\";s:4:\"0.00\";s:13:\"schooling_fee\";s:4:\"0.00\";s:11:\"nursery_fee\";s:4:\"0.00\";s:10:\"created_at\";s:19:\"2025-12-16 23:26:28\";s:10:\"updated_at\";s:19:\"2025-12-16 23:26:28\";}s:10:\"\0*\0changes\";a:0:{}s:11:\"\0*\0previous\";a:0:{}s:8:\"\0*\0casts\";a:7:{s:11:\"monthly_fee\";s:9:\"decimal:2\";s:18:\"transportation_fee\";s:9:\"decimal:2\";s:13:\"cafeteria_fee\";s:9:\"decimal:2\";s:11:\"nursery_fee\";s:9:\"decimal:2\";s:19:\"private_lessons_fee\";s:9:\"decimal:2\";s:13:\"insurance_fee\";s:9:\"decimal:2\";s:13:\"schooling_fee\";s:9:\"decimal:2\";}s:17:\"\0*\0classCastCache\";a:0:{}s:21:\"\0*\0attributeCastCache\";a:0:{}s:13:\"\0*\0dateFormat\";N;s:10:\"\0*\0appends\";a:0:{}s:19:\"\0*\0dispatchesEvents\";a:0:{}s:14:\"\0*\0observables\";a:0:{}s:12:\"\0*\0relations\";a:0:{}s:10:\"\0*\0touches\";a:0:{}s:27:\"\0*\0relationAutoloadCallback\";N;s:26:\"\0*\0relationAutoloadContext\";N;s:10:\"timestamps\";b:1;s:13:\"usesUniqueIds\";b:0;s:9:\"\0*\0hidden\";a:0:{}s:10:\"\0*\0visible\";a:0:{}s:11:\"\0*\0fillable\";a:10:{i:0;s:4:\"code\";i:1;s:4:\"name\";i:2;s:10:\"sort_order\";i:3;s:11:\"monthly_fee\";i:4;s:18:\"transportation_fee\";i:5;s:13:\"cafeteria_fee\";i:6;s:11:\"nursery_fee\";i:7;s:19:\"private_lessons_fee\";i:8;s:13:\"insurance_fee\";i:9;s:13:\"schooling_fee\";}s:10:\"\0*\0guarded\";a:1:{i:0;s:1:\"*\";}}}s:10:\"\0*\0touches\";a:0:{}s:27:\"\0*\0relationAutoloadCallback\";N;s:26:\"\0*\0relationAutoloadContext\";N;s:10:\"timestamps\";b:1;s:13:\"usesUniqueIds\";b:0;s:9:\"\0*\0hidden\";a:0:{}s:10:\"\0*\0visible\";a:0:{}s:11:\"\0*\0fillable\";a:4:{i:0;s:8:\"level_id\";i:1;s:4:\"name\";i:2;s:8:\"capacity\";i:3;s:10:\"teacher_id\";}s:10:\"\0*\0guarded\";a:1:{i:0;s:1:\"*\";}}i:7;O:21:\"App\\Models\\ClassModel\":33:{s:13:\"\0*\0connection\";s:5:\"mysql\";s:8:\"\0*\0table\";s:7:\"classes\";s:13:\"\0*\0primaryKey\";s:2:\"id\";s:10:\"\0*\0keyType\";s:3:\"int\";s:12:\"incrementing\";b:1;s:7:\"\0*\0with\";a:0:{}s:12:\"\0*\0withCount\";a:0:{}s:19:\"preventsLazyLoading\";b:0;s:10:\"\0*\0perPage\";i:15;s:6:\"exists\";b:1;s:18:\"wasRecentlyCreated\";b:0;s:28:\"\0*\0escapeWhenCastingToString\";b:0;s:13:\"\0*\0attributes\";a:8:{s:2:\"id\";i:8;s:14:\"school_year_id\";N;s:8:\"level_id\";i:4;s:4:\"name\";s:6:\"1APG-2\";s:8:\"capacity\";i:30;s:10:\"teacher_id\";N;s:10:\"created_at\";s:19:\"2025-12-16 23:26:28\";s:10:\"updated_at\";s:19:\"2025-12-16 23:26:28\";}s:11:\"\0*\0original\";a:8:{s:2:\"id\";i:8;s:14:\"school_year_id\";N;s:8:\"level_id\";i:4;s:4:\"name\";s:6:\"1APG-2\";s:8:\"capacity\";i:30;s:10:\"teacher_id\";N;s:10:\"created_at\";s:19:\"2025-12-16 23:26:28\";s:10:\"updated_at\";s:19:\"2025-12-16 23:26:28\";}s:10:\"\0*\0changes\";a:0:{}s:11:\"\0*\0previous\";a:0:{}s:8:\"\0*\0casts\";a:0:{}s:17:\"\0*\0classCastCache\";a:0:{}s:21:\"\0*\0attributeCastCache\";a:0:{}s:13:\"\0*\0dateFormat\";N;s:10:\"\0*\0appends\";a:0:{}s:19:\"\0*\0dispatchesEvents\";a:0:{}s:14:\"\0*\0observables\";a:0:{}s:12:\"\0*\0relations\";a:1:{s:5:\"level\";r:617;}s:10:\"\0*\0touches\";a:0:{}s:27:\"\0*\0relationAutoloadCallback\";N;s:26:\"\0*\0relationAutoloadContext\";N;s:10:\"timestamps\";b:1;s:13:\"usesUniqueIds\";b:0;s:9:\"\0*\0hidden\";a:0:{}s:10:\"\0*\0visible\";a:0:{}s:11:\"\0*\0fillable\";a:4:{i:0;s:8:\"level_id\";i:1;s:4:\"name\";i:2;s:8:\"capacity\";i:3;s:10:\"teacher_id\";}s:10:\"\0*\0guarded\";a:1:{i:0;s:1:\"*\";}}i:8;O:21:\"App\\Models\\ClassModel\":33:{s:13:\"\0*\0connection\";s:5:\"mysql\";s:8:\"\0*\0table\";s:7:\"classes\";s:13:\"\0*\0primaryKey\";s:2:\"id\";s:10:\"\0*\0keyType\";s:3:\"int\";s:12:\"incrementing\";b:1;s:7:\"\0*\0with\";a:0:{}s:12:\"\0*\0withCount\";a:0:{}s:19:\"preventsLazyLoading\";b:0;s:10:\"\0*\0perPage\";i:15;s:6:\"exists\";b:1;s:18:\"wasRecentlyCreated\";b:0;s:28:\"\0*\0escapeWhenCastingToString\";b:0;s:13:\"\0*\0attributes\";a:8:{s:2:\"id\";i:9;s:14:\"school_year_id\";N;s:8:\"level_id\";i:5;s:4:\"name\";s:6:\"2APG-1\";s:8:\"capacity\";i:30;s:10:\"teacher_id\";N;s:10:\"created_at\";s:19:\"2025-12-16 23:26:28\";s:10:\"updated_at\";s:19:\"2025-12-16 23:26:28\";}s:11:\"\0*\0original\";a:8:{s:2:\"id\";i:9;s:14:\"school_year_id\";N;s:8:\"level_id\";i:5;s:4:\"name\";s:6:\"2APG-1\";s:8:\"capacity\";i:30;s:10:\"teacher_id\";N;s:10:\"created_at\";s:19:\"2025-12-16 23:26:28\";s:10:\"updated_at\";s:19:\"2025-12-16 23:26:28\";}s:10:\"\0*\0changes\";a:0:{}s:11:\"\0*\0previous\";a:0:{}s:8:\"\0*\0casts\";a:0:{}s:17:\"\0*\0classCastCache\";a:0:{}s:21:\"\0*\0attributeCastCache\";a:0:{}s:13:\"\0*\0dateFormat\";N;s:10:\"\0*\0appends\";a:0:{}s:19:\"\0*\0dispatchesEvents\";a:0:{}s:14:\"\0*\0observables\";a:0:{}s:12:\"\0*\0relations\";a:1:{s:5:\"level\";O:16:\"App\\Models\\Level\":33:{s:13:\"\0*\0connection\";s:5:\"mysql\";s:8:\"\0*\0table\";s:6:\"levels\";s:13:\"\0*\0primaryKey\";s:2:\"id\";s:10:\"\0*\0keyType\";s:3:\"int\";s:12:\"incrementing\";b:1;s:7:\"\0*\0with\";a:0:{}s:12:\"\0*\0withCount\";a:0:{}s:19:\"preventsLazyLoading\";b:0;s:10:\"\0*\0perPage\";i:15;s:6:\"exists\";b:1;s:18:\"wasRecentlyCreated\";b:0;s:28:\"\0*\0escapeWhenCastingToString\";b:0;s:13:\"\0*\0attributes\";a:14:{s:2:\"id\";i:5;s:14:\"school_year_id\";N;s:4:\"code\";s:4:\"2APG\";s:10:\"sort_order\";i:6;s:4:\"name\";s:21:\"2ème Année Primaire\";s:11:\"monthly_fee\";s:6:\"600.00\";s:13:\"cafeteria_fee\";s:4:\"0.00\";s:18:\"transportation_fee\";s:4:\"0.00\";s:19:\"private_lessons_fee\";s:4:\"0.00\";s:13:\"insurance_fee\";s:4:\"0.00\";s:13:\"schooling_fee\";s:4:\"0.00\";s:11:\"nursery_fee\";s:4:\"0.00\";s:10:\"created_at\";s:19:\"2025-12-16 23:26:28\";s:10:\"updated_at\";s:19:\"2025-12-16 23:26:28\";}s:11:\"\0*\0original\";a:14:{s:2:\"id\";i:5;s:14:\"school_year_id\";N;s:4:\"code\";s:4:\"2APG\";s:10:\"sort_order\";i:6;s:4:\"name\";s:21:\"2ème Année Primaire\";s:11:\"monthly_fee\";s:6:\"600.00\";s:13:\"cafeteria_fee\";s:4:\"0.00\";s:18:\"transportation_fee\";s:4:\"0.00\";s:19:\"private_lessons_fee\";s:4:\"0.00\";s:13:\"insurance_fee\";s:4:\"0.00\";s:13:\"schooling_fee\";s:4:\"0.00\";s:11:\"nursery_fee\";s:4:\"0.00\";s:10:\"created_at\";s:19:\"2025-12-16 23:26:28\";s:10:\"updated_at\";s:19:\"2025-12-16 23:26:28\";}s:10:\"\0*\0changes\";a:0:{}s:11:\"\0*\0previous\";a:0:{}s:8:\"\0*\0casts\";a:7:{s:11:\"monthly_fee\";s:9:\"decimal:2\";s:18:\"transportation_fee\";s:9:\"decimal:2\";s:13:\"cafeteria_fee\";s:9:\"decimal:2\";s:11:\"nursery_fee\";s:9:\"decimal:2\";s:19:\"private_lessons_fee\";s:9:\"decimal:2\";s:13:\"insurance_fee\";s:9:\"decimal:2\";s:13:\"schooling_fee\";s:9:\"decimal:2\";}s:17:\"\0*\0classCastCache\";a:0:{}s:21:\"\0*\0attributeCastCache\";a:0:{}s:13:\"\0*\0dateFormat\";N;s:10:\"\0*\0appends\";a:0:{}s:19:\"\0*\0dispatchesEvents\";a:0:{}s:14:\"\0*\0observables\";a:0:{}s:12:\"\0*\0relations\";a:0:{}s:10:\"\0*\0touches\";a:0:{}s:27:\"\0*\0relationAutoloadCallback\";N;s:26:\"\0*\0relationAutoloadContext\";N;s:10:\"timestamps\";b:1;s:13:\"usesUniqueIds\";b:0;s:9:\"\0*\0hidden\";a:0:{}s:10:\"\0*\0visible\";a:0:{}s:11:\"\0*\0fillable\";a:10:{i:0;s:4:\"code\";i:1;s:4:\"name\";i:2;s:10:\"sort_order\";i:3;s:11:\"monthly_fee\";i:4;s:18:\"transportation_fee\";i:5;s:13:\"cafeteria_fee\";i:6;s:11:\"nursery_fee\";i:7;s:19:\"private_lessons_fee\";i:8;s:13:\"insurance_fee\";i:9;s:13:\"schooling_fee\";}s:10:\"\0*\0guarded\";a:1:{i:0;s:1:\"*\";}}}s:10:\"\0*\0touches\";a:0:{}s:27:\"\0*\0relationAutoloadCallback\";N;s:26:\"\0*\0relationAutoloadContext\";N;s:10:\"timestamps\";b:1;s:13:\"usesUniqueIds\";b:0;s:9:\"\0*\0hidden\";a:0:{}s:10:\"\0*\0visible\";a:0:{}s:11:\"\0*\0fillable\";a:4:{i:0;s:8:\"level_id\";i:1;s:4:\"name\";i:2;s:8:\"capacity\";i:3;s:10:\"teacher_id\";}s:10:\"\0*\0guarded\";a:1:{i:0;s:1:\"*\";}}i:9;O:21:\"App\\Models\\ClassModel\":33:{s:13:\"\0*\0connection\";s:5:\"mysql\";s:8:\"\0*\0table\";s:7:\"classes\";s:13:\"\0*\0primaryKey\";s:2:\"id\";s:10:\"\0*\0keyType\";s:3:\"int\";s:12:\"incrementing\";b:1;s:7:\"\0*\0with\";a:0:{}s:12:\"\0*\0withCount\";a:0:{}s:19:\"preventsLazyLoading\";b:0;s:10:\"\0*\0perPage\";i:15;s:6:\"exists\";b:1;s:18:\"wasRecentlyCreated\";b:0;s:28:\"\0*\0escapeWhenCastingToString\";b:0;s:13:\"\0*\0attributes\";a:8:{s:2:\"id\";i:10;s:14:\"school_year_id\";N;s:8:\"level_id\";i:5;s:4:\"name\";s:6:\"2APG-2\";s:8:\"capacity\";i:30;s:10:\"teacher_id\";N;s:10:\"created_at\";s:19:\"2025-12-16 23:26:28\";s:10:\"updated_at\";s:19:\"2025-12-16 23:26:28\";}s:11:\"\0*\0original\";a:8:{s:2:\"id\";i:10;s:14:\"school_year_id\";N;s:8:\"level_id\";i:5;s:4:\"name\";s:6:\"2APG-2\";s:8:\"capacity\";i:30;s:10:\"teacher_id\";N;s:10:\"created_at\";s:19:\"2025-12-16 23:26:28\";s:10:\"updated_at\";s:19:\"2025-12-16 23:26:28\";}s:10:\"\0*\0changes\";a:0:{}s:11:\"\0*\0previous\";a:0:{}s:8:\"\0*\0casts\";a:0:{}s:17:\"\0*\0classCastCache\";a:0:{}s:21:\"\0*\0attributeCastCache\";a:0:{}s:13:\"\0*\0dateFormat\";N;s:10:\"\0*\0appends\";a:0:{}s:19:\"\0*\0dispatchesEvents\";a:0:{}s:14:\"\0*\0observables\";a:0:{}s:12:\"\0*\0relations\";a:1:{s:5:\"level\";r:808;}s:10:\"\0*\0touches\";a:0:{}s:27:\"\0*\0relationAutoloadCallback\";N;s:26:\"\0*\0relationAutoloadContext\";N;s:10:\"timestamps\";b:1;s:13:\"usesUniqueIds\";b:0;s:9:\"\0*\0hidden\";a:0:{}s:10:\"\0*\0visible\";a:0:{}s:11:\"\0*\0fillable\";a:4:{i:0;s:8:\"level_id\";i:1;s:4:\"name\";i:2;s:8:\"capacity\";i:3;s:10:\"teacher_id\";}s:10:\"\0*\0guarded\";a:1:{i:0;s:1:\"*\";}}i:10;O:21:\"App\\Models\\ClassModel\":33:{s:13:\"\0*\0connection\";s:5:\"mysql\";s:8:\"\0*\0table\";s:7:\"classes\";s:13:\"\0*\0primaryKey\";s:2:\"id\";s:10:\"\0*\0keyType\";s:3:\"int\";s:12:\"incrementing\";b:1;s:7:\"\0*\0with\";a:0:{}s:12:\"\0*\0withCount\";a:0:{}s:19:\"preventsLazyLoading\";b:0;s:10:\"\0*\0perPage\";i:15;s:6:\"exists\";b:1;s:18:\"wasRecentlyCreated\";b:0;s:28:\"\0*\0escapeWhenCastingToString\";b:0;s:13:\"\0*\0attributes\";a:8:{s:2:\"id\";i:11;s:14:\"school_year_id\";N;s:8:\"level_id\";i:6;s:4:\"name\";s:6:\"3APG-1\";s:8:\"capacity\";i:30;s:10:\"teacher_id\";N;s:10:\"created_at\";s:19:\"2025-12-16 23:26:28\";s:10:\"updated_at\";s:19:\"2025-12-16 23:26:28\";}s:11:\"\0*\0original\";a:8:{s:2:\"id\";i:11;s:14:\"school_year_id\";N;s:8:\"level_id\";i:6;s:4:\"name\";s:6:\"3APG-1\";s:8:\"capacity\";i:30;s:10:\"teacher_id\";N;s:10:\"created_at\";s:19:\"2025-12-16 23:26:28\";s:10:\"updated_at\";s:19:\"2025-12-16 23:26:28\";}s:10:\"\0*\0changes\";a:0:{}s:11:\"\0*\0previous\";a:0:{}s:8:\"\0*\0casts\";a:0:{}s:17:\"\0*\0classCastCache\";a:0:{}s:21:\"\0*\0attributeCastCache\";a:0:{}s:13:\"\0*\0dateFormat\";N;s:10:\"\0*\0appends\";a:0:{}s:19:\"\0*\0dispatchesEvents\";a:0:{}s:14:\"\0*\0observables\";a:0:{}s:12:\"\0*\0relations\";a:1:{s:5:\"level\";O:16:\"App\\Models\\Level\":33:{s:13:\"\0*\0connection\";s:5:\"mysql\";s:8:\"\0*\0table\";s:6:\"levels\";s:13:\"\0*\0primaryKey\";s:2:\"id\";s:10:\"\0*\0keyType\";s:3:\"int\";s:12:\"incrementing\";b:1;s:7:\"\0*\0with\";a:0:{}s:12:\"\0*\0withCount\";a:0:{}s:19:\"preventsLazyLoading\";b:0;s:10:\"\0*\0perPage\";i:15;s:6:\"exists\";b:1;s:18:\"wasRecentlyCreated\";b:0;s:28:\"\0*\0escapeWhenCastingToString\";b:0;s:13:\"\0*\0attributes\";a:14:{s:2:\"id\";i:6;s:14:\"school_year_id\";N;s:4:\"code\";s:4:\"3APG\";s:10:\"sort_order\";i:7;s:4:\"name\";s:21:\"3ème Année Primaire\";s:11:\"monthly_fee\";s:6:\"650.00\";s:13:\"cafeteria_fee\";s:4:\"0.00\";s:18:\"transportation_fee\";s:4:\"0.00\";s:19:\"private_lessons_fee\";s:4:\"0.00\";s:13:\"insurance_fee\";s:4:\"0.00\";s:13:\"schooling_fee\";s:4:\"0.00\";s:11:\"nursery_fee\";s:4:\"0.00\";s:10:\"created_at\";s:19:\"2025-12-16 23:26:28\";s:10:\"updated_at\";s:19:\"2025-12-16 23:26:28\";}s:11:\"\0*\0original\";a:14:{s:2:\"id\";i:6;s:14:\"school_year_id\";N;s:4:\"code\";s:4:\"3APG\";s:10:\"sort_order\";i:7;s:4:\"name\";s:21:\"3ème Année Primaire\";s:11:\"monthly_fee\";s:6:\"650.00\";s:13:\"cafeteria_fee\";s:4:\"0.00\";s:18:\"transportation_fee\";s:4:\"0.00\";s:19:\"private_lessons_fee\";s:4:\"0.00\";s:13:\"insurance_fee\";s:4:\"0.00\";s:13:\"schooling_fee\";s:4:\"0.00\";s:11:\"nursery_fee\";s:4:\"0.00\";s:10:\"created_at\";s:19:\"2025-12-16 23:26:28\";s:10:\"updated_at\";s:19:\"2025-12-16 23:26:28\";}s:10:\"\0*\0changes\";a:0:{}s:11:\"\0*\0previous\";a:0:{}s:8:\"\0*\0casts\";a:7:{s:11:\"monthly_fee\";s:9:\"decimal:2\";s:18:\"transportation_fee\";s:9:\"decimal:2\";s:13:\"cafeteria_fee\";s:9:\"decimal:2\";s:11:\"nursery_fee\";s:9:\"decimal:2\";s:19:\"private_lessons_fee\";s:9:\"decimal:2\";s:13:\"insurance_fee\";s:9:\"decimal:2\";s:13:\"schooling_fee\";s:9:\"decimal:2\";}s:17:\"\0*\0classCastCache\";a:0:{}s:21:\"\0*\0attributeCastCache\";a:0:{}s:13:\"\0*\0dateFormat\";N;s:10:\"\0*\0appends\";a:0:{}s:19:\"\0*\0dispatchesEvents\";a:0:{}s:14:\"\0*\0observables\";a:0:{}s:12:\"\0*\0relations\";a:0:{}s:10:\"\0*\0touches\";a:0:{}s:27:\"\0*\0relationAutoloadCallback\";N;s:26:\"\0*\0relationAutoloadContext\";N;s:10:\"timestamps\";b:1;s:13:\"usesUniqueIds\";b:0;s:9:\"\0*\0hidden\";a:0:{}s:10:\"\0*\0visible\";a:0:{}s:11:\"\0*\0fillable\";a:10:{i:0;s:4:\"code\";i:1;s:4:\"name\";i:2;s:10:\"sort_order\";i:3;s:11:\"monthly_fee\";i:4;s:18:\"transportation_fee\";i:5;s:13:\"cafeteria_fee\";i:6;s:11:\"nursery_fee\";i:7;s:19:\"private_lessons_fee\";i:8;s:13:\"insurance_fee\";i:9;s:13:\"schooling_fee\";}s:10:\"\0*\0guarded\";a:1:{i:0;s:1:\"*\";}}}s:10:\"\0*\0touches\";a:0:{}s:27:\"\0*\0relationAutoloadCallback\";N;s:26:\"\0*\0relationAutoloadContext\";N;s:10:\"timestamps\";b:1;s:13:\"usesUniqueIds\";b:0;s:9:\"\0*\0hidden\";a:0:{}s:10:\"\0*\0visible\";a:0:{}s:11:\"\0*\0fillable\";a:4:{i:0;s:8:\"level_id\";i:1;s:4:\"name\";i:2;s:8:\"capacity\";i:3;s:10:\"teacher_id\";}s:10:\"\0*\0guarded\";a:1:{i:0;s:1:\"*\";}}i:11;O:21:\"App\\Models\\ClassModel\":33:{s:13:\"\0*\0connection\";s:5:\"mysql\";s:8:\"\0*\0table\";s:7:\"classes\";s:13:\"\0*\0primaryKey\";s:2:\"id\";s:10:\"\0*\0keyType\";s:3:\"int\";s:12:\"incrementing\";b:1;s:7:\"\0*\0with\";a:0:{}s:12:\"\0*\0withCount\";a:0:{}s:19:\"preventsLazyLoading\";b:0;s:10:\"\0*\0perPage\";i:15;s:6:\"exists\";b:1;s:18:\"wasRecentlyCreated\";b:0;s:28:\"\0*\0escapeWhenCastingToString\";b:0;s:13:\"\0*\0attributes\";a:8:{s:2:\"id\";i:12;s:14:\"school_year_id\";N;s:8:\"level_id\";i:6;s:4:\"name\";s:6:\"3APG-2\";s:8:\"capacity\";i:30;s:10:\"teacher_id\";N;s:10:\"created_at\";s:19:\"2025-12-16 23:26:28\";s:10:\"updated_at\";s:19:\"2025-12-16 23:26:28\";}s:11:\"\0*\0original\";a:8:{s:2:\"id\";i:12;s:14:\"school_year_id\";N;s:8:\"level_id\";i:6;s:4:\"name\";s:6:\"3APG-2\";s:8:\"capacity\";i:30;s:10:\"teacher_id\";N;s:10:\"created_at\";s:19:\"2025-12-16 23:26:28\";s:10:\"updated_at\";s:19:\"2025-12-16 23:26:28\";}s:10:\"\0*\0changes\";a:0:{}s:11:\"\0*\0previous\";a:0:{}s:8:\"\0*\0casts\";a:0:{}s:17:\"\0*\0classCastCache\";a:0:{}s:21:\"\0*\0attributeCastCache\";a:0:{}s:13:\"\0*\0dateFormat\";N;s:10:\"\0*\0appends\";a:0:{}s:19:\"\0*\0dispatchesEvents\";a:0:{}s:14:\"\0*\0observables\";a:0:{}s:12:\"\0*\0relations\";a:1:{s:5:\"level\";r:999;}s:10:\"\0*\0touches\";a:0:{}s:27:\"\0*\0relationAutoloadCallback\";N;s:26:\"\0*\0relationAutoloadContext\";N;s:10:\"timestamps\";b:1;s:13:\"usesUniqueIds\";b:0;s:9:\"\0*\0hidden\";a:0:{}s:10:\"\0*\0visible\";a:0:{}s:11:\"\0*\0fillable\";a:4:{i:0;s:8:\"level_id\";i:1;s:4:\"name\";i:2;s:8:\"capacity\";i:3;s:10:\"teacher_id\";}s:10:\"\0*\0guarded\";a:1:{i:0;s:1:\"*\";}}i:12;O:21:\"App\\Models\\ClassModel\":33:{s:13:\"\0*\0connection\";s:5:\"mysql\";s:8:\"\0*\0table\";s:7:\"classes\";s:13:\"\0*\0primaryKey\";s:2:\"id\";s:10:\"\0*\0keyType\";s:3:\"int\";s:12:\"incrementing\";b:1;s:7:\"\0*\0with\";a:0:{}s:12:\"\0*\0withCount\";a:0:{}s:19:\"preventsLazyLoading\";b:0;s:10:\"\0*\0perPage\";i:15;s:6:\"exists\";b:1;s:18:\"wasRecentlyCreated\";b:0;s:28:\"\0*\0escapeWhenCastingToString\";b:0;s:13:\"\0*\0attributes\";a:8:{s:2:\"id\";i:13;s:14:\"school_year_id\";N;s:8:\"level_id\";i:7;s:4:\"name\";s:6:\"4APG-1\";s:8:\"capacity\";i:30;s:10:\"teacher_id\";N;s:10:\"created_at\";s:19:\"2025-12-16 23:26:28\";s:10:\"updated_at\";s:19:\"2025-12-16 23:26:28\";}s:11:\"\0*\0original\";a:8:{s:2:\"id\";i:13;s:14:\"school_year_id\";N;s:8:\"level_id\";i:7;s:4:\"name\";s:6:\"4APG-1\";s:8:\"capacity\";i:30;s:10:\"teacher_id\";N;s:10:\"created_at\";s:19:\"2025-12-16 23:26:28\";s:10:\"updated_at\";s:19:\"2025-12-16 23:26:28\";}s:10:\"\0*\0changes\";a:0:{}s:11:\"\0*\0previous\";a:0:{}s:8:\"\0*\0casts\";a:0:{}s:17:\"\0*\0classCastCache\";a:0:{}s:21:\"\0*\0attributeCastCache\";a:0:{}s:13:\"\0*\0dateFormat\";N;s:10:\"\0*\0appends\";a:0:{}s:19:\"\0*\0dispatchesEvents\";a:0:{}s:14:\"\0*\0observables\";a:0:{}s:12:\"\0*\0relations\";a:1:{s:5:\"level\";O:16:\"App\\Models\\Level\":33:{s:13:\"\0*\0connection\";s:5:\"mysql\";s:8:\"\0*\0table\";s:6:\"levels\";s:13:\"\0*\0primaryKey\";s:2:\"id\";s:10:\"\0*\0keyType\";s:3:\"int\";s:12:\"incrementing\";b:1;s:7:\"\0*\0with\";a:0:{}s:12:\"\0*\0withCount\";a:0:{}s:19:\"preventsLazyLoading\";b:0;s:10:\"\0*\0perPage\";i:15;s:6:\"exists\";b:1;s:18:\"wasRecentlyCreated\";b:0;s:28:\"\0*\0escapeWhenCastingToString\";b:0;s:13:\"\0*\0attributes\";a:14:{s:2:\"id\";i:7;s:14:\"school_year_id\";N;s:4:\"code\";s:4:\"4APG\";s:10:\"sort_order\";i:8;s:4:\"name\";s:21:\"4ème Année Primaire\";s:11:\"monthly_fee\";s:6:\"700.00\";s:13:\"cafeteria_fee\";s:4:\"0.00\";s:18:\"transportation_fee\";s:4:\"0.00\";s:19:\"private_lessons_fee\";s:4:\"0.00\";s:13:\"insurance_fee\";s:4:\"0.00\";s:13:\"schooling_fee\";s:4:\"0.00\";s:11:\"nursery_fee\";s:4:\"0.00\";s:10:\"created_at\";s:19:\"2025-12-16 23:26:28\";s:10:\"updated_at\";s:19:\"2025-12-16 23:26:28\";}s:11:\"\0*\0original\";a:14:{s:2:\"id\";i:7;s:14:\"school_year_id\";N;s:4:\"code\";s:4:\"4APG\";s:10:\"sort_order\";i:8;s:4:\"name\";s:21:\"4ème Année Primaire\";s:11:\"monthly_fee\";s:6:\"700.00\";s:13:\"cafeteria_fee\";s:4:\"0.00\";s:18:\"transportation_fee\";s:4:\"0.00\";s:19:\"private_lessons_fee\";s:4:\"0.00\";s:13:\"insurance_fee\";s:4:\"0.00\";s:13:\"schooling_fee\";s:4:\"0.00\";s:11:\"nursery_fee\";s:4:\"0.00\";s:10:\"created_at\";s:19:\"2025-12-16 23:26:28\";s:10:\"updated_at\";s:19:\"2025-12-16 23:26:28\";}s:10:\"\0*\0changes\";a:0:{}s:11:\"\0*\0previous\";a:0:{}s:8:\"\0*\0casts\";a:7:{s:11:\"monthly_fee\";s:9:\"decimal:2\";s:18:\"transportation_fee\";s:9:\"decimal:2\";s:13:\"cafeteria_fee\";s:9:\"decimal:2\";s:11:\"nursery_fee\";s:9:\"decimal:2\";s:19:\"private_lessons_fee\";s:9:\"decimal:2\";s:13:\"insurance_fee\";s:9:\"decimal:2\";s:13:\"schooling_fee\";s:9:\"decimal:2\";}s:17:\"\0*\0classCastCache\";a:0:{}s:21:\"\0*\0attributeCastCache\";a:0:{}s:13:\"\0*\0dateFormat\";N;s:10:\"\0*\0appends\";a:0:{}s:19:\"\0*\0dispatchesEvents\";a:0:{}s:14:\"\0*\0observables\";a:0:{}s:12:\"\0*\0relations\";a:0:{}s:10:\"\0*\0touches\";a:0:{}s:27:\"\0*\0relationAutoloadCallback\";N;s:26:\"\0*\0relationAutoloadContext\";N;s:10:\"timestamps\";b:1;s:13:\"usesUniqueIds\";b:0;s:9:\"\0*\0hidden\";a:0:{}s:10:\"\0*\0visible\";a:0:{}s:11:\"\0*\0fillable\";a:10:{i:0;s:4:\"code\";i:1;s:4:\"name\";i:2;s:10:\"sort_order\";i:3;s:11:\"monthly_fee\";i:4;s:18:\"transportation_fee\";i:5;s:13:\"cafeteria_fee\";i:6;s:11:\"nursery_fee\";i:7;s:19:\"private_lessons_fee\";i:8;s:13:\"insurance_fee\";i:9;s:13:\"schooling_fee\";}s:10:\"\0*\0guarded\";a:1:{i:0;s:1:\"*\";}}}s:10:\"\0*\0touches\";a:0:{}s:27:\"\0*\0relationAutoloadCallback\";N;s:26:\"\0*\0relationAutoloadContext\";N;s:10:\"timestamps\";b:1;s:13:\"usesUniqueIds\";b:0;s:9:\"\0*\0hidden\";a:0:{}s:10:\"\0*\0visible\";a:0:{}s:11:\"\0*\0fillable\";a:4:{i:0;s:8:\"level_id\";i:1;s:4:\"name\";i:2;s:8:\"capacity\";i:3;s:10:\"teacher_id\";}s:10:\"\0*\0guarded\";a:1:{i:0;s:1:\"*\";}}i:13;O:21:\"App\\Models\\ClassModel\":33:{s:13:\"\0*\0connection\";s:5:\"mysql\";s:8:\"\0*\0table\";s:7:\"classes\";s:13:\"\0*\0primaryKey\";s:2:\"id\";s:10:\"\0*\0keyType\";s:3:\"int\";s:12:\"incrementing\";b:1;s:7:\"\0*\0with\";a:0:{}s:12:\"\0*\0withCount\";a:0:{}s:19:\"preventsLazyLoading\";b:0;s:10:\"\0*\0perPage\";i:15;s:6:\"exists\";b:1;s:18:\"wasRecentlyCreated\";b:0;s:28:\"\0*\0escapeWhenCastingToString\";b:0;s:13:\"\0*\0attributes\";a:8:{s:2:\"id\";i:14;s:14:\"school_year_id\";N;s:8:\"level_id\";i:7;s:4:\"name\";s:6:\"4APG-2\";s:8:\"capacity\";i:30;s:10:\"teacher_id\";N;s:10:\"created_at\";s:19:\"2025-12-16 23:26:28\";s:10:\"updated_at\";s:19:\"2025-12-16 23:26:28\";}s:11:\"\0*\0original\";a:8:{s:2:\"id\";i:14;s:14:\"school_year_id\";N;s:8:\"level_id\";i:7;s:4:\"name\";s:6:\"4APG-2\";s:8:\"capacity\";i:30;s:10:\"teacher_id\";N;s:10:\"created_at\";s:19:\"2025-12-16 23:26:28\";s:10:\"updated_at\";s:19:\"2025-12-16 23:26:28\";}s:10:\"\0*\0changes\";a:0:{}s:11:\"\0*\0previous\";a:0:{}s:8:\"\0*\0casts\";a:0:{}s:17:\"\0*\0classCastCache\";a:0:{}s:21:\"\0*\0attributeCastCache\";a:0:{}s:13:\"\0*\0dateFormat\";N;s:10:\"\0*\0appends\";a:0:{}s:19:\"\0*\0dispatchesEvents\";a:0:{}s:14:\"\0*\0observables\";a:0:{}s:12:\"\0*\0relations\";a:1:{s:5:\"level\";r:1190;}s:10:\"\0*\0touches\";a:0:{}s:27:\"\0*\0relationAutoloadCallback\";N;s:26:\"\0*\0relationAutoloadContext\";N;s:10:\"timestamps\";b:1;s:13:\"usesUniqueIds\";b:0;s:9:\"\0*\0hidden\";a:0:{}s:10:\"\0*\0visible\";a:0:{}s:11:\"\0*\0fillable\";a:4:{i:0;s:8:\"level_id\";i:1;s:4:\"name\";i:2;s:8:\"capacity\";i:3;s:10:\"teacher_id\";}s:10:\"\0*\0guarded\";a:1:{i:0;s:1:\"*\";}}i:14;O:21:\"App\\Models\\ClassModel\":33:{s:13:\"\0*\0connection\";s:5:\"mysql\";s:8:\"\0*\0table\";s:7:\"classes\";s:13:\"\0*\0primaryKey\";s:2:\"id\";s:10:\"\0*\0keyType\";s:3:\"int\";s:12:\"incrementing\";b:1;s:7:\"\0*\0with\";a:0:{}s:12:\"\0*\0withCount\";a:0:{}s:19:\"preventsLazyLoading\";b:0;s:10:\"\0*\0perPage\";i:15;s:6:\"exists\";b:1;s:18:\"wasRecentlyCreated\";b:0;s:28:\"\0*\0escapeWhenCastingToString\";b:0;s:13:\"\0*\0attributes\";a:8:{s:2:\"id\";i:15;s:14:\"school_year_id\";N;s:8:\"level_id\";i:8;s:4:\"name\";s:6:\"5APG-1\";s:8:\"capacity\";i:30;s:10:\"teacher_id\";N;s:10:\"created_at\";s:19:\"2025-12-16 23:26:28\";s:10:\"updated_at\";s:19:\"2025-12-16 23:26:28\";}s:11:\"\0*\0original\";a:8:{s:2:\"id\";i:15;s:14:\"school_year_id\";N;s:8:\"level_id\";i:8;s:4:\"name\";s:6:\"5APG-1\";s:8:\"capacity\";i:30;s:10:\"teacher_id\";N;s:10:\"created_at\";s:19:\"2025-12-16 23:26:28\";s:10:\"updated_at\";s:19:\"2025-12-16 23:26:28\";}s:10:\"\0*\0changes\";a:0:{}s:11:\"\0*\0previous\";a:0:{}s:8:\"\0*\0casts\";a:0:{}s:17:\"\0*\0classCastCache\";a:0:{}s:21:\"\0*\0attributeCastCache\";a:0:{}s:13:\"\0*\0dateFormat\";N;s:10:\"\0*\0appends\";a:0:{}s:19:\"\0*\0dispatchesEvents\";a:0:{}s:14:\"\0*\0observables\";a:0:{}s:12:\"\0*\0relations\";a:1:{s:5:\"level\";O:16:\"App\\Models\\Level\":33:{s:13:\"\0*\0connection\";s:5:\"mysql\";s:8:\"\0*\0table\";s:6:\"levels\";s:13:\"\0*\0primaryKey\";s:2:\"id\";s:10:\"\0*\0keyType\";s:3:\"int\";s:12:\"incrementing\";b:1;s:7:\"\0*\0with\";a:0:{}s:12:\"\0*\0withCount\";a:0:{}s:19:\"preventsLazyLoading\";b:0;s:10:\"\0*\0perPage\";i:15;s:6:\"exists\";b:1;s:18:\"wasRecentlyCreated\";b:0;s:28:\"\0*\0escapeWhenCastingToString\";b:0;s:13:\"\0*\0attributes\";a:14:{s:2:\"id\";i:8;s:14:\"school_year_id\";N;s:4:\"code\";s:4:\"5APG\";s:10:\"sort_order\";i:9;s:4:\"name\";s:21:\"5ème Année Primaire\";s:11:\"monthly_fee\";s:6:\"750.00\";s:13:\"cafeteria_fee\";s:4:\"0.00\";s:18:\"transportation_fee\";s:4:\"0.00\";s:19:\"private_lessons_fee\";s:4:\"0.00\";s:13:\"insurance_fee\";s:4:\"0.00\";s:13:\"schooling_fee\";s:4:\"0.00\";s:11:\"nursery_fee\";s:4:\"0.00\";s:10:\"created_at\";s:19:\"2025-12-16 23:26:28\";s:10:\"updated_at\";s:19:\"2025-12-16 23:26:28\";}s:11:\"\0*\0original\";a:14:{s:2:\"id\";i:8;s:14:\"school_year_id\";N;s:4:\"code\";s:4:\"5APG\";s:10:\"sort_order\";i:9;s:4:\"name\";s:21:\"5ème Année Primaire\";s:11:\"monthly_fee\";s:6:\"750.00\";s:13:\"cafeteria_fee\";s:4:\"0.00\";s:18:\"transportation_fee\";s:4:\"0.00\";s:19:\"private_lessons_fee\";s:4:\"0.00\";s:13:\"insurance_fee\";s:4:\"0.00\";s:13:\"schooling_fee\";s:4:\"0.00\";s:11:\"nursery_fee\";s:4:\"0.00\";s:10:\"created_at\";s:19:\"2025-12-16 23:26:28\";s:10:\"updated_at\";s:19:\"2025-12-16 23:26:28\";}s:10:\"\0*\0changes\";a:0:{}s:11:\"\0*\0previous\";a:0:{}s:8:\"\0*\0casts\";a:7:{s:11:\"monthly_fee\";s:9:\"decimal:2\";s:18:\"transportation_fee\";s:9:\"decimal:2\";s:13:\"cafeteria_fee\";s:9:\"decimal:2\";s:11:\"nursery_fee\";s:9:\"decimal:2\";s:19:\"private_lessons_fee\";s:9:\"decimal:2\";s:13:\"insurance_fee\";s:9:\"decimal:2\";s:13:\"schooling_fee\";s:9:\"decimal:2\";}s:17:\"\0*\0classCastCache\";a:0:{}s:21:\"\0*\0attributeCastCache\";a:0:{}s:13:\"\0*\0dateFormat\";N;s:10:\"\0*\0appends\";a:0:{}s:19:\"\0*\0dispatchesEvents\";a:0:{}s:14:\"\0*\0observables\";a:0:{}s:12:\"\0*\0relations\";a:0:{}s:10:\"\0*\0touches\";a:0:{}s:27:\"\0*\0relationAutoloadCallback\";N;s:26:\"\0*\0relationAutoloadContext\";N;s:10:\"timestamps\";b:1;s:13:\"usesUniqueIds\";b:0;s:9:\"\0*\0hidden\";a:0:{}s:10:\"\0*\0visible\";a:0:{}s:11:\"\0*\0fillable\";a:10:{i:0;s:4:\"code\";i:1;s:4:\"name\";i:2;s:10:\"sort_order\";i:3;s:11:\"monthly_fee\";i:4;s:18:\"transportation_fee\";i:5;s:13:\"cafeteria_fee\";i:6;s:11:\"nursery_fee\";i:7;s:19:\"private_lessons_fee\";i:8;s:13:\"insurance_fee\";i:9;s:13:\"schooling_fee\";}s:10:\"\0*\0guarded\";a:1:{i:0;s:1:\"*\";}}}s:10:\"\0*\0touches\";a:0:{}s:27:\"\0*\0relationAutoloadCallback\";N;s:26:\"\0*\0relationAutoloadContext\";N;s:10:\"timestamps\";b:1;s:13:\"usesUniqueIds\";b:0;s:9:\"\0*\0hidden\";a:0:{}s:10:\"\0*\0visible\";a:0:{}s:11:\"\0*\0fillable\";a:4:{i:0;s:8:\"level_id\";i:1;s:4:\"name\";i:2;s:8:\"capacity\";i:3;s:10:\"teacher_id\";}s:10:\"\0*\0guarded\";a:1:{i:0;s:1:\"*\";}}i:15;O:21:\"App\\Models\\ClassModel\":33:{s:13:\"\0*\0connection\";s:5:\"mysql\";s:8:\"\0*\0table\";s:7:\"classes\";s:13:\"\0*\0primaryKey\";s:2:\"id\";s:10:\"\0*\0keyType\";s:3:\"int\";s:12:\"incrementing\";b:1;s:7:\"\0*\0with\";a:0:{}s:12:\"\0*\0withCount\";a:0:{}s:19:\"preventsLazyLoading\";b:0;s:10:\"\0*\0perPage\";i:15;s:6:\"exists\";b:1;s:18:\"wasRecentlyCreated\";b:0;s:28:\"\0*\0escapeWhenCastingToString\";b:0;s:13:\"\0*\0attributes\";a:8:{s:2:\"id\";i:16;s:14:\"school_year_id\";N;s:8:\"level_id\";i:8;s:4:\"name\";s:6:\"5APG-2\";s:8:\"capacity\";i:30;s:10:\"teacher_id\";N;s:10:\"created_at\";s:19:\"2025-12-16 23:26:28\";s:10:\"updated_at\";s:19:\"2025-12-16 23:26:28\";}s:11:\"\0*\0original\";a:8:{s:2:\"id\";i:16;s:14:\"school_year_id\";N;s:8:\"level_id\";i:8;s:4:\"name\";s:6:\"5APG-2\";s:8:\"capacity\";i:30;s:10:\"teacher_id\";N;s:10:\"created_at\";s:19:\"2025-12-16 23:26:28\";s:10:\"updated_at\";s:19:\"2025-12-16 23:26:28\";}s:10:\"\0*\0changes\";a:0:{}s:11:\"\0*\0previous\";a:0:{}s:8:\"\0*\0casts\";a:0:{}s:17:\"\0*\0classCastCache\";a:0:{}s:21:\"\0*\0attributeCastCache\";a:0:{}s:13:\"\0*\0dateFormat\";N;s:10:\"\0*\0appends\";a:0:{}s:19:\"\0*\0dispatchesEvents\";a:0:{}s:14:\"\0*\0observables\";a:0:{}s:12:\"\0*\0relations\";a:1:{s:5:\"level\";r:1381;}s:10:\"\0*\0touches\";a:0:{}s:27:\"\0*\0relationAutoloadCallback\";N;s:26:\"\0*\0relationAutoloadContext\";N;s:10:\"timestamps\";b:1;s:13:\"usesUniqueIds\";b:0;s:9:\"\0*\0hidden\";a:0:{}s:10:\"\0*\0visible\";a:0:{}s:11:\"\0*\0fillable\";a:4:{i:0;s:8:\"level_id\";i:1;s:4:\"name\";i:2;s:8:\"capacity\";i:3;s:10:\"teacher_id\";}s:10:\"\0*\0guarded\";a:1:{i:0;s:1:\"*\";}}i:16;O:21:\"App\\Models\\ClassModel\":33:{s:13:\"\0*\0connection\";s:5:\"mysql\";s:8:\"\0*\0table\";s:7:\"classes\";s:13:\"\0*\0primaryKey\";s:2:\"id\";s:10:\"\0*\0keyType\";s:3:\"int\";s:12:\"incrementing\";b:1;s:7:\"\0*\0with\";a:0:{}s:12:\"\0*\0withCount\";a:0:{}s:19:\"preventsLazyLoading\";b:0;s:10:\"\0*\0perPage\";i:15;s:6:\"exists\";b:1;s:18:\"wasRecentlyCreated\";b:0;s:28:\"\0*\0escapeWhenCastingToString\";b:0;s:13:\"\0*\0attributes\";a:8:{s:2:\"id\";i:17;s:14:\"school_year_id\";N;s:8:\"level_id\";i:9;s:4:\"name\";s:6:\"6APG-1\";s:8:\"capacity\";i:30;s:10:\"teacher_id\";N;s:10:\"created_at\";s:19:\"2025-12-16 23:26:28\";s:10:\"updated_at\";s:19:\"2025-12-16 23:26:28\";}s:11:\"\0*\0original\";a:8:{s:2:\"id\";i:17;s:14:\"school_year_id\";N;s:8:\"level_id\";i:9;s:4:\"name\";s:6:\"6APG-1\";s:8:\"capacity\";i:30;s:10:\"teacher_id\";N;s:10:\"created_at\";s:19:\"2025-12-16 23:26:28\";s:10:\"updated_at\";s:19:\"2025-12-16 23:26:28\";}s:10:\"\0*\0changes\";a:0:{}s:11:\"\0*\0previous\";a:0:{}s:8:\"\0*\0casts\";a:0:{}s:17:\"\0*\0classCastCache\";a:0:{}s:21:\"\0*\0attributeCastCache\";a:0:{}s:13:\"\0*\0dateFormat\";N;s:10:\"\0*\0appends\";a:0:{}s:19:\"\0*\0dispatchesEvents\";a:0:{}s:14:\"\0*\0observables\";a:0:{}s:12:\"\0*\0relations\";a:1:{s:5:\"level\";O:16:\"App\\Models\\Level\":33:{s:13:\"\0*\0connection\";s:5:\"mysql\";s:8:\"\0*\0table\";s:6:\"levels\";s:13:\"\0*\0primaryKey\";s:2:\"id\";s:10:\"\0*\0keyType\";s:3:\"int\";s:12:\"incrementing\";b:1;s:7:\"\0*\0with\";a:0:{}s:12:\"\0*\0withCount\";a:0:{}s:19:\"preventsLazyLoading\";b:0;s:10:\"\0*\0perPage\";i:15;s:6:\"exists\";b:1;s:18:\"wasRecentlyCreated\";b:0;s:28:\"\0*\0escapeWhenCastingToString\";b:0;s:13:\"\0*\0attributes\";a:14:{s:2:\"id\";i:9;s:14:\"school_year_id\";N;s:4:\"code\";s:4:\"6APG\";s:10:\"sort_order\";i:10;s:4:\"name\";s:21:\"6ème Année Primaire\";s:11:\"monthly_fee\";s:6:\"800.00\";s:13:\"cafeteria_fee\";s:4:\"0.00\";s:18:\"transportation_fee\";s:4:\"0.00\";s:19:\"private_lessons_fee\";s:4:\"0.00\";s:13:\"insurance_fee\";s:4:\"0.00\";s:13:\"schooling_fee\";s:4:\"0.00\";s:11:\"nursery_fee\";s:4:\"0.00\";s:10:\"created_at\";s:19:\"2025-12-16 23:26:28\";s:10:\"updated_at\";s:19:\"2025-12-16 23:26:28\";}s:11:\"\0*\0original\";a:14:{s:2:\"id\";i:9;s:14:\"school_year_id\";N;s:4:\"code\";s:4:\"6APG\";s:10:\"sort_order\";i:10;s:4:\"name\";s:21:\"6ème Année Primaire\";s:11:\"monthly_fee\";s:6:\"800.00\";s:13:\"cafeteria_fee\";s:4:\"0.00\";s:18:\"transportation_fee\";s:4:\"0.00\";s:19:\"private_lessons_fee\";s:4:\"0.00\";s:13:\"insurance_fee\";s:4:\"0.00\";s:13:\"schooling_fee\";s:4:\"0.00\";s:11:\"nursery_fee\";s:4:\"0.00\";s:10:\"created_at\";s:19:\"2025-12-16 23:26:28\";s:10:\"updated_at\";s:19:\"2025-12-16 23:26:28\";}s:10:\"\0*\0changes\";a:0:{}s:11:\"\0*\0previous\";a:0:{}s:8:\"\0*\0casts\";a:7:{s:11:\"monthly_fee\";s:9:\"decimal:2\";s:18:\"transportation_fee\";s:9:\"decimal:2\";s:13:\"cafeteria_fee\";s:9:\"decimal:2\";s:11:\"nursery_fee\";s:9:\"decimal:2\";s:19:\"private_lessons_fee\";s:9:\"decimal:2\";s:13:\"insurance_fee\";s:9:\"decimal:2\";s:13:\"schooling_fee\";s:9:\"decimal:2\";}s:17:\"\0*\0classCastCache\";a:0:{}s:21:\"\0*\0attributeCastCache\";a:0:{}s:13:\"\0*\0dateFormat\";N;s:10:\"\0*\0appends\";a:0:{}s:19:\"\0*\0dispatchesEvents\";a:0:{}s:14:\"\0*\0observables\";a:0:{}s:12:\"\0*\0relations\";a:0:{}s:10:\"\0*\0touches\";a:0:{}s:27:\"\0*\0relationAutoloadCallback\";N;s:26:\"\0*\0relationAutoloadContext\";N;s:10:\"timestamps\";b:1;s:13:\"usesUniqueIds\";b:0;s:9:\"\0*\0hidden\";a:0:{}s:10:\"\0*\0visible\";a:0:{}s:11:\"\0*\0fillable\";a:10:{i:0;s:4:\"code\";i:1;s:4:\"name\";i:2;s:10:\"sort_order\";i:3;s:11:\"monthly_fee\";i:4;s:18:\"transportation_fee\";i:5;s:13:\"cafeteria_fee\";i:6;s:11:\"nursery_fee\";i:7;s:19:\"private_lessons_fee\";i:8;s:13:\"insurance_fee\";i:9;s:13:\"schooling_fee\";}s:10:\"\0*\0guarded\";a:1:{i:0;s:1:\"*\";}}}s:10:\"\0*\0touches\";a:0:{}s:27:\"\0*\0relationAutoloadCallback\";N;s:26:\"\0*\0relationAutoloadContext\";N;s:10:\"timestamps\";b:1;s:13:\"usesUniqueIds\";b:0;s:9:\"\0*\0hidden\";a:0:{}s:10:\"\0*\0visible\";a:0:{}s:11:\"\0*\0fillable\";a:4:{i:0;s:8:\"level_id\";i:1;s:4:\"name\";i:2;s:8:\"capacity\";i:3;s:10:\"teacher_id\";}s:10:\"\0*\0guarded\";a:1:{i:0;s:1:\"*\";}}i:17;O:21:\"App\\Models\\ClassModel\":33:{s:13:\"\0*\0connection\";s:5:\"mysql\";s:8:\"\0*\0table\";s:7:\"classes\";s:13:\"\0*\0primaryKey\";s:2:\"id\";s:10:\"\0*\0keyType\";s:3:\"int\";s:12:\"incrementing\";b:1;s:7:\"\0*\0with\";a:0:{}s:12:\"\0*\0withCount\";a:0:{}s:19:\"preventsLazyLoading\";b:0;s:10:\"\0*\0perPage\";i:15;s:6:\"exists\";b:1;s:18:\"wasRecentlyCreated\";b:0;s:28:\"\0*\0escapeWhenCastingToString\";b:0;s:13:\"\0*\0attributes\";a:8:{s:2:\"id\";i:18;s:14:\"school_year_id\";N;s:8:\"level_id\";i:9;s:4:\"name\";s:6:\"6APG-2\";s:8:\"capacity\";i:30;s:10:\"teacher_id\";N;s:10:\"created_at\";s:19:\"2025-12-16 23:26:28\";s:10:\"updated_at\";s:19:\"2025-12-16 23:26:28\";}s:11:\"\0*\0original\";a:8:{s:2:\"id\";i:18;s:14:\"school_year_id\";N;s:8:\"level_id\";i:9;s:4:\"name\";s:6:\"6APG-2\";s:8:\"capacity\";i:30;s:10:\"teacher_id\";N;s:10:\"created_at\";s:19:\"2025-12-16 23:26:28\";s:10:\"updated_at\";s:19:\"2025-12-16 23:26:28\";}s:10:\"\0*\0changes\";a:0:{}s:11:\"\0*\0previous\";a:0:{}s:8:\"\0*\0casts\";a:0:{}s:17:\"\0*\0classCastCache\";a:0:{}s:21:\"\0*\0attributeCastCache\";a:0:{}s:13:\"\0*\0dateFormat\";N;s:10:\"\0*\0appends\";a:0:{}s:19:\"\0*\0dispatchesEvents\";a:0:{}s:14:\"\0*\0observables\";a:0:{}s:12:\"\0*\0relations\";a:1:{s:5:\"level\";r:1572;}s:10:\"\0*\0touches\";a:0:{}s:27:\"\0*\0relationAutoloadCallback\";N;s:26:\"\0*\0relationAutoloadContext\";N;s:10:\"timestamps\";b:1;s:13:\"usesUniqueIds\";b:0;s:9:\"\0*\0hidden\";a:0:{}s:10:\"\0*\0visible\";a:0:{}s:11:\"\0*\0fillable\";a:4:{i:0;s:8:\"level_id\";i:1;s:4:\"name\";i:2;s:8:\"capacity\";i:3;s:10:\"teacher_id\";}s:10:\"\0*\0guarded\";a:1:{i:0;s:1:\"*\";}}i:18;O:21:\"App\\Models\\ClassModel\":33:{s:13:\"\0*\0connection\";s:5:\"mysql\";s:8:\"\0*\0table\";s:7:\"classes\";s:13:\"\0*\0primaryKey\";s:2:\"id\";s:10:\"\0*\0keyType\";s:3:\"int\";s:12:\"incrementing\";b:1;s:7:\"\0*\0with\";a:0:{}s:12:\"\0*\0withCount\";a:0:{}s:19:\"preventsLazyLoading\";b:0;s:10:\"\0*\0perPage\";i:15;s:6:\"exists\";b:1;s:18:\"wasRecentlyCreated\";b:0;s:28:\"\0*\0escapeWhenCastingToString\";b:0;s:13:\"\0*\0attributes\";a:8:{s:2:\"id\";i:19;s:14:\"school_year_id\";N;s:8:\"level_id\";i:10;s:4:\"name\";s:5:\"1AC-1\";s:8:\"capacity\";i:30;s:10:\"teacher_id\";N;s:10:\"created_at\";s:19:\"2025-12-16 23:26:28\";s:10:\"updated_at\";s:19:\"2025-12-16 23:26:28\";}s:11:\"\0*\0original\";a:8:{s:2:\"id\";i:19;s:14:\"school_year_id\";N;s:8:\"level_id\";i:10;s:4:\"name\";s:5:\"1AC-1\";s:8:\"capacity\";i:30;s:10:\"teacher_id\";N;s:10:\"created_at\";s:19:\"2025-12-16 23:26:28\";s:10:\"updated_at\";s:19:\"2025-12-16 23:26:28\";}s:10:\"\0*\0changes\";a:0:{}s:11:\"\0*\0previous\";a:0:{}s:8:\"\0*\0casts\";a:0:{}s:17:\"\0*\0classCastCache\";a:0:{}s:21:\"\0*\0attributeCastCache\";a:0:{}s:13:\"\0*\0dateFormat\";N;s:10:\"\0*\0appends\";a:0:{}s:19:\"\0*\0dispatchesEvents\";a:0:{}s:14:\"\0*\0observables\";a:0:{}s:12:\"\0*\0relations\";a:1:{s:5:\"level\";O:16:\"App\\Models\\Level\":33:{s:13:\"\0*\0connection\";s:5:\"mysql\";s:8:\"\0*\0table\";s:6:\"levels\";s:13:\"\0*\0primaryKey\";s:2:\"id\";s:10:\"\0*\0keyType\";s:3:\"int\";s:12:\"incrementing\";b:1;s:7:\"\0*\0with\";a:0:{}s:12:\"\0*\0withCount\";a:0:{}s:19:\"preventsLazyLoading\";b:0;s:10:\"\0*\0perPage\";i:15;s:6:\"exists\";b:1;s:18:\"wasRecentlyCreated\";b:0;s:28:\"\0*\0escapeWhenCastingToString\";b:0;s:13:\"\0*\0attributes\";a:14:{s:2:\"id\";i:10;s:14:\"school_year_id\";N;s:4:\"code\";s:3:\"1AC\";s:10:\"sort_order\";i:11;s:4:\"name\";s:21:\"1ère Année Collège\";s:11:\"monthly_fee\";s:6:\"850.00\";s:13:\"cafeteria_fee\";s:4:\"0.00\";s:18:\"transportation_fee\";s:4:\"0.00\";s:19:\"private_lessons_fee\";s:4:\"0.00\";s:13:\"insurance_fee\";s:4:\"0.00\";s:13:\"schooling_fee\";s:4:\"0.00\";s:11:\"nursery_fee\";s:4:\"0.00\";s:10:\"created_at\";s:19:\"2025-12-16 23:26:28\";s:10:\"updated_at\";s:19:\"2025-12-16 23:26:28\";}s:11:\"\0*\0original\";a:14:{s:2:\"id\";i:10;s:14:\"school_year_id\";N;s:4:\"code\";s:3:\"1AC\";s:10:\"sort_order\";i:11;s:4:\"name\";s:21:\"1ère Année Collège\";s:11:\"monthly_fee\";s:6:\"850.00\";s:13:\"cafeteria_fee\";s:4:\"0.00\";s:18:\"transportation_fee\";s:4:\"0.00\";s:19:\"private_lessons_fee\";s:4:\"0.00\";s:13:\"insurance_fee\";s:4:\"0.00\";s:13:\"schooling_fee\";s:4:\"0.00\";s:11:\"nursery_fee\";s:4:\"0.00\";s:10:\"created_at\";s:19:\"2025-12-16 23:26:28\";s:10:\"updated_at\";s:19:\"2025-12-16 23:26:28\";}s:10:\"\0*\0changes\";a:0:{}s:11:\"\0*\0previous\";a:0:{}s:8:\"\0*\0casts\";a:7:{s:11:\"monthly_fee\";s:9:\"decimal:2\";s:18:\"transportation_fee\";s:9:\"decimal:2\";s:13:\"cafeteria_fee\";s:9:\"decimal:2\";s:11:\"nursery_fee\";s:9:\"decimal:2\";s:19:\"private_lessons_fee\";s:9:\"decimal:2\";s:13:\"insurance_fee\";s:9:\"decimal:2\";s:13:\"schooling_fee\";s:9:\"decimal:2\";}s:17:\"\0*\0classCastCache\";a:0:{}s:21:\"\0*\0attributeCastCache\";a:0:{}s:13:\"\0*\0dateFormat\";N;s:10:\"\0*\0appends\";a:0:{}s:19:\"\0*\0dispatchesEvents\";a:0:{}s:14:\"\0*\0observables\";a:0:{}s:12:\"\0*\0relations\";a:0:{}s:10:\"\0*\0touches\";a:0:{}s:27:\"\0*\0relationAutoloadCallback\";N;s:26:\"\0*\0relationAutoloadContext\";N;s:10:\"timestamps\";b:1;s:13:\"usesUniqueIds\";b:0;s:9:\"\0*\0hidden\";a:0:{}s:10:\"\0*\0visible\";a:0:{}s:11:\"\0*\0fillable\";a:10:{i:0;s:4:\"code\";i:1;s:4:\"name\";i:2;s:10:\"sort_order\";i:3;s:11:\"monthly_fee\";i:4;s:18:\"transportation_fee\";i:5;s:13:\"cafeteria_fee\";i:6;s:11:\"nursery_fee\";i:7;s:19:\"private_lessons_fee\";i:8;s:13:\"insurance_fee\";i:9;s:13:\"schooling_fee\";}s:10:\"\0*\0guarded\";a:1:{i:0;s:1:\"*\";}}}s:10:\"\0*\0touches\";a:0:{}s:27:\"\0*\0relationAutoloadCallback\";N;s:26:\"\0*\0relationAutoloadContext\";N;s:10:\"timestamps\";b:1;s:13:\"usesUniqueIds\";b:0;s:9:\"\0*\0hidden\";a:0:{}s:10:\"\0*\0visible\";a:0:{}s:11:\"\0*\0fillable\";a:4:{i:0;s:8:\"level_id\";i:1;s:4:\"name\";i:2;s:8:\"capacity\";i:3;s:10:\"teacher_id\";}s:10:\"\0*\0guarded\";a:1:{i:0;s:1:\"*\";}}i:19;O:21:\"App\\Models\\ClassModel\":33:{s:13:\"\0*\0connection\";s:5:\"mysql\";s:8:\"\0*\0table\";s:7:\"classes\";s:13:\"\0*\0primaryKey\";s:2:\"id\";s:10:\"\0*\0keyType\";s:3:\"int\";s:12:\"incrementing\";b:1;s:7:\"\0*\0with\";a:0:{}s:12:\"\0*\0withCount\";a:0:{}s:19:\"preventsLazyLoading\";b:0;s:10:\"\0*\0perPage\";i:15;s:6:\"exists\";b:1;s:18:\"wasRecentlyCreated\";b:0;s:28:\"\0*\0escapeWhenCastingToString\";b:0;s:13:\"\0*\0attributes\";a:8:{s:2:\"id\";i:20;s:14:\"school_year_id\";N;s:8:\"level_id\";i:10;s:4:\"name\";s:5:\"1AC-2\";s:8:\"capacity\";i:30;s:10:\"teacher_id\";N;s:10:\"created_at\";s:19:\"2025-12-16 23:26:28\";s:10:\"updated_at\";s:19:\"2025-12-16 23:26:28\";}s:11:\"\0*\0original\";a:8:{s:2:\"id\";i:20;s:14:\"school_year_id\";N;s:8:\"level_id\";i:10;s:4:\"name\";s:5:\"1AC-2\";s:8:\"capacity\";i:30;s:10:\"teacher_id\";N;s:10:\"created_at\";s:19:\"2025-12-16 23:26:28\";s:10:\"updated_at\";s:19:\"2025-12-16 23:26:28\";}s:10:\"\0*\0changes\";a:0:{}s:11:\"\0*\0previous\";a:0:{}s:8:\"\0*\0casts\";a:0:{}s:17:\"\0*\0classCastCache\";a:0:{}s:21:\"\0*\0attributeCastCache\";a:0:{}s:13:\"\0*\0dateFormat\";N;s:10:\"\0*\0appends\";a:0:{}s:19:\"\0*\0dispatchesEvents\";a:0:{}s:14:\"\0*\0observables\";a:0:{}s:12:\"\0*\0relations\";a:1:{s:5:\"level\";r:1763;}s:10:\"\0*\0touches\";a:0:{}s:27:\"\0*\0relationAutoloadCallback\";N;s:26:\"\0*\0relationAutoloadContext\";N;s:10:\"timestamps\";b:1;s:13:\"usesUniqueIds\";b:0;s:9:\"\0*\0hidden\";a:0:{}s:10:\"\0*\0visible\";a:0:{}s:11:\"\0*\0fillable\";a:4:{i:0;s:8:\"level_id\";i:1;s:4:\"name\";i:2;s:8:\"capacity\";i:3;s:10:\"teacher_id\";}s:10:\"\0*\0guarded\";a:1:{i:0;s:1:\"*\";}}i:20;O:21:\"App\\Models\\ClassModel\":33:{s:13:\"\0*\0connection\";s:5:\"mysql\";s:8:\"\0*\0table\";s:7:\"classes\";s:13:\"\0*\0primaryKey\";s:2:\"id\";s:10:\"\0*\0keyType\";s:3:\"int\";s:12:\"incrementing\";b:1;s:7:\"\0*\0with\";a:0:{}s:12:\"\0*\0withCount\";a:0:{}s:19:\"preventsLazyLoading\";b:0;s:10:\"\0*\0perPage\";i:15;s:6:\"exists\";b:1;s:18:\"wasRecentlyCreated\";b:0;s:28:\"\0*\0escapeWhenCastingToString\";b:0;s:13:\"\0*\0attributes\";a:8:{s:2:\"id\";i:21;s:14:\"school_year_id\";N;s:8:\"level_id\";i:11;s:4:\"name\";s:5:\"2AC-1\";s:8:\"capacity\";i:30;s:10:\"teacher_id\";N;s:10:\"created_at\";s:19:\"2025-12-16 23:26:28\";s:10:\"updated_at\";s:19:\"2025-12-16 23:26:28\";}s:11:\"\0*\0original\";a:8:{s:2:\"id\";i:21;s:14:\"school_year_id\";N;s:8:\"level_id\";i:11;s:4:\"name\";s:5:\"2AC-1\";s:8:\"capacity\";i:30;s:10:\"teacher_id\";N;s:10:\"created_at\";s:19:\"2025-12-16 23:26:28\";s:10:\"updated_at\";s:19:\"2025-12-16 23:26:28\";}s:10:\"\0*\0changes\";a:0:{}s:11:\"\0*\0previous\";a:0:{}s:8:\"\0*\0casts\";a:0:{}s:17:\"\0*\0classCastCache\";a:0:{}s:21:\"\0*\0attributeCastCache\";a:0:{}s:13:\"\0*\0dateFormat\";N;s:10:\"\0*\0appends\";a:0:{}s:19:\"\0*\0dispatchesEvents\";a:0:{}s:14:\"\0*\0observables\";a:0:{}s:12:\"\0*\0relations\";a:1:{s:5:\"level\";O:16:\"App\\Models\\Level\":33:{s:13:\"\0*\0connection\";s:5:\"mysql\";s:8:\"\0*\0table\";s:6:\"levels\";s:13:\"\0*\0primaryKey\";s:2:\"id\";s:10:\"\0*\0keyType\";s:3:\"int\";s:12:\"incrementing\";b:1;s:7:\"\0*\0with\";a:0:{}s:12:\"\0*\0withCount\";a:0:{}s:19:\"preventsLazyLoading\";b:0;s:10:\"\0*\0perPage\";i:15;s:6:\"exists\";b:1;s:18:\"wasRecentlyCreated\";b:0;s:28:\"\0*\0escapeWhenCastingToString\";b:0;s:13:\"\0*\0attributes\";a:14:{s:2:\"id\";i:11;s:14:\"school_year_id\";N;s:4:\"code\";s:3:\"2AC\";s:10:\"sort_order\";i:12;s:4:\"name\";s:21:\"2ème Année Collège\";s:11:\"monthly_fee\";s:6:\"900.00\";s:13:\"cafeteria_fee\";s:4:\"0.00\";s:18:\"transportation_fee\";s:4:\"0.00\";s:19:\"private_lessons_fee\";s:4:\"0.00\";s:13:\"insurance_fee\";s:4:\"0.00\";s:13:\"schooling_fee\";s:4:\"0.00\";s:11:\"nursery_fee\";s:4:\"0.00\";s:10:\"created_at\";s:19:\"2025-12-16 23:26:28\";s:10:\"updated_at\";s:19:\"2025-12-16 23:26:28\";}s:11:\"\0*\0original\";a:14:{s:2:\"id\";i:11;s:14:\"school_year_id\";N;s:4:\"code\";s:3:\"2AC\";s:10:\"sort_order\";i:12;s:4:\"name\";s:21:\"2ème Année Collège\";s:11:\"monthly_fee\";s:6:\"900.00\";s:13:\"cafeteria_fee\";s:4:\"0.00\";s:18:\"transportation_fee\";s:4:\"0.00\";s:19:\"private_lessons_fee\";s:4:\"0.00\";s:13:\"insurance_fee\";s:4:\"0.00\";s:13:\"schooling_fee\";s:4:\"0.00\";s:11:\"nursery_fee\";s:4:\"0.00\";s:10:\"created_at\";s:19:\"2025-12-16 23:26:28\";s:10:\"updated_at\";s:19:\"2025-12-16 23:26:28\";}s:10:\"\0*\0changes\";a:0:{}s:11:\"\0*\0previous\";a:0:{}s:8:\"\0*\0casts\";a:7:{s:11:\"monthly_fee\";s:9:\"decimal:2\";s:18:\"transportation_fee\";s:9:\"decimal:2\";s:13:\"cafeteria_fee\";s:9:\"decimal:2\";s:11:\"nursery_fee\";s:9:\"decimal:2\";s:19:\"private_lessons_fee\";s:9:\"decimal:2\";s:13:\"insurance_fee\";s:9:\"decimal:2\";s:13:\"schooling_fee\";s:9:\"decimal:2\";}s:17:\"\0*\0classCastCache\";a:0:{}s:21:\"\0*\0attributeCastCache\";a:0:{}s:13:\"\0*\0dateFormat\";N;s:10:\"\0*\0appends\";a:0:{}s:19:\"\0*\0dispatchesEvents\";a:0:{}s:14:\"\0*\0observables\";a:0:{}s:12:\"\0*\0relations\";a:0:{}s:10:\"\0*\0touches\";a:0:{}s:27:\"\0*\0relationAutoloadCallback\";N;s:26:\"\0*\0relationAutoloadContext\";N;s:10:\"timestamps\";b:1;s:13:\"usesUniqueIds\";b:0;s:9:\"\0*\0hidden\";a:0:{}s:10:\"\0*\0visible\";a:0:{}s:11:\"\0*\0fillable\";a:10:{i:0;s:4:\"code\";i:1;s:4:\"name\";i:2;s:10:\"sort_order\";i:3;s:11:\"monthly_fee\";i:4;s:18:\"transportation_fee\";i:5;s:13:\"cafeteria_fee\";i:6;s:11:\"nursery_fee\";i:7;s:19:\"private_lessons_fee\";i:8;s:13:\"insurance_fee\";i:9;s:13:\"schooling_fee\";}s:10:\"\0*\0guarded\";a:1:{i:0;s:1:\"*\";}}}s:10:\"\0*\0touches\";a:0:{}s:27:\"\0*\0relationAutoloadCallback\";N;s:26:\"\0*\0relationAutoloadContext\";N;s:10:\"timestamps\";b:1;s:13:\"usesUniqueIds\";b:0;s:9:\"\0*\0hidden\";a:0:{}s:10:\"\0*\0visible\";a:0:{}s:11:\"\0*\0fillable\";a:4:{i:0;s:8:\"level_id\";i:1;s:4:\"name\";i:2;s:8:\"capacity\";i:3;s:10:\"teacher_id\";}s:10:\"\0*\0guarded\";a:1:{i:0;s:1:\"*\";}}i:21;O:21:\"App\\Models\\ClassModel\":33:{s:13:\"\0*\0connection\";s:5:\"mysql\";s:8:\"\0*\0table\";s:7:\"classes\";s:13:\"\0*\0primaryKey\";s:2:\"id\";s:10:\"\0*\0keyType\";s:3:\"int\";s:12:\"incrementing\";b:1;s:7:\"\0*\0with\";a:0:{}s:12:\"\0*\0withCount\";a:0:{}s:19:\"preventsLazyLoading\";b:0;s:10:\"\0*\0perPage\";i:15;s:6:\"exists\";b:1;s:18:\"wasRecentlyCreated\";b:0;s:28:\"\0*\0escapeWhenCastingToString\";b:0;s:13:\"\0*\0attributes\";a:8:{s:2:\"id\";i:22;s:14:\"school_year_id\";N;s:8:\"level_id\";i:11;s:4:\"name\";s:5:\"2AC-2\";s:8:\"capacity\";i:30;s:10:\"teacher_id\";N;s:10:\"created_at\";s:19:\"2025-12-16 23:26:28\";s:10:\"updated_at\";s:19:\"2025-12-16 23:26:28\";}s:11:\"\0*\0original\";a:8:{s:2:\"id\";i:22;s:14:\"school_year_id\";N;s:8:\"level_id\";i:11;s:4:\"name\";s:5:\"2AC-2\";s:8:\"capacity\";i:30;s:10:\"teacher_id\";N;s:10:\"created_at\";s:19:\"2025-12-16 23:26:28\";s:10:\"updated_at\";s:19:\"2025-12-16 23:26:28\";}s:10:\"\0*\0changes\";a:0:{}s:11:\"\0*\0previous\";a:0:{}s:8:\"\0*\0casts\";a:0:{}s:17:\"\0*\0classCastCache\";a:0:{}s:21:\"\0*\0attributeCastCache\";a:0:{}s:13:\"\0*\0dateFormat\";N;s:10:\"\0*\0appends\";a:0:{}s:19:\"\0*\0dispatchesEvents\";a:0:{}s:14:\"\0*\0observables\";a:0:{}s:12:\"\0*\0relations\";a:1:{s:5:\"level\";r:1954;}s:10:\"\0*\0touches\";a:0:{}s:27:\"\0*\0relationAutoloadCallback\";N;s:26:\"\0*\0relationAutoloadContext\";N;s:10:\"timestamps\";b:1;s:13:\"usesUniqueIds\";b:0;s:9:\"\0*\0hidden\";a:0:{}s:10:\"\0*\0visible\";a:0:{}s:11:\"\0*\0fillable\";a:4:{i:0;s:8:\"level_id\";i:1;s:4:\"name\";i:2;s:8:\"capacity\";i:3;s:10:\"teacher_id\";}s:10:\"\0*\0guarded\";a:1:{i:0;s:1:\"*\";}}i:22;O:21:\"App\\Models\\ClassModel\":33:{s:13:\"\0*\0connection\";s:5:\"mysql\";s:8:\"\0*\0table\";s:7:\"classes\";s:13:\"\0*\0primaryKey\";s:2:\"id\";s:10:\"\0*\0keyType\";s:3:\"int\";s:12:\"incrementing\";b:1;s:7:\"\0*\0with\";a:0:{}s:12:\"\0*\0withCount\";a:0:{}s:19:\"preventsLazyLoading\";b:0;s:10:\"\0*\0perPage\";i:15;s:6:\"exists\";b:1;s:18:\"wasRecentlyCreated\";b:0;s:28:\"\0*\0escapeWhenCastingToString\";b:0;s:13:\"\0*\0attributes\";a:8:{s:2:\"id\";i:23;s:14:\"school_year_id\";N;s:8:\"level_id\";i:12;s:4:\"name\";s:5:\"3AC-1\";s:8:\"capacity\";i:30;s:10:\"teacher_id\";N;s:10:\"created_at\";s:19:\"2025-12-16 23:26:28\";s:10:\"updated_at\";s:19:\"2025-12-16 23:26:28\";}s:11:\"\0*\0original\";a:8:{s:2:\"id\";i:23;s:14:\"school_year_id\";N;s:8:\"level_id\";i:12;s:4:\"name\";s:5:\"3AC-1\";s:8:\"capacity\";i:30;s:10:\"teacher_id\";N;s:10:\"created_at\";s:19:\"2025-12-16 23:26:28\";s:10:\"updated_at\";s:19:\"2025-12-16 23:26:28\";}s:10:\"\0*\0changes\";a:0:{}s:11:\"\0*\0previous\";a:0:{}s:8:\"\0*\0casts\";a:0:{}s:17:\"\0*\0classCastCache\";a:0:{}s:21:\"\0*\0attributeCastCache\";a:0:{}s:13:\"\0*\0dateFormat\";N;s:10:\"\0*\0appends\";a:0:{}s:19:\"\0*\0dispatchesEvents\";a:0:{}s:14:\"\0*\0observables\";a:0:{}s:12:\"\0*\0relations\";a:1:{s:5:\"level\";O:16:\"App\\Models\\Level\":33:{s:13:\"\0*\0connection\";s:5:\"mysql\";s:8:\"\0*\0table\";s:6:\"levels\";s:13:\"\0*\0primaryKey\";s:2:\"id\";s:10:\"\0*\0keyType\";s:3:\"int\";s:12:\"incrementing\";b:1;s:7:\"\0*\0with\";a:0:{}s:12:\"\0*\0withCount\";a:0:{}s:19:\"preventsLazyLoading\";b:0;s:10:\"\0*\0perPage\";i:15;s:6:\"exists\";b:1;s:18:\"wasRecentlyCreated\";b:0;s:28:\"\0*\0escapeWhenCastingToString\";b:0;s:13:\"\0*\0attributes\";a:14:{s:2:\"id\";i:12;s:14:\"school_year_id\";N;s:4:\"code\";s:3:\"3AC\";s:10:\"sort_order\";i:13;s:4:\"name\";s:21:\"3ème Année Collège\";s:11:\"monthly_fee\";s:6:\"950.00\";s:13:\"cafeteria_fee\";s:4:\"0.00\";s:18:\"transportation_fee\";s:4:\"0.00\";s:19:\"private_lessons_fee\";s:4:\"0.00\";s:13:\"insurance_fee\";s:4:\"0.00\";s:13:\"schooling_fee\";s:4:\"0.00\";s:11:\"nursery_fee\";s:4:\"0.00\";s:10:\"created_at\";s:19:\"2025-12-16 23:26:28\";s:10:\"updated_at\";s:19:\"2025-12-16 23:26:28\";}s:11:\"\0*\0original\";a:14:{s:2:\"id\";i:12;s:14:\"school_year_id\";N;s:4:\"code\";s:3:\"3AC\";s:10:\"sort_order\";i:13;s:4:\"name\";s:21:\"3ème Année Collège\";s:11:\"monthly_fee\";s:6:\"950.00\";s:13:\"cafeteria_fee\";s:4:\"0.00\";s:18:\"transportation_fee\";s:4:\"0.00\";s:19:\"private_lessons_fee\";s:4:\"0.00\";s:13:\"insurance_fee\";s:4:\"0.00\";s:13:\"schooling_fee\";s:4:\"0.00\";s:11:\"nursery_fee\";s:4:\"0.00\";s:10:\"created_at\";s:19:\"2025-12-16 23:26:28\";s:10:\"updated_at\";s:19:\"2025-12-16 23:26:28\";}s:10:\"\0*\0changes\";a:0:{}s:11:\"\0*\0previous\";a:0:{}s:8:\"\0*\0casts\";a:7:{s:11:\"monthly_fee\";s:9:\"decimal:2\";s:18:\"transportation_fee\";s:9:\"decimal:2\";s:13:\"cafeteria_fee\";s:9:\"decimal:2\";s:11:\"nursery_fee\";s:9:\"decimal:2\";s:19:\"private_lessons_fee\";s:9:\"decimal:2\";s:13:\"insurance_fee\";s:9:\"decimal:2\";s:13:\"schooling_fee\";s:9:\"decimal:2\";}s:17:\"\0*\0classCastCache\";a:0:{}s:21:\"\0*\0attributeCastCache\";a:0:{}s:13:\"\0*\0dateFormat\";N;s:10:\"\0*\0appends\";a:0:{}s:19:\"\0*\0dispatchesEvents\";a:0:{}s:14:\"\0*\0observables\";a:0:{}s:12:\"\0*\0relations\";a:0:{}s:10:\"\0*\0touches\";a:0:{}s:27:\"\0*\0relationAutoloadCallback\";N;s:26:\"\0*\0relationAutoloadContext\";N;s:10:\"timestamps\";b:1;s:13:\"usesUniqueIds\";b:0;s:9:\"\0*\0hidden\";a:0:{}s:10:\"\0*\0visible\";a:0:{}s:11:\"\0*\0fillable\";a:10:{i:0;s:4:\"code\";i:1;s:4:\"name\";i:2;s:10:\"sort_order\";i:3;s:11:\"monthly_fee\";i:4;s:18:\"transportation_fee\";i:5;s:13:\"cafeteria_fee\";i:6;s:11:\"nursery_fee\";i:7;s:19:\"private_lessons_fee\";i:8;s:13:\"insurance_fee\";i:9;s:13:\"schooling_fee\";}s:10:\"\0*\0guarded\";a:1:{i:0;s:1:\"*\";}}}s:10:\"\0*\0touches\";a:0:{}s:27:\"\0*\0relationAutoloadCallback\";N;s:26:\"\0*\0relationAutoloadContext\";N;s:10:\"timestamps\";b:1;s:13:\"usesUniqueIds\";b:0;s:9:\"\0*\0hidden\";a:0:{}s:10:\"\0*\0visible\";a:0:{}s:11:\"\0*\0fillable\";a:4:{i:0;s:8:\"level_id\";i:1;s:4:\"name\";i:2;s:8:\"capacity\";i:3;s:10:\"teacher_id\";}s:10:\"\0*\0guarded\";a:1:{i:0;s:1:\"*\";}}i:23;O:21:\"App\\Models\\ClassModel\":33:{s:13:\"\0*\0connection\";s:5:\"mysql\";s:8:\"\0*\0table\";s:7:\"classes\";s:13:\"\0*\0primaryKey\";s:2:\"id\";s:10:\"\0*\0keyType\";s:3:\"int\";s:12:\"incrementing\";b:1;s:7:\"\0*\0with\";a:0:{}s:12:\"\0*\0withCount\";a:0:{}s:19:\"preventsLazyLoading\";b:0;s:10:\"\0*\0perPage\";i:15;s:6:\"exists\";b:1;s:18:\"wasRecentlyCreated\";b:0;s:28:\"\0*\0escapeWhenCastingToString\";b:0;s:13:\"\0*\0attributes\";a:8:{s:2:\"id\";i:24;s:14:\"school_year_id\";N;s:8:\"level_id\";i:12;s:4:\"name\";s:5:\"3AC-2\";s:8:\"capacity\";i:30;s:10:\"teacher_id\";N;s:10:\"created_at\";s:19:\"2025-12-16 23:26:28\";s:10:\"updated_at\";s:19:\"2025-12-16 23:26:28\";}s:11:\"\0*\0original\";a:8:{s:2:\"id\";i:24;s:14:\"school_year_id\";N;s:8:\"level_id\";i:12;s:4:\"name\";s:5:\"3AC-2\";s:8:\"capacity\";i:30;s:10:\"teacher_id\";N;s:10:\"created_at\";s:19:\"2025-12-16 23:26:28\";s:10:\"updated_at\";s:19:\"2025-12-16 23:26:28\";}s:10:\"\0*\0changes\";a:0:{}s:11:\"\0*\0previous\";a:0:{}s:8:\"\0*\0casts\";a:0:{}s:17:\"\0*\0classCastCache\";a:0:{}s:21:\"\0*\0attributeCastCache\";a:0:{}s:13:\"\0*\0dateFormat\";N;s:10:\"\0*\0appends\";a:0:{}s:19:\"\0*\0dispatchesEvents\";a:0:{}s:14:\"\0*\0observables\";a:0:{}s:12:\"\0*\0relations\";a:1:{s:5:\"level\";r:2145;}s:10:\"\0*\0touches\";a:0:{}s:27:\"\0*\0relationAutoloadCallback\";N;s:26:\"\0*\0relationAutoloadContext\";N;s:10:\"timestamps\";b:1;s:13:\"usesUniqueIds\";b:0;s:9:\"\0*\0hidden\";a:0:{}s:10:\"\0*\0visible\";a:0:{}s:11:\"\0*\0fillable\";a:4:{i:0;s:8:\"level_id\";i:1;s:4:\"name\";i:2;s:8:\"capacity\";i:3;s:10:\"teacher_id\";}s:10:\"\0*\0guarded\";a:1:{i:0;s:1:\"*\";}}}s:28:\"\0*\0escapeWhenCastingToString\";b:0;}',1766840519),('madrasti-cache-levels','O:39:\"Illuminate\\Database\\Eloquent\\Collection\":2:{s:8:\"\0*\0items\";a:12:{i:0;O:16:\"App\\Models\\Level\":33:{s:13:\"\0*\0connection\";s:5:\"mysql\";s:8:\"\0*\0table\";s:6:\"levels\";s:13:\"\0*\0primaryKey\";s:2:\"id\";s:10:\"\0*\0keyType\";s:3:\"int\";s:12:\"incrementing\";b:1;s:7:\"\0*\0with\";a:0:{}s:12:\"\0*\0withCount\";a:0:{}s:19:\"preventsLazyLoading\";b:0;s:10:\"\0*\0perPage\";i:15;s:6:\"exists\";b:1;s:18:\"wasRecentlyCreated\";b:0;s:28:\"\0*\0escapeWhenCastingToString\";b:0;s:13:\"\0*\0attributes\";a:14:{s:2:\"id\";i:1;s:14:\"school_year_id\";N;s:4:\"code\";s:2:\"PS\";s:10:\"sort_order\";i:1;s:4:\"name\";s:14:\"Petite Section\";s:11:\"monthly_fee\";s:6:\"400.00\";s:13:\"cafeteria_fee\";s:4:\"0.00\";s:18:\"transportation_fee\";s:4:\"0.00\";s:19:\"private_lessons_fee\";s:4:\"0.00\";s:13:\"insurance_fee\";s:4:\"0.00\";s:13:\"schooling_fee\";s:4:\"0.00\";s:11:\"nursery_fee\";s:4:\"0.00\";s:10:\"created_at\";s:19:\"2025-12-16 23:26:28\";s:10:\"updated_at\";s:19:\"2025-12-16 23:26:28\";}s:11:\"\0*\0original\";a:14:{s:2:\"id\";i:1;s:14:\"school_year_id\";N;s:4:\"code\";s:2:\"PS\";s:10:\"sort_order\";i:1;s:4:\"name\";s:14:\"Petite Section\";s:11:\"monthly_fee\";s:6:\"400.00\";s:13:\"cafeteria_fee\";s:4:\"0.00\";s:18:\"transportation_fee\";s:4:\"0.00\";s:19:\"private_lessons_fee\";s:4:\"0.00\";s:13:\"insurance_fee\";s:4:\"0.00\";s:13:\"schooling_fee\";s:4:\"0.00\";s:11:\"nursery_fee\";s:4:\"0.00\";s:10:\"created_at\";s:19:\"2025-12-16 23:26:28\";s:10:\"updated_at\";s:19:\"2025-12-16 23:26:28\";}s:10:\"\0*\0changes\";a:0:{}s:11:\"\0*\0previous\";a:0:{}s:8:\"\0*\0casts\";a:7:{s:11:\"monthly_fee\";s:9:\"decimal:2\";s:18:\"transportation_fee\";s:9:\"decimal:2\";s:13:\"cafeteria_fee\";s:9:\"decimal:2\";s:11:\"nursery_fee\";s:9:\"decimal:2\";s:19:\"private_lessons_fee\";s:9:\"decimal:2\";s:13:\"insurance_fee\";s:9:\"decimal:2\";s:13:\"schooling_fee\";s:9:\"decimal:2\";}s:17:\"\0*\0classCastCache\";a:0:{}s:21:\"\0*\0attributeCastCache\";a:0:{}s:13:\"\0*\0dateFormat\";N;s:10:\"\0*\0appends\";a:0:{}s:19:\"\0*\0dispatchesEvents\";a:0:{}s:14:\"\0*\0observables\";a:0:{}s:12:\"\0*\0relations\";a:0:{}s:10:\"\0*\0touches\";a:0:{}s:27:\"\0*\0relationAutoloadCallback\";N;s:26:\"\0*\0relationAutoloadContext\";N;s:10:\"timestamps\";b:1;s:13:\"usesUniqueIds\";b:0;s:9:\"\0*\0hidden\";a:0:{}s:10:\"\0*\0visible\";a:0:{}s:11:\"\0*\0fillable\";a:10:{i:0;s:4:\"code\";i:1;s:4:\"name\";i:2;s:10:\"sort_order\";i:3;s:11:\"monthly_fee\";i:4;s:18:\"transportation_fee\";i:5;s:13:\"cafeteria_fee\";i:6;s:11:\"nursery_fee\";i:7;s:19:\"private_lessons_fee\";i:8;s:13:\"insurance_fee\";i:9;s:13:\"schooling_fee\";}s:10:\"\0*\0guarded\";a:1:{i:0;s:1:\"*\";}}i:1;O:16:\"App\\Models\\Level\":33:{s:13:\"\0*\0connection\";s:5:\"mysql\";s:8:\"\0*\0table\";s:6:\"levels\";s:13:\"\0*\0primaryKey\";s:2:\"id\";s:10:\"\0*\0keyType\";s:3:\"int\";s:12:\"incrementing\";b:1;s:7:\"\0*\0with\";a:0:{}s:12:\"\0*\0withCount\";a:0:{}s:19:\"preventsLazyLoading\";b:0;s:10:\"\0*\0perPage\";i:15;s:6:\"exists\";b:1;s:18:\"wasRecentlyCreated\";b:0;s:28:\"\0*\0escapeWhenCastingToString\";b:0;s:13:\"\0*\0attributes\";a:14:{s:2:\"id\";i:2;s:14:\"school_year_id\";N;s:4:\"code\";s:2:\"MS\";s:10:\"sort_order\";i:2;s:4:\"name\";s:15:\"Moyenne Section\";s:11:\"monthly_fee\";s:6:\"450.00\";s:13:\"cafeteria_fee\";s:4:\"0.00\";s:18:\"transportation_fee\";s:4:\"0.00\";s:19:\"private_lessons_fee\";s:4:\"0.00\";s:13:\"insurance_fee\";s:4:\"0.00\";s:13:\"schooling_fee\";s:4:\"0.00\";s:11:\"nursery_fee\";s:4:\"0.00\";s:10:\"created_at\";s:19:\"2025-12-16 23:26:28\";s:10:\"updated_at\";s:19:\"2025-12-16 23:26:28\";}s:11:\"\0*\0original\";a:14:{s:2:\"id\";i:2;s:14:\"school_year_id\";N;s:4:\"code\";s:2:\"MS\";s:10:\"sort_order\";i:2;s:4:\"name\";s:15:\"Moyenne Section\";s:11:\"monthly_fee\";s:6:\"450.00\";s:13:\"cafeteria_fee\";s:4:\"0.00\";s:18:\"transportation_fee\";s:4:\"0.00\";s:19:\"private_lessons_fee\";s:4:\"0.00\";s:13:\"insurance_fee\";s:4:\"0.00\";s:13:\"schooling_fee\";s:4:\"0.00\";s:11:\"nursery_fee\";s:4:\"0.00\";s:10:\"created_at\";s:19:\"2025-12-16 23:26:28\";s:10:\"updated_at\";s:19:\"2025-12-16 23:26:28\";}s:10:\"\0*\0changes\";a:0:{}s:11:\"\0*\0previous\";a:0:{}s:8:\"\0*\0casts\";a:7:{s:11:\"monthly_fee\";s:9:\"decimal:2\";s:18:\"transportation_fee\";s:9:\"decimal:2\";s:13:\"cafeteria_fee\";s:9:\"decimal:2\";s:11:\"nursery_fee\";s:9:\"decimal:2\";s:19:\"private_lessons_fee\";s:9:\"decimal:2\";s:13:\"insurance_fee\";s:9:\"decimal:2\";s:13:\"schooling_fee\";s:9:\"decimal:2\";}s:17:\"\0*\0classCastCache\";a:0:{}s:21:\"\0*\0attributeCastCache\";a:0:{}s:13:\"\0*\0dateFormat\";N;s:10:\"\0*\0appends\";a:0:{}s:19:\"\0*\0dispatchesEvents\";a:0:{}s:14:\"\0*\0observables\";a:0:{}s:12:\"\0*\0relations\";a:0:{}s:10:\"\0*\0touches\";a:0:{}s:27:\"\0*\0relationAutoloadCallback\";N;s:26:\"\0*\0relationAutoloadContext\";N;s:10:\"timestamps\";b:1;s:13:\"usesUniqueIds\";b:0;s:9:\"\0*\0hidden\";a:0:{}s:10:\"\0*\0visible\";a:0:{}s:11:\"\0*\0fillable\";a:10:{i:0;s:4:\"code\";i:1;s:4:\"name\";i:2;s:10:\"sort_order\";i:3;s:11:\"monthly_fee\";i:4;s:18:\"transportation_fee\";i:5;s:13:\"cafeteria_fee\";i:6;s:11:\"nursery_fee\";i:7;s:19:\"private_lessons_fee\";i:8;s:13:\"insurance_fee\";i:9;s:13:\"schooling_fee\";}s:10:\"\0*\0guarded\";a:1:{i:0;s:1:\"*\";}}i:2;O:16:\"App\\Models\\Level\":33:{s:13:\"\0*\0connection\";s:5:\"mysql\";s:8:\"\0*\0table\";s:6:\"levels\";s:13:\"\0*\0primaryKey\";s:2:\"id\";s:10:\"\0*\0keyType\";s:3:\"int\";s:12:\"incrementing\";b:1;s:7:\"\0*\0with\";a:0:{}s:12:\"\0*\0withCount\";a:0:{}s:19:\"preventsLazyLoading\";b:0;s:10:\"\0*\0perPage\";i:15;s:6:\"exists\";b:1;s:18:\"wasRecentlyCreated\";b:0;s:28:\"\0*\0escapeWhenCastingToString\";b:0;s:13:\"\0*\0attributes\";a:14:{s:2:\"id\";i:3;s:14:\"school_year_id\";N;s:4:\"code\";s:2:\"GS\";s:10:\"sort_order\";i:3;s:4:\"name\";s:14:\"Grande Section\";s:11:\"monthly_fee\";s:6:\"500.00\";s:13:\"cafeteria_fee\";s:4:\"0.00\";s:18:\"transportation_fee\";s:4:\"0.00\";s:19:\"private_lessons_fee\";s:4:\"0.00\";s:13:\"insurance_fee\";s:4:\"0.00\";s:13:\"schooling_fee\";s:4:\"0.00\";s:11:\"nursery_fee\";s:4:\"0.00\";s:10:\"created_at\";s:19:\"2025-12-16 23:26:28\";s:10:\"updated_at\";s:19:\"2025-12-16 23:26:28\";}s:11:\"\0*\0original\";a:14:{s:2:\"id\";i:3;s:14:\"school_year_id\";N;s:4:\"code\";s:2:\"GS\";s:10:\"sort_order\";i:3;s:4:\"name\";s:14:\"Grande Section\";s:11:\"monthly_fee\";s:6:\"500.00\";s:13:\"cafeteria_fee\";s:4:\"0.00\";s:18:\"transportation_fee\";s:4:\"0.00\";s:19:\"private_lessons_fee\";s:4:\"0.00\";s:13:\"insurance_fee\";s:4:\"0.00\";s:13:\"schooling_fee\";s:4:\"0.00\";s:11:\"nursery_fee\";s:4:\"0.00\";s:10:\"created_at\";s:19:\"2025-12-16 23:26:28\";s:10:\"updated_at\";s:19:\"2025-12-16 23:26:28\";}s:10:\"\0*\0changes\";a:0:{}s:11:\"\0*\0previous\";a:0:{}s:8:\"\0*\0casts\";a:7:{s:11:\"monthly_fee\";s:9:\"decimal:2\";s:18:\"transportation_fee\";s:9:\"decimal:2\";s:13:\"cafeteria_fee\";s:9:\"decimal:2\";s:11:\"nursery_fee\";s:9:\"decimal:2\";s:19:\"private_lessons_fee\";s:9:\"decimal:2\";s:13:\"insurance_fee\";s:9:\"decimal:2\";s:13:\"schooling_fee\";s:9:\"decimal:2\";}s:17:\"\0*\0classCastCache\";a:0:{}s:21:\"\0*\0attributeCastCache\";a:0:{}s:13:\"\0*\0dateFormat\";N;s:10:\"\0*\0appends\";a:0:{}s:19:\"\0*\0dispatchesEvents\";a:0:{}s:14:\"\0*\0observables\";a:0:{}s:12:\"\0*\0relations\";a:0:{}s:10:\"\0*\0touches\";a:0:{}s:27:\"\0*\0relationAutoloadCallback\";N;s:26:\"\0*\0relationAutoloadContext\";N;s:10:\"timestamps\";b:1;s:13:\"usesUniqueIds\";b:0;s:9:\"\0*\0hidden\";a:0:{}s:10:\"\0*\0visible\";a:0:{}s:11:\"\0*\0fillable\";a:10:{i:0;s:4:\"code\";i:1;s:4:\"name\";i:2;s:10:\"sort_order\";i:3;s:11:\"monthly_fee\";i:4;s:18:\"transportation_fee\";i:5;s:13:\"cafeteria_fee\";i:6;s:11:\"nursery_fee\";i:7;s:19:\"private_lessons_fee\";i:8;s:13:\"insurance_fee\";i:9;s:13:\"schooling_fee\";}s:10:\"\0*\0guarded\";a:1:{i:0;s:1:\"*\";}}i:3;O:16:\"App\\Models\\Level\":33:{s:13:\"\0*\0connection\";s:5:\"mysql\";s:8:\"\0*\0table\";s:6:\"levels\";s:13:\"\0*\0primaryKey\";s:2:\"id\";s:10:\"\0*\0keyType\";s:3:\"int\";s:12:\"incrementing\";b:1;s:7:\"\0*\0with\";a:0:{}s:12:\"\0*\0withCount\";a:0:{}s:19:\"preventsLazyLoading\";b:0;s:10:\"\0*\0perPage\";i:15;s:6:\"exists\";b:1;s:18:\"wasRecentlyCreated\";b:0;s:28:\"\0*\0escapeWhenCastingToString\";b:0;s:13:\"\0*\0attributes\";a:14:{s:2:\"id\";i:4;s:14:\"school_year_id\";N;s:4:\"code\";s:4:\"1APG\";s:10:\"sort_order\";i:5;s:4:\"name\";s:21:\"1ère Année Primaire\";s:11:\"monthly_fee\";s:6:\"550.00\";s:13:\"cafeteria_fee\";s:4:\"0.00\";s:18:\"transportation_fee\";s:4:\"0.00\";s:19:\"private_lessons_fee\";s:4:\"0.00\";s:13:\"insurance_fee\";s:4:\"0.00\";s:13:\"schooling_fee\";s:4:\"0.00\";s:11:\"nursery_fee\";s:4:\"0.00\";s:10:\"created_at\";s:19:\"2025-12-16 23:26:28\";s:10:\"updated_at\";s:19:\"2025-12-16 23:26:28\";}s:11:\"\0*\0original\";a:14:{s:2:\"id\";i:4;s:14:\"school_year_id\";N;s:4:\"code\";s:4:\"1APG\";s:10:\"sort_order\";i:5;s:4:\"name\";s:21:\"1ère Année Primaire\";s:11:\"monthly_fee\";s:6:\"550.00\";s:13:\"cafeteria_fee\";s:4:\"0.00\";s:18:\"transportation_fee\";s:4:\"0.00\";s:19:\"private_lessons_fee\";s:4:\"0.00\";s:13:\"insurance_fee\";s:4:\"0.00\";s:13:\"schooling_fee\";s:4:\"0.00\";s:11:\"nursery_fee\";s:4:\"0.00\";s:10:\"created_at\";s:19:\"2025-12-16 23:26:28\";s:10:\"updated_at\";s:19:\"2025-12-16 23:26:28\";}s:10:\"\0*\0changes\";a:0:{}s:11:\"\0*\0previous\";a:0:{}s:8:\"\0*\0casts\";a:7:{s:11:\"monthly_fee\";s:9:\"decimal:2\";s:18:\"transportation_fee\";s:9:\"decimal:2\";s:13:\"cafeteria_fee\";s:9:\"decimal:2\";s:11:\"nursery_fee\";s:9:\"decimal:2\";s:19:\"private_lessons_fee\";s:9:\"decimal:2\";s:13:\"insurance_fee\";s:9:\"decimal:2\";s:13:\"schooling_fee\";s:9:\"decimal:2\";}s:17:\"\0*\0classCastCache\";a:0:{}s:21:\"\0*\0attributeCastCache\";a:0:{}s:13:\"\0*\0dateFormat\";N;s:10:\"\0*\0appends\";a:0:{}s:19:\"\0*\0dispatchesEvents\";a:0:{}s:14:\"\0*\0observables\";a:0:{}s:12:\"\0*\0relations\";a:0:{}s:10:\"\0*\0touches\";a:0:{}s:27:\"\0*\0relationAutoloadCallback\";N;s:26:\"\0*\0relationAutoloadContext\";N;s:10:\"timestamps\";b:1;s:13:\"usesUniqueIds\";b:0;s:9:\"\0*\0hidden\";a:0:{}s:10:\"\0*\0visible\";a:0:{}s:11:\"\0*\0fillable\";a:10:{i:0;s:4:\"code\";i:1;s:4:\"name\";i:2;s:10:\"sort_order\";i:3;s:11:\"monthly_fee\";i:4;s:18:\"transportation_fee\";i:5;s:13:\"cafeteria_fee\";i:6;s:11:\"nursery_fee\";i:7;s:19:\"private_lessons_fee\";i:8;s:13:\"insurance_fee\";i:9;s:13:\"schooling_fee\";}s:10:\"\0*\0guarded\";a:1:{i:0;s:1:\"*\";}}i:4;O:16:\"App\\Models\\Level\":33:{s:13:\"\0*\0connection\";s:5:\"mysql\";s:8:\"\0*\0table\";s:6:\"levels\";s:13:\"\0*\0primaryKey\";s:2:\"id\";s:10:\"\0*\0keyType\";s:3:\"int\";s:12:\"incrementing\";b:1;s:7:\"\0*\0with\";a:0:{}s:12:\"\0*\0withCount\";a:0:{}s:19:\"preventsLazyLoading\";b:0;s:10:\"\0*\0perPage\";i:15;s:6:\"exists\";b:1;s:18:\"wasRecentlyCreated\";b:0;s:28:\"\0*\0escapeWhenCastingToString\";b:0;s:13:\"\0*\0attributes\";a:14:{s:2:\"id\";i:5;s:14:\"school_year_id\";N;s:4:\"code\";s:4:\"2APG\";s:10:\"sort_order\";i:6;s:4:\"name\";s:21:\"2ème Année Primaire\";s:11:\"monthly_fee\";s:6:\"600.00\";s:13:\"cafeteria_fee\";s:4:\"0.00\";s:18:\"transportation_fee\";s:4:\"0.00\";s:19:\"private_lessons_fee\";s:4:\"0.00\";s:13:\"insurance_fee\";s:4:\"0.00\";s:13:\"schooling_fee\";s:4:\"0.00\";s:11:\"nursery_fee\";s:4:\"0.00\";s:10:\"created_at\";s:19:\"2025-12-16 23:26:28\";s:10:\"updated_at\";s:19:\"2025-12-16 23:26:28\";}s:11:\"\0*\0original\";a:14:{s:2:\"id\";i:5;s:14:\"school_year_id\";N;s:4:\"code\";s:4:\"2APG\";s:10:\"sort_order\";i:6;s:4:\"name\";s:21:\"2ème Année Primaire\";s:11:\"monthly_fee\";s:6:\"600.00\";s:13:\"cafeteria_fee\";s:4:\"0.00\";s:18:\"transportation_fee\";s:4:\"0.00\";s:19:\"private_lessons_fee\";s:4:\"0.00\";s:13:\"insurance_fee\";s:4:\"0.00\";s:13:\"schooling_fee\";s:4:\"0.00\";s:11:\"nursery_fee\";s:4:\"0.00\";s:10:\"created_at\";s:19:\"2025-12-16 23:26:28\";s:10:\"updated_at\";s:19:\"2025-12-16 23:26:28\";}s:10:\"\0*\0changes\";a:0:{}s:11:\"\0*\0previous\";a:0:{}s:8:\"\0*\0casts\";a:7:{s:11:\"monthly_fee\";s:9:\"decimal:2\";s:18:\"transportation_fee\";s:9:\"decimal:2\";s:13:\"cafeteria_fee\";s:9:\"decimal:2\";s:11:\"nursery_fee\";s:9:\"decimal:2\";s:19:\"private_lessons_fee\";s:9:\"decimal:2\";s:13:\"insurance_fee\";s:9:\"decimal:2\";s:13:\"schooling_fee\";s:9:\"decimal:2\";}s:17:\"\0*\0classCastCache\";a:0:{}s:21:\"\0*\0attributeCastCache\";a:0:{}s:13:\"\0*\0dateFormat\";N;s:10:\"\0*\0appends\";a:0:{}s:19:\"\0*\0dispatchesEvents\";a:0:{}s:14:\"\0*\0observables\";a:0:{}s:12:\"\0*\0relations\";a:0:{}s:10:\"\0*\0touches\";a:0:{}s:27:\"\0*\0relationAutoloadCallback\";N;s:26:\"\0*\0relationAutoloadContext\";N;s:10:\"timestamps\";b:1;s:13:\"usesUniqueIds\";b:0;s:9:\"\0*\0hidden\";a:0:{}s:10:\"\0*\0visible\";a:0:{}s:11:\"\0*\0fillable\";a:10:{i:0;s:4:\"code\";i:1;s:4:\"name\";i:2;s:10:\"sort_order\";i:3;s:11:\"monthly_fee\";i:4;s:18:\"transportation_fee\";i:5;s:13:\"cafeteria_fee\";i:6;s:11:\"nursery_fee\";i:7;s:19:\"private_lessons_fee\";i:8;s:13:\"insurance_fee\";i:9;s:13:\"schooling_fee\";}s:10:\"\0*\0guarded\";a:1:{i:0;s:1:\"*\";}}i:5;O:16:\"App\\Models\\Level\":33:{s:13:\"\0*\0connection\";s:5:\"mysql\";s:8:\"\0*\0table\";s:6:\"levels\";s:13:\"\0*\0primaryKey\";s:2:\"id\";s:10:\"\0*\0keyType\";s:3:\"int\";s:12:\"incrementing\";b:1;s:7:\"\0*\0with\";a:0:{}s:12:\"\0*\0withCount\";a:0:{}s:19:\"preventsLazyLoading\";b:0;s:10:\"\0*\0perPage\";i:15;s:6:\"exists\";b:1;s:18:\"wasRecentlyCreated\";b:0;s:28:\"\0*\0escapeWhenCastingToString\";b:0;s:13:\"\0*\0attributes\";a:14:{s:2:\"id\";i:6;s:14:\"school_year_id\";N;s:4:\"code\";s:4:\"3APG\";s:10:\"sort_order\";i:7;s:4:\"name\";s:21:\"3ème Année Primaire\";s:11:\"monthly_fee\";s:6:\"650.00\";s:13:\"cafeteria_fee\";s:4:\"0.00\";s:18:\"transportation_fee\";s:4:\"0.00\";s:19:\"private_lessons_fee\";s:4:\"0.00\";s:13:\"insurance_fee\";s:4:\"0.00\";s:13:\"schooling_fee\";s:4:\"0.00\";s:11:\"nursery_fee\";s:4:\"0.00\";s:10:\"created_at\";s:19:\"2025-12-16 23:26:28\";s:10:\"updated_at\";s:19:\"2025-12-16 23:26:28\";}s:11:\"\0*\0original\";a:14:{s:2:\"id\";i:6;s:14:\"school_year_id\";N;s:4:\"code\";s:4:\"3APG\";s:10:\"sort_order\";i:7;s:4:\"name\";s:21:\"3ème Année Primaire\";s:11:\"monthly_fee\";s:6:\"650.00\";s:13:\"cafeteria_fee\";s:4:\"0.00\";s:18:\"transportation_fee\";s:4:\"0.00\";s:19:\"private_lessons_fee\";s:4:\"0.00\";s:13:\"insurance_fee\";s:4:\"0.00\";s:13:\"schooling_fee\";s:4:\"0.00\";s:11:\"nursery_fee\";s:4:\"0.00\";s:10:\"created_at\";s:19:\"2025-12-16 23:26:28\";s:10:\"updated_at\";s:19:\"2025-12-16 23:26:28\";}s:10:\"\0*\0changes\";a:0:{}s:11:\"\0*\0previous\";a:0:{}s:8:\"\0*\0casts\";a:7:{s:11:\"monthly_fee\";s:9:\"decimal:2\";s:18:\"transportation_fee\";s:9:\"decimal:2\";s:13:\"cafeteria_fee\";s:9:\"decimal:2\";s:11:\"nursery_fee\";s:9:\"decimal:2\";s:19:\"private_lessons_fee\";s:9:\"decimal:2\";s:13:\"insurance_fee\";s:9:\"decimal:2\";s:13:\"schooling_fee\";s:9:\"decimal:2\";}s:17:\"\0*\0classCastCache\";a:0:{}s:21:\"\0*\0attributeCastCache\";a:0:{}s:13:\"\0*\0dateFormat\";N;s:10:\"\0*\0appends\";a:0:{}s:19:\"\0*\0dispatchesEvents\";a:0:{}s:14:\"\0*\0observables\";a:0:{}s:12:\"\0*\0relations\";a:0:{}s:10:\"\0*\0touches\";a:0:{}s:27:\"\0*\0relationAutoloadCallback\";N;s:26:\"\0*\0relationAutoloadContext\";N;s:10:\"timestamps\";b:1;s:13:\"usesUniqueIds\";b:0;s:9:\"\0*\0hidden\";a:0:{}s:10:\"\0*\0visible\";a:0:{}s:11:\"\0*\0fillable\";a:10:{i:0;s:4:\"code\";i:1;s:4:\"name\";i:2;s:10:\"sort_order\";i:3;s:11:\"monthly_fee\";i:4;s:18:\"transportation_fee\";i:5;s:13:\"cafeteria_fee\";i:6;s:11:\"nursery_fee\";i:7;s:19:\"private_lessons_fee\";i:8;s:13:\"insurance_fee\";i:9;s:13:\"schooling_fee\";}s:10:\"\0*\0guarded\";a:1:{i:0;s:1:\"*\";}}i:6;O:16:\"App\\Models\\Level\":33:{s:13:\"\0*\0connection\";s:5:\"mysql\";s:8:\"\0*\0table\";s:6:\"levels\";s:13:\"\0*\0primaryKey\";s:2:\"id\";s:10:\"\0*\0keyType\";s:3:\"int\";s:12:\"incrementing\";b:1;s:7:\"\0*\0with\";a:0:{}s:12:\"\0*\0withCount\";a:0:{}s:19:\"preventsLazyLoading\";b:0;s:10:\"\0*\0perPage\";i:15;s:6:\"exists\";b:1;s:18:\"wasRecentlyCreated\";b:0;s:28:\"\0*\0escapeWhenCastingToString\";b:0;s:13:\"\0*\0attributes\";a:14:{s:2:\"id\";i:7;s:14:\"school_year_id\";N;s:4:\"code\";s:4:\"4APG\";s:10:\"sort_order\";i:8;s:4:\"name\";s:21:\"4ème Année Primaire\";s:11:\"monthly_fee\";s:6:\"700.00\";s:13:\"cafeteria_fee\";s:4:\"0.00\";s:18:\"transportation_fee\";s:4:\"0.00\";s:19:\"private_lessons_fee\";s:4:\"0.00\";s:13:\"insurance_fee\";s:4:\"0.00\";s:13:\"schooling_fee\";s:4:\"0.00\";s:11:\"nursery_fee\";s:4:\"0.00\";s:10:\"created_at\";s:19:\"2025-12-16 23:26:28\";s:10:\"updated_at\";s:19:\"2025-12-16 23:26:28\";}s:11:\"\0*\0original\";a:14:{s:2:\"id\";i:7;s:14:\"school_year_id\";N;s:4:\"code\";s:4:\"4APG\";s:10:\"sort_order\";i:8;s:4:\"name\";s:21:\"4ème Année Primaire\";s:11:\"monthly_fee\";s:6:\"700.00\";s:13:\"cafeteria_fee\";s:4:\"0.00\";s:18:\"transportation_fee\";s:4:\"0.00\";s:19:\"private_lessons_fee\";s:4:\"0.00\";s:13:\"insurance_fee\";s:4:\"0.00\";s:13:\"schooling_fee\";s:4:\"0.00\";s:11:\"nursery_fee\";s:4:\"0.00\";s:10:\"created_at\";s:19:\"2025-12-16 23:26:28\";s:10:\"updated_at\";s:19:\"2025-12-16 23:26:28\";}s:10:\"\0*\0changes\";a:0:{}s:11:\"\0*\0previous\";a:0:{}s:8:\"\0*\0casts\";a:7:{s:11:\"monthly_fee\";s:9:\"decimal:2\";s:18:\"transportation_fee\";s:9:\"decimal:2\";s:13:\"cafeteria_fee\";s:9:\"decimal:2\";s:11:\"nursery_fee\";s:9:\"decimal:2\";s:19:\"private_lessons_fee\";s:9:\"decimal:2\";s:13:\"insurance_fee\";s:9:\"decimal:2\";s:13:\"schooling_fee\";s:9:\"decimal:2\";}s:17:\"\0*\0classCastCache\";a:0:{}s:21:\"\0*\0attributeCastCache\";a:0:{}s:13:\"\0*\0dateFormat\";N;s:10:\"\0*\0appends\";a:0:{}s:19:\"\0*\0dispatchesEvents\";a:0:{}s:14:\"\0*\0observables\";a:0:{}s:12:\"\0*\0relations\";a:0:{}s:10:\"\0*\0touches\";a:0:{}s:27:\"\0*\0relationAutoloadCallback\";N;s:26:\"\0*\0relationAutoloadContext\";N;s:10:\"timestamps\";b:1;s:13:\"usesUniqueIds\";b:0;s:9:\"\0*\0hidden\";a:0:{}s:10:\"\0*\0visible\";a:0:{}s:11:\"\0*\0fillable\";a:10:{i:0;s:4:\"code\";i:1;s:4:\"name\";i:2;s:10:\"sort_order\";i:3;s:11:\"monthly_fee\";i:4;s:18:\"transportation_fee\";i:5;s:13:\"cafeteria_fee\";i:6;s:11:\"nursery_fee\";i:7;s:19:\"private_lessons_fee\";i:8;s:13:\"insurance_fee\";i:9;s:13:\"schooling_fee\";}s:10:\"\0*\0guarded\";a:1:{i:0;s:1:\"*\";}}i:7;O:16:\"App\\Models\\Level\":33:{s:13:\"\0*\0connection\";s:5:\"mysql\";s:8:\"\0*\0table\";s:6:\"levels\";s:13:\"\0*\0primaryKey\";s:2:\"id\";s:10:\"\0*\0keyType\";s:3:\"int\";s:12:\"incrementing\";b:1;s:7:\"\0*\0with\";a:0:{}s:12:\"\0*\0withCount\";a:0:{}s:19:\"preventsLazyLoading\";b:0;s:10:\"\0*\0perPage\";i:15;s:6:\"exists\";b:1;s:18:\"wasRecentlyCreated\";b:0;s:28:\"\0*\0escapeWhenCastingToString\";b:0;s:13:\"\0*\0attributes\";a:14:{s:2:\"id\";i:8;s:14:\"school_year_id\";N;s:4:\"code\";s:4:\"5APG\";s:10:\"sort_order\";i:9;s:4:\"name\";s:21:\"5ème Année Primaire\";s:11:\"monthly_fee\";s:6:\"750.00\";s:13:\"cafeteria_fee\";s:4:\"0.00\";s:18:\"transportation_fee\";s:4:\"0.00\";s:19:\"private_lessons_fee\";s:4:\"0.00\";s:13:\"insurance_fee\";s:4:\"0.00\";s:13:\"schooling_fee\";s:4:\"0.00\";s:11:\"nursery_fee\";s:4:\"0.00\";s:10:\"created_at\";s:19:\"2025-12-16 23:26:28\";s:10:\"updated_at\";s:19:\"2025-12-16 23:26:28\";}s:11:\"\0*\0original\";a:14:{s:2:\"id\";i:8;s:14:\"school_year_id\";N;s:4:\"code\";s:4:\"5APG\";s:10:\"sort_order\";i:9;s:4:\"name\";s:21:\"5ème Année Primaire\";s:11:\"monthly_fee\";s:6:\"750.00\";s:13:\"cafeteria_fee\";s:4:\"0.00\";s:18:\"transportation_fee\";s:4:\"0.00\";s:19:\"private_lessons_fee\";s:4:\"0.00\";s:13:\"insurance_fee\";s:4:\"0.00\";s:13:\"schooling_fee\";s:4:\"0.00\";s:11:\"nursery_fee\";s:4:\"0.00\";s:10:\"created_at\";s:19:\"2025-12-16 23:26:28\";s:10:\"updated_at\";s:19:\"2025-12-16 23:26:28\";}s:10:\"\0*\0changes\";a:0:{}s:11:\"\0*\0previous\";a:0:{}s:8:\"\0*\0casts\";a:7:{s:11:\"monthly_fee\";s:9:\"decimal:2\";s:18:\"transportation_fee\";s:9:\"decimal:2\";s:13:\"cafeteria_fee\";s:9:\"decimal:2\";s:11:\"nursery_fee\";s:9:\"decimal:2\";s:19:\"private_lessons_fee\";s:9:\"decimal:2\";s:13:\"insurance_fee\";s:9:\"decimal:2\";s:13:\"schooling_fee\";s:9:\"decimal:2\";}s:17:\"\0*\0classCastCache\";a:0:{}s:21:\"\0*\0attributeCastCache\";a:0:{}s:13:\"\0*\0dateFormat\";N;s:10:\"\0*\0appends\";a:0:{}s:19:\"\0*\0dispatchesEvents\";a:0:{}s:14:\"\0*\0observables\";a:0:{}s:12:\"\0*\0relations\";a:0:{}s:10:\"\0*\0touches\";a:0:{}s:27:\"\0*\0relationAutoloadCallback\";N;s:26:\"\0*\0relationAutoloadContext\";N;s:10:\"timestamps\";b:1;s:13:\"usesUniqueIds\";b:0;s:9:\"\0*\0hidden\";a:0:{}s:10:\"\0*\0visible\";a:0:{}s:11:\"\0*\0fillable\";a:10:{i:0;s:4:\"code\";i:1;s:4:\"name\";i:2;s:10:\"sort_order\";i:3;s:11:\"monthly_fee\";i:4;s:18:\"transportation_fee\";i:5;s:13:\"cafeteria_fee\";i:6;s:11:\"nursery_fee\";i:7;s:19:\"private_lessons_fee\";i:8;s:13:\"insurance_fee\";i:9;s:13:\"schooling_fee\";}s:10:\"\0*\0guarded\";a:1:{i:0;s:1:\"*\";}}i:8;O:16:\"App\\Models\\Level\":33:{s:13:\"\0*\0connection\";s:5:\"mysql\";s:8:\"\0*\0table\";s:6:\"levels\";s:13:\"\0*\0primaryKey\";s:2:\"id\";s:10:\"\0*\0keyType\";s:3:\"int\";s:12:\"incrementing\";b:1;s:7:\"\0*\0with\";a:0:{}s:12:\"\0*\0withCount\";a:0:{}s:19:\"preventsLazyLoading\";b:0;s:10:\"\0*\0perPage\";i:15;s:6:\"exists\";b:1;s:18:\"wasRecentlyCreated\";b:0;s:28:\"\0*\0escapeWhenCastingToString\";b:0;s:13:\"\0*\0attributes\";a:14:{s:2:\"id\";i:9;s:14:\"school_year_id\";N;s:4:\"code\";s:4:\"6APG\";s:10:\"sort_order\";i:10;s:4:\"name\";s:21:\"6ème Année Primaire\";s:11:\"monthly_fee\";s:6:\"800.00\";s:13:\"cafeteria_fee\";s:4:\"0.00\";s:18:\"transportation_fee\";s:4:\"0.00\";s:19:\"private_lessons_fee\";s:4:\"0.00\";s:13:\"insurance_fee\";s:4:\"0.00\";s:13:\"schooling_fee\";s:4:\"0.00\";s:11:\"nursery_fee\";s:4:\"0.00\";s:10:\"created_at\";s:19:\"2025-12-16 23:26:28\";s:10:\"updated_at\";s:19:\"2025-12-16 23:26:28\";}s:11:\"\0*\0original\";a:14:{s:2:\"id\";i:9;s:14:\"school_year_id\";N;s:4:\"code\";s:4:\"6APG\";s:10:\"sort_order\";i:10;s:4:\"name\";s:21:\"6ème Année Primaire\";s:11:\"monthly_fee\";s:6:\"800.00\";s:13:\"cafeteria_fee\";s:4:\"0.00\";s:18:\"transportation_fee\";s:4:\"0.00\";s:19:\"private_lessons_fee\";s:4:\"0.00\";s:13:\"insurance_fee\";s:4:\"0.00\";s:13:\"schooling_fee\";s:4:\"0.00\";s:11:\"nursery_fee\";s:4:\"0.00\";s:10:\"created_at\";s:19:\"2025-12-16 23:26:28\";s:10:\"updated_at\";s:19:\"2025-12-16 23:26:28\";}s:10:\"\0*\0changes\";a:0:{}s:11:\"\0*\0previous\";a:0:{}s:8:\"\0*\0casts\";a:7:{s:11:\"monthly_fee\";s:9:\"decimal:2\";s:18:\"transportation_fee\";s:9:\"decimal:2\";s:13:\"cafeteria_fee\";s:9:\"decimal:2\";s:11:\"nursery_fee\";s:9:\"decimal:2\";s:19:\"private_lessons_fee\";s:9:\"decimal:2\";s:13:\"insurance_fee\";s:9:\"decimal:2\";s:13:\"schooling_fee\";s:9:\"decimal:2\";}s:17:\"\0*\0classCastCache\";a:0:{}s:21:\"\0*\0attributeCastCache\";a:0:{}s:13:\"\0*\0dateFormat\";N;s:10:\"\0*\0appends\";a:0:{}s:19:\"\0*\0dispatchesEvents\";a:0:{}s:14:\"\0*\0observables\";a:0:{}s:12:\"\0*\0relations\";a:0:{}s:10:\"\0*\0touches\";a:0:{}s:27:\"\0*\0relationAutoloadCallback\";N;s:26:\"\0*\0relationAutoloadContext\";N;s:10:\"timestamps\";b:1;s:13:\"usesUniqueIds\";b:0;s:9:\"\0*\0hidden\";a:0:{}s:10:\"\0*\0visible\";a:0:{}s:11:\"\0*\0fillable\";a:10:{i:0;s:4:\"code\";i:1;s:4:\"name\";i:2;s:10:\"sort_order\";i:3;s:11:\"monthly_fee\";i:4;s:18:\"transportation_fee\";i:5;s:13:\"cafeteria_fee\";i:6;s:11:\"nursery_fee\";i:7;s:19:\"private_lessons_fee\";i:8;s:13:\"insurance_fee\";i:9;s:13:\"schooling_fee\";}s:10:\"\0*\0guarded\";a:1:{i:0;s:1:\"*\";}}i:9;O:16:\"App\\Models\\Level\":33:{s:13:\"\0*\0connection\";s:5:\"mysql\";s:8:\"\0*\0table\";s:6:\"levels\";s:13:\"\0*\0primaryKey\";s:2:\"id\";s:10:\"\0*\0keyType\";s:3:\"int\";s:12:\"incrementing\";b:1;s:7:\"\0*\0with\";a:0:{}s:12:\"\0*\0withCount\";a:0:{}s:19:\"preventsLazyLoading\";b:0;s:10:\"\0*\0perPage\";i:15;s:6:\"exists\";b:1;s:18:\"wasRecentlyCreated\";b:0;s:28:\"\0*\0escapeWhenCastingToString\";b:0;s:13:\"\0*\0attributes\";a:14:{s:2:\"id\";i:10;s:14:\"school_year_id\";N;s:4:\"code\";s:3:\"1AC\";s:10:\"sort_order\";i:11;s:4:\"name\";s:21:\"1ère Année Collège\";s:11:\"monthly_fee\";s:6:\"850.00\";s:13:\"cafeteria_fee\";s:4:\"0.00\";s:18:\"transportation_fee\";s:4:\"0.00\";s:19:\"private_lessons_fee\";s:4:\"0.00\";s:13:\"insurance_fee\";s:4:\"0.00\";s:13:\"schooling_fee\";s:4:\"0.00\";s:11:\"nursery_fee\";s:4:\"0.00\";s:10:\"created_at\";s:19:\"2025-12-16 23:26:28\";s:10:\"updated_at\";s:19:\"2025-12-16 23:26:28\";}s:11:\"\0*\0original\";a:14:{s:2:\"id\";i:10;s:14:\"school_year_id\";N;s:4:\"code\";s:3:\"1AC\";s:10:\"sort_order\";i:11;s:4:\"name\";s:21:\"1ère Année Collège\";s:11:\"monthly_fee\";s:6:\"850.00\";s:13:\"cafeteria_fee\";s:4:\"0.00\";s:18:\"transportation_fee\";s:4:\"0.00\";s:19:\"private_lessons_fee\";s:4:\"0.00\";s:13:\"insurance_fee\";s:4:\"0.00\";s:13:\"schooling_fee\";s:4:\"0.00\";s:11:\"nursery_fee\";s:4:\"0.00\";s:10:\"created_at\";s:19:\"2025-12-16 23:26:28\";s:10:\"updated_at\";s:19:\"2025-12-16 23:26:28\";}s:10:\"\0*\0changes\";a:0:{}s:11:\"\0*\0previous\";a:0:{}s:8:\"\0*\0casts\";a:7:{s:11:\"monthly_fee\";s:9:\"decimal:2\";s:18:\"transportation_fee\";s:9:\"decimal:2\";s:13:\"cafeteria_fee\";s:9:\"decimal:2\";s:11:\"nursery_fee\";s:9:\"decimal:2\";s:19:\"private_lessons_fee\";s:9:\"decimal:2\";s:13:\"insurance_fee\";s:9:\"decimal:2\";s:13:\"schooling_fee\";s:9:\"decimal:2\";}s:17:\"\0*\0classCastCache\";a:0:{}s:21:\"\0*\0attributeCastCache\";a:0:{}s:13:\"\0*\0dateFormat\";N;s:10:\"\0*\0appends\";a:0:{}s:19:\"\0*\0dispatchesEvents\";a:0:{}s:14:\"\0*\0observables\";a:0:{}s:12:\"\0*\0relations\";a:0:{}s:10:\"\0*\0touches\";a:0:{}s:27:\"\0*\0relationAutoloadCallback\";N;s:26:\"\0*\0relationAutoloadContext\";N;s:10:\"timestamps\";b:1;s:13:\"usesUniqueIds\";b:0;s:9:\"\0*\0hidden\";a:0:{}s:10:\"\0*\0visible\";a:0:{}s:11:\"\0*\0fillable\";a:10:{i:0;s:4:\"code\";i:1;s:4:\"name\";i:2;s:10:\"sort_order\";i:3;s:11:\"monthly_fee\";i:4;s:18:\"transportation_fee\";i:5;s:13:\"cafeteria_fee\";i:6;s:11:\"nursery_fee\";i:7;s:19:\"private_lessons_fee\";i:8;s:13:\"insurance_fee\";i:9;s:13:\"schooling_fee\";}s:10:\"\0*\0guarded\";a:1:{i:0;s:1:\"*\";}}i:10;O:16:\"App\\Models\\Level\":33:{s:13:\"\0*\0connection\";s:5:\"mysql\";s:8:\"\0*\0table\";s:6:\"levels\";s:13:\"\0*\0primaryKey\";s:2:\"id\";s:10:\"\0*\0keyType\";s:3:\"int\";s:12:\"incrementing\";b:1;s:7:\"\0*\0with\";a:0:{}s:12:\"\0*\0withCount\";a:0:{}s:19:\"preventsLazyLoading\";b:0;s:10:\"\0*\0perPage\";i:15;s:6:\"exists\";b:1;s:18:\"wasRecentlyCreated\";b:0;s:28:\"\0*\0escapeWhenCastingToString\";b:0;s:13:\"\0*\0attributes\";a:14:{s:2:\"id\";i:11;s:14:\"school_year_id\";N;s:4:\"code\";s:3:\"2AC\";s:10:\"sort_order\";i:12;s:4:\"name\";s:21:\"2ème Année Collège\";s:11:\"monthly_fee\";s:6:\"900.00\";s:13:\"cafeteria_fee\";s:4:\"0.00\";s:18:\"transportation_fee\";s:4:\"0.00\";s:19:\"private_lessons_fee\";s:4:\"0.00\";s:13:\"insurance_fee\";s:4:\"0.00\";s:13:\"schooling_fee\";s:4:\"0.00\";s:11:\"nursery_fee\";s:4:\"0.00\";s:10:\"created_at\";s:19:\"2025-12-16 23:26:28\";s:10:\"updated_at\";s:19:\"2025-12-16 23:26:28\";}s:11:\"\0*\0original\";a:14:{s:2:\"id\";i:11;s:14:\"school_year_id\";N;s:4:\"code\";s:3:\"2AC\";s:10:\"sort_order\";i:12;s:4:\"name\";s:21:\"2ème Année Collège\";s:11:\"monthly_fee\";s:6:\"900.00\";s:13:\"cafeteria_fee\";s:4:\"0.00\";s:18:\"transportation_fee\";s:4:\"0.00\";s:19:\"private_lessons_fee\";s:4:\"0.00\";s:13:\"insurance_fee\";s:4:\"0.00\";s:13:\"schooling_fee\";s:4:\"0.00\";s:11:\"nursery_fee\";s:4:\"0.00\";s:10:\"created_at\";s:19:\"2025-12-16 23:26:28\";s:10:\"updated_at\";s:19:\"2025-12-16 23:26:28\";}s:10:\"\0*\0changes\";a:0:{}s:11:\"\0*\0previous\";a:0:{}s:8:\"\0*\0casts\";a:7:{s:11:\"monthly_fee\";s:9:\"decimal:2\";s:18:\"transportation_fee\";s:9:\"decimal:2\";s:13:\"cafeteria_fee\";s:9:\"decimal:2\";s:11:\"nursery_fee\";s:9:\"decimal:2\";s:19:\"private_lessons_fee\";s:9:\"decimal:2\";s:13:\"insurance_fee\";s:9:\"decimal:2\";s:13:\"schooling_fee\";s:9:\"decimal:2\";}s:17:\"\0*\0classCastCache\";a:0:{}s:21:\"\0*\0attributeCastCache\";a:0:{}s:13:\"\0*\0dateFormat\";N;s:10:\"\0*\0appends\";a:0:{}s:19:\"\0*\0dispatchesEvents\";a:0:{}s:14:\"\0*\0observables\";a:0:{}s:12:\"\0*\0relations\";a:0:{}s:10:\"\0*\0touches\";a:0:{}s:27:\"\0*\0relationAutoloadCallback\";N;s:26:\"\0*\0relationAutoloadContext\";N;s:10:\"timestamps\";b:1;s:13:\"usesUniqueIds\";b:0;s:9:\"\0*\0hidden\";a:0:{}s:10:\"\0*\0visible\";a:0:{}s:11:\"\0*\0fillable\";a:10:{i:0;s:4:\"code\";i:1;s:4:\"name\";i:2;s:10:\"sort_order\";i:3;s:11:\"monthly_fee\";i:4;s:18:\"transportation_fee\";i:5;s:13:\"cafeteria_fee\";i:6;s:11:\"nursery_fee\";i:7;s:19:\"private_lessons_fee\";i:8;s:13:\"insurance_fee\";i:9;s:13:\"schooling_fee\";}s:10:\"\0*\0guarded\";a:1:{i:0;s:1:\"*\";}}i:11;O:16:\"App\\Models\\Level\":33:{s:13:\"\0*\0connection\";s:5:\"mysql\";s:8:\"\0*\0table\";s:6:\"levels\";s:13:\"\0*\0primaryKey\";s:2:\"id\";s:10:\"\0*\0keyType\";s:3:\"int\";s:12:\"incrementing\";b:1;s:7:\"\0*\0with\";a:0:{}s:12:\"\0*\0withCount\";a:0:{}s:19:\"preventsLazyLoading\";b:0;s:10:\"\0*\0perPage\";i:15;s:6:\"exists\";b:1;s:18:\"wasRecentlyCreated\";b:0;s:28:\"\0*\0escapeWhenCastingToString\";b:0;s:13:\"\0*\0attributes\";a:14:{s:2:\"id\";i:12;s:14:\"school_year_id\";N;s:4:\"code\";s:3:\"3AC\";s:10:\"sort_order\";i:13;s:4:\"name\";s:21:\"3ème Année Collège\";s:11:\"monthly_fee\";s:6:\"950.00\";s:13:\"cafeteria_fee\";s:4:\"0.00\";s:18:\"transportation_fee\";s:4:\"0.00\";s:19:\"private_lessons_fee\";s:4:\"0.00\";s:13:\"insurance_fee\";s:4:\"0.00\";s:13:\"schooling_fee\";s:4:\"0.00\";s:11:\"nursery_fee\";s:4:\"0.00\";s:10:\"created_at\";s:19:\"2025-12-16 23:26:28\";s:10:\"updated_at\";s:19:\"2025-12-16 23:26:28\";}s:11:\"\0*\0original\";a:14:{s:2:\"id\";i:12;s:14:\"school_year_id\";N;s:4:\"code\";s:3:\"3AC\";s:10:\"sort_order\";i:13;s:4:\"name\";s:21:\"3ème Année Collège\";s:11:\"monthly_fee\";s:6:\"950.00\";s:13:\"cafeteria_fee\";s:4:\"0.00\";s:18:\"transportation_fee\";s:4:\"0.00\";s:19:\"private_lessons_fee\";s:4:\"0.00\";s:13:\"insurance_fee\";s:4:\"0.00\";s:13:\"schooling_fee\";s:4:\"0.00\";s:11:\"nursery_fee\";s:4:\"0.00\";s:10:\"created_at\";s:19:\"2025-12-16 23:26:28\";s:10:\"updated_at\";s:19:\"2025-12-16 23:26:28\";}s:10:\"\0*\0changes\";a:0:{}s:11:\"\0*\0previous\";a:0:{}s:8:\"\0*\0casts\";a:7:{s:11:\"monthly_fee\";s:9:\"decimal:2\";s:18:\"transportation_fee\";s:9:\"decimal:2\";s:13:\"cafeteria_fee\";s:9:\"decimal:2\";s:11:\"nursery_fee\";s:9:\"decimal:2\";s:19:\"private_lessons_fee\";s:9:\"decimal:2\";s:13:\"insurance_fee\";s:9:\"decimal:2\";s:13:\"schooling_fee\";s:9:\"decimal:2\";}s:17:\"\0*\0classCastCache\";a:0:{}s:21:\"\0*\0attributeCastCache\";a:0:{}s:13:\"\0*\0dateFormat\";N;s:10:\"\0*\0appends\";a:0:{}s:19:\"\0*\0dispatchesEvents\";a:0:{}s:14:\"\0*\0observables\";a:0:{}s:12:\"\0*\0relations\";a:0:{}s:10:\"\0*\0touches\";a:0:{}s:27:\"\0*\0relationAutoloadCallback\";N;s:26:\"\0*\0relationAutoloadContext\";N;s:10:\"timestamps\";b:1;s:13:\"usesUniqueIds\";b:0;s:9:\"\0*\0hidden\";a:0:{}s:10:\"\0*\0visible\";a:0:{}s:11:\"\0*\0fillable\";a:10:{i:0;s:4:\"code\";i:1;s:4:\"name\";i:2;s:10:\"sort_order\";i:3;s:11:\"monthly_fee\";i:4;s:18:\"transportation_fee\";i:5;s:13:\"cafeteria_fee\";i:6;s:11:\"nursery_fee\";i:7;s:19:\"private_lessons_fee\";i:8;s:13:\"insurance_fee\";i:9;s:13:\"schooling_fee\";}s:10:\"\0*\0guarded\";a:1:{i:0;s:1:\"*\";}}}s:28:\"\0*\0escapeWhenCastingToString\";b:0;}',1766840519),('madrasti-cache-setting.machine_id','s:32:\"dc921c71e4911d981463a8716e266d28\";',1766840514),('madrasti-cache-spatie.permission.cache','a:3:{s:5:\"alias\";a:4:{s:1:\"a\";s:2:\"id\";s:1:\"b\";s:4:\"name\";s:1:\"c\";s:10:\"guard_name\";s:1:\"r\";s:5:\"roles\";}s:11:\"permissions\";a:66:{i:0;a:4:{s:1:\"a\";i:1;s:1:\"b\";s:14:\"dashboard.view\";s:1:\"c\";s:3:\"web\";s:1:\"r\";a:6:{i:0;i:1;i:1;i:2;i:2;i:3;i:3;i:4;i:4;i:5;i:5;i:6;}}i:1;a:4:{s:1:\"a\";i:2;s:1:\"b\";s:12:\"profile.view\";s:1:\"c\";s:3:\"web\";s:1:\"r\";a:6:{i:0;i:1;i:1;i:2;i:2;i:3;i:3;i:4;i:4;i:5;i:5;i:6;}}i:2;a:4:{s:1:\"a\";i:3;s:1:\"b\";s:14:\"profile.update\";s:1:\"c\";s:3:\"web\";s:1:\"r\";a:6:{i:0;i:1;i:1;i:2;i:2;i:3;i:3;i:4;i:4;i:5;i:5;i:6;}}i:3;a:4:{s:1:\"a\";i:4;s:1:\"b\";s:23:\"profile.change_password\";s:1:\"c\";s:3:\"web\";s:1:\"r\";a:6:{i:0;i:1;i:1;i:2;i:2;i:3;i:3;i:4;i:4;i:5;i:5;i:6;}}i:4;a:4:{s:1:\"a\";i:5;s:1:\"b\";s:13:\"students.view\";s:1:\"c\";s:3:\"web\";s:1:\"r\";a:6:{i:0;i:1;i:1;i:2;i:2;i:3;i:3;i:4;i:4;i:5;i:5;i:6;}}i:5;a:4:{s:1:\"a\";i:6;s:1:\"b\";s:15:\"students.create\";s:1:\"c\";s:3:\"web\";s:1:\"r\";a:4:{i:0;i:1;i:1;i:2;i:2;i:3;i:3;i:6;}}i:6;a:4:{s:1:\"a\";i:7;s:1:\"b\";s:15:\"students.update\";s:1:\"c\";s:3:\"web\";s:1:\"r\";a:4:{i:0;i:1;i:1;i:2;i:2;i:3;i:3;i:6;}}i:7;a:4:{s:1:\"a\";i:8;s:1:\"b\";s:15:\"students.delete\";s:1:\"c\";s:3:\"web\";s:1:\"r\";a:2:{i:0;i:1;i:1;i:2;}}i:8;a:4:{s:1:\"a\";i:9;s:1:\"b\";s:15:\"students.import\";s:1:\"c\";s:3:\"web\";s:1:\"r\";a:2:{i:0;i:1;i:1;i:2;}}i:9;a:4:{s:1:\"a\";i:10;s:1:\"b\";s:15:\"students.export\";s:1:\"c\";s:3:\"web\";s:1:\"r\";a:2:{i:0;i:1;i:1;i:2;}}i:10;a:4:{s:1:\"a\";i:11;s:1:\"b\";s:14:\"guardians.view\";s:1:\"c\";s:3:\"web\";s:1:\"r\";a:5:{i:0;i:1;i:1;i:2;i:2;i:3;i:3;i:4;i:4;i:6;}}i:11;a:4:{s:1:\"a\";i:12;s:1:\"b\";s:16:\"guardians.create\";s:1:\"c\";s:3:\"web\";s:1:\"r\";a:4:{i:0;i:1;i:1;i:2;i:2;i:3;i:3;i:6;}}i:12;a:4:{s:1:\"a\";i:13;s:1:\"b\";s:16:\"guardians.update\";s:1:\"c\";s:3:\"web\";s:1:\"r\";a:4:{i:0;i:1;i:1;i:2;i:2;i:3;i:3;i:6;}}i:13;a:4:{s:1:\"a\";i:14;s:1:\"b\";s:16:\"guardians.delete\";s:1:\"c\";s:3:\"web\";s:1:\"r\";a:2:{i:0;i:1;i:1;i:2;}}i:14;a:4:{s:1:\"a\";i:15;s:1:\"b\";s:13:\"payments.view\";s:1:\"c\";s:3:\"web\";s:1:\"r\";a:3:{i:0;i:1;i:1;i:2;i:2;i:4;}}i:15;a:4:{s:1:\"a\";i:16;s:1:\"b\";s:15:\"payments.create\";s:1:\"c\";s:3:\"web\";s:1:\"r\";a:3:{i:0;i:1;i:1;i:2;i:2;i:4;}}i:16;a:4:{s:1:\"a\";i:17;s:1:\"b\";s:15:\"payments.update\";s:1:\"c\";s:3:\"web\";s:1:\"r\";a:3:{i:0;i:1;i:1;i:2;i:2;i:4;}}i:17;a:4:{s:1:\"a\";i:18;s:1:\"b\";s:15:\"payments.delete\";s:1:\"c\";s:3:\"web\";s:1:\"r\";a:2:{i:0;i:1;i:1;i:2;}}i:18;a:4:{s:1:\"a\";i:19;s:1:\"b\";s:16:\"payments.receipt\";s:1:\"c\";s:3:\"web\";s:1:\"r\";a:3:{i:0;i:1;i:1;i:2;i:2;i:4;}}i:19;a:4:{s:1:\"a\";i:20;s:1:\"b\";s:16:\"payments.overdue\";s:1:\"c\";s:3:\"web\";s:1:\"r\";a:3:{i:0;i:1;i:1;i:2;i:2;i:4;}}i:20;a:4:{s:1:\"a\";i:21;s:1:\"b\";s:15:\"attendance.view\";s:1:\"c\";s:3:\"web\";s:1:\"r\";a:5:{i:0;i:1;i:1;i:2;i:2;i:3;i:3;i:5;i:4;i:6;}}i:21;a:4:{s:1:\"a\";i:22;s:1:\"b\";s:15:\"attendance.mark\";s:1:\"c\";s:3:\"web\";s:1:\"r\";a:5:{i:0;i:1;i:1;i:2;i:2;i:3;i:3;i:5;i:4;i:6;}}i:22;a:4:{s:1:\"a\";i:23;s:1:\"b\";s:17:\"attendance.update\";s:1:\"c\";s:3:\"web\";s:1:\"r\";a:3:{i:0;i:1;i:1;i:2;i:2;i:6;}}i:23;a:4:{s:1:\"a\";i:24;s:1:\"b\";s:17:\"attendance.delete\";s:1:\"c\";s:3:\"web\";s:1:\"r\";a:2:{i:0;i:1;i:1;i:2;}}i:24;a:4:{s:1:\"a\";i:25;s:1:\"b\";s:11:\"levels.view\";s:1:\"c\";s:3:\"web\";s:1:\"r\";a:3:{i:0;i:1;i:1;i:2;i:2;i:3;}}i:25;a:4:{s:1:\"a\";i:26;s:1:\"b\";s:13:\"levels.create\";s:1:\"c\";s:3:\"web\";s:1:\"r\";a:2:{i:0;i:1;i:1;i:2;}}i:26;a:4:{s:1:\"a\";i:27;s:1:\"b\";s:13:\"levels.update\";s:1:\"c\";s:3:\"web\";s:1:\"r\";a:2:{i:0;i:1;i:1;i:2;}}i:27;a:4:{s:1:\"a\";i:28;s:1:\"b\";s:13:\"levels.delete\";s:1:\"c\";s:3:\"web\";s:1:\"r\";a:2:{i:0;i:1;i:1;i:2;}}i:28;a:4:{s:1:\"a\";i:29;s:1:\"b\";s:12:\"classes.view\";s:1:\"c\";s:3:\"web\";s:1:\"r\";a:5:{i:0;i:1;i:1;i:2;i:2;i:3;i:3;i:5;i:4;i:6;}}i:29;a:4:{s:1:\"a\";i:30;s:1:\"b\";s:14:\"classes.create\";s:1:\"c\";s:3:\"web\";s:1:\"r\";a:3:{i:0;i:1;i:1;i:2;i:2;i:3;}}i:30;a:4:{s:1:\"a\";i:31;s:1:\"b\";s:14:\"classes.update\";s:1:\"c\";s:3:\"web\";s:1:\"r\";a:3:{i:0;i:1;i:1;i:2;i:2;i:3;}}i:31;a:4:{s:1:\"a\";i:32;s:1:\"b\";s:14:\"classes.delete\";s:1:\"c\";s:3:\"web\";s:1:\"r\";a:2:{i:0;i:1;i:1;i:2;}}i:32;a:4:{s:1:\"a\";i:33;s:1:\"b\";s:12:\"reports.view\";s:1:\"c\";s:3:\"web\";s:1:\"r\";a:5:{i:0;i:1;i:1;i:2;i:2;i:3;i:3;i:4;i:4;i:6;}}i:33;a:4:{s:1:\"a\";i:34;s:1:\"b\";s:16:\"reports.students\";s:1:\"c\";s:3:\"web\";s:1:\"r\";a:4:{i:0;i:1;i:1;i:2;i:2;i:3;i:3;i:6;}}i:34;a:4:{s:1:\"a\";i:35;s:1:\"b\";s:18:\"reports.attendance\";s:1:\"c\";s:3:\"web\";s:1:\"r\";a:4:{i:0;i:1;i:1;i:2;i:2;i:3;i:3;i:6;}}i:35;a:4:{s:1:\"a\";i:36;s:1:\"b\";s:17:\"reports.financial\";s:1:\"c\";s:3:\"web\";s:1:\"r\";a:3:{i:0;i:1;i:1;i:2;i:2;i:4;}}i:36;a:4:{s:1:\"a\";i:37;s:1:\"b\";s:14:\"reports.export\";s:1:\"c\";s:3:\"web\";s:1:\"r\";a:3:{i:0;i:1;i:1;i:2;i:2;i:4;}}i:37;a:4:{s:1:\"a\";i:38;s:1:\"b\";s:13:\"settings.view\";s:1:\"c\";s:3:\"web\";s:1:\"r\";a:2:{i:0;i:1;i:1;i:2;}}i:38;a:4:{s:1:\"a\";i:39;s:1:\"b\";s:15:\"settings.update\";s:1:\"c\";s:3:\"web\";s:1:\"r\";a:2:{i:0;i:1;i:1;i:2;}}i:39;a:4:{s:1:\"a\";i:40;s:1:\"b\";s:20:\"settings.upload_logo\";s:1:\"c\";s:3:\"web\";s:1:\"r\";a:2:{i:0;i:1;i:1;i:2;}}i:40;a:4:{s:1:\"a\";i:41;s:1:\"b\";s:10:\"users.view\";s:1:\"c\";s:3:\"web\";s:1:\"r\";a:1:{i:0;i:1;}}i:41;a:4:{s:1:\"a\";i:42;s:1:\"b\";s:12:\"users.create\";s:1:\"c\";s:3:\"web\";s:1:\"r\";a:1:{i:0;i:1;}}i:42;a:4:{s:1:\"a\";i:43;s:1:\"b\";s:12:\"users.update\";s:1:\"c\";s:3:\"web\";s:1:\"r\";a:1:{i:0;i:1;}}i:43;a:4:{s:1:\"a\";i:44;s:1:\"b\";s:12:\"users.delete\";s:1:\"c\";s:3:\"web\";s:1:\"r\";a:1:{i:0;i:1;}}i:44;a:4:{s:1:\"a\";i:45;s:1:\"b\";s:20:\"users.reset_password\";s:1:\"c\";s:3:\"web\";s:1:\"r\";a:1:{i:0;i:1;}}i:45;a:4:{s:1:\"a\";i:46;s:1:\"b\";s:12:\"users.manage\";s:1:\"c\";s:3:\"web\";s:1:\"r\";a:1:{i:0;i:1;}}i:46;a:4:{s:1:\"a\";i:47;s:1:\"b\";s:16:\"permissions.view\";s:1:\"c\";s:3:\"web\";s:1:\"r\";a:1:{i:0;i:1;}}i:47;a:4:{s:1:\"a\";i:48;s:1:\"b\";s:18:\"permissions.manage\";s:1:\"c\";s:3:\"web\";s:1:\"r\";a:1:{i:0;i:1;}}i:48;a:4:{s:1:\"a\";i:49;s:1:\"b\";s:24:\"permissions.roles.create\";s:1:\"c\";s:3:\"web\";s:1:\"r\";a:1:{i:0;i:1;}}i:49;a:4:{s:1:\"a\";i:50;s:1:\"b\";s:24:\"permissions.roles.update\";s:1:\"c\";s:3:\"web\";s:1:\"r\";a:1:{i:0;i:1;}}i:50;a:4:{s:1:\"a\";i:51;s:1:\"b\";s:24:\"permissions.roles.delete\";s:1:\"c\";s:3:\"web\";s:1:\"r\";a:1:{i:0;i:1;}}i:51;a:4:{s:1:\"a\";i:52;s:1:\"b\";s:30:\"permissions.permissions.create\";s:1:\"c\";s:3:\"web\";s:1:\"r\";a:1:{i:0;i:1;}}i:52;a:4:{s:1:\"a\";i:53;s:1:\"b\";s:30:\"permissions.permissions.delete\";s:1:\"c\";s:3:\"web\";s:1:\"r\";a:1:{i:0;i:1;}}i:53;a:4:{s:1:\"a\";i:54;s:1:\"b\";s:12:\"backups.view\";s:1:\"c\";s:3:\"web\";s:1:\"r\";a:2:{i:0;i:1;i:1;i:2;}}i:54;a:4:{s:1:\"a\";i:55;s:1:\"b\";s:14:\"backups.create\";s:1:\"c\";s:3:\"web\";s:1:\"r\";a:2:{i:0;i:1;i:1;i:2;}}i:55;a:4:{s:1:\"a\";i:56;s:1:\"b\";s:16:\"backups.download\";s:1:\"c\";s:3:\"web\";s:1:\"r\";a:2:{i:0;i:1;i:1;i:2;}}i:56;a:4:{s:1:\"a\";i:57;s:1:\"b\";s:14:\"backups.delete\";s:1:\"c\";s:3:\"web\";s:1:\"r\";a:1:{i:0;i:1;}}i:57;a:4:{s:1:\"a\";i:58;s:1:\"b\";s:15:\"backups.restore\";s:1:\"c\";s:3:\"web\";s:1:\"r\";a:1:{i:0;i:1;}}i:58;a:4:{s:1:\"a\";i:59;s:1:\"b\";s:12:\"storage.view\";s:1:\"c\";s:3:\"web\";s:1:\"r\";a:2:{i:0;i:1;i:1;i:2;}}i:59;a:4:{s:1:\"a\";i:60;s:1:\"b\";s:14:\"storage.upload\";s:1:\"c\";s:3:\"web\";s:1:\"r\";a:2:{i:0;i:1;i:1;i:2;}}i:60;a:4:{s:1:\"a\";i:61;s:1:\"b\";s:14:\"storage.delete\";s:1:\"c\";s:3:\"web\";s:1:\"r\";a:2:{i:0;i:1;i:1;i:2;}}i:61;a:4:{s:1:\"a\";i:62;s:1:\"b\";s:16:\"storage.download\";s:1:\"c\";s:3:\"web\";s:1:\"r\";a:2:{i:0;i:1;i:1;i:2;}}i:62;a:4:{s:1:\"a\";i:63;s:1:\"b\";s:18:\"trial-periods.view\";s:1:\"c\";s:3:\"web\";s:1:\"r\";a:2:{i:0;i:1;i:1;i:2;}}i:63;a:4:{s:1:\"a\";i:64;s:1:\"b\";s:20:\"trial-periods.create\";s:1:\"c\";s:3:\"web\";s:1:\"r\";a:2:{i:0;i:1;i:1;i:2;}}i:64;a:4:{s:1:\"a\";i:65;s:1:\"b\";s:20:\"trial-periods.update\";s:1:\"c\";s:3:\"web\";s:1:\"r\";a:2:{i:0;i:1;i:1;i:2;}}i:65;a:4:{s:1:\"a\";i:66;s:1:\"b\";s:20:\"trial-periods.delete\";s:1:\"c\";s:3:\"web\";s:1:\"r\";a:2:{i:0;i:1;i:1;i:2;}}}s:5:\"roles\";a:6:{i:0;a:3:{s:1:\"a\";i:1;s:1:\"b\";s:11:\"Super Admin\";s:1:\"c\";s:3:\"web\";}i:1;a:3:{s:1:\"a\";i:2;s:1:\"b\";s:5:\"Admin\";s:1:\"c\";s:3:\"web\";}i:2;a:3:{s:1:\"a\";i:3;s:1:\"b\";s:7:\"Manager\";s:1:\"c\";s:3:\"web\";}i:3;a:3:{s:1:\"a\";i:4;s:1:\"b\";s:10:\"Accountant\";s:1:\"c\";s:3:\"web\";}i:4;a:3:{s:1:\"a\";i:5;s:1:\"b\";s:7:\"Teacher\";s:1:\"c\";s:3:\"web\";}i:5;a:3:{s:1:\"a\";i:6;s:1:\"b\";s:32:\"مشرف على التلاميذ\";s:1:\"c\";s:3:\"web\";}}}',1766924505),('madrasti-cache-teachers','O:39:\"Illuminate\\Database\\Eloquent\\Collection\":2:{s:8:\"\0*\0items\";a:0:{}s:28:\"\0*\0escapeWhenCastingToString\";b:0;}',1766840533);

--
-- Table structure for table `madrasti_d1_cache_locks`
--

CREATE TABLE `madrasti_d1_cache_locks` (
  `key` varchar(255) CHARACTER SET utf8mb4 COLLATE utf8mb4_unicode_ci NOT NULL,
  `owner` varchar(255) CHARACTER SET utf8mb4 COLLATE utf8mb4_unicode_ci NOT NULL,
  `expiration` int NOT NULL,
  PRIMARY KEY (`key`),
  KEY `cache_locks_expiration_index_madrasti_d1` (`expiration`)
) ENGINE=InnoDB DEFAULT CHARSET=utf8mb4 COLLATE=utf8mb4_unicode_ci;

--
-- Dumping data for table `madrasti_d1_cache_locks`
--


--
-- Table structure for table `madrasti_d1_classes`
--

CREATE TABLE `madrasti_d1_classes` (
  `id` bigint unsigned NOT NULL AUTO_INCREMENT,
  `school_year_id` bigint unsigned DEFAULT NULL,
  `level_id` bigint unsigned NOT NULL,
  `name` varchar(255) CHARACTER SET utf8mb4 COLLATE utf8mb4_unicode_ci NOT NULL,
  `capacity` int NOT NULL DEFAULT '30',
  `teacher_id` bigint unsigned DEFAULT NULL,
  `created_at` timestamp NULL DEFAULT NULL,
  `updated_at` timestamp NULL DEFAULT NULL,
  PRIMARY KEY (`id`),
  UNIQUE KEY `classes_school_year_level_name_unique_madrasti_d1` (`school_year_id`,`level_id`,`name`),
  KEY `classes_school_year_id_index_madrasti_d1` (`school_year_id`),
  KEY `classes_level_id_index_madrasti_d1` (`level_id`),
  KEY `classes_teacher_id_index_madrasti_d1` (`teacher_id`),
  KEY `classes_school_year_level_index_madrasti_d1` (`school_year_id`,`level_id`),
  KEY `classes_level_name_index_madrasti_d1` (`level_id`,`name`),
  CONSTRAINT `madrasti_d1_classes_level_id_foreign` FOREIGN KEY (`level_id`) REFERENCES `madrasti_d1_levels` (`id`) ON DELETE CASCADE,
  CONSTRAINT `madrasti_d1_classes_school_year_id_foreign` FOREIGN KEY (`school_year_id`) REFERENCES `madrasti_d1_school_years` (`id`) ON DELETE CASCADE,
  CONSTRAINT `madrasti_d1_classes_teacher_id_foreign` FOREIGN KEY (`teacher_id`) REFERENCES `madrasti_d1_users` (`id`) ON DELETE SET NULL
) ENGINE=InnoDB AUTO_INCREMENT=25 DEFAULT CHARSET=utf8mb4 COLLATE=utf8mb4_unicode_ci;

--
-- Dumping data for table `madrasti_d1_classes`
--

INSERT INTO `madrasti_d1_classes` VALUES (1,NULL,1,'PS-1',30,NULL,'2025-12-16 22:26:28','2025-12-16 22:26:28'),(2,NULL,1,'PS-2',30,NULL,'2025-12-16 22:26:28','2025-12-16 22:26:28'),(3,NULL,2,'MS-1',30,NULL,'2025-12-16 22:26:28','2025-12-16 22:26:28'),(4,NULL,2,'MS-2',30,NULL,'2025-12-16 22:26:28','2025-12-16 22:26:28'),(5,NULL,3,'GS-1',30,NULL,'2025-12-16 22:26:28','2025-12-16 22:26:28'),(6,NULL,3,'GS-2',30,NULL,'2025-12-16 22:26:28','2025-12-16 22:26:28'),(7,NULL,4,'1APG-1',30,NULL,'2025-12-16 22:26:28','2025-12-16 22:26:28'),(8,NULL,4,'1APG-2',30,NULL,'2025-12-16 22:26:28','2025-12-16 22:26:28'),(9,NULL,5,'2APG-1',30,NULL,'2025-12-16 22:26:28','2025-12-16 22:26:28'),(10,NULL,5,'2APG-2',30,NULL,'2025-12-16 22:26:28','2025-12-16 22:26:28'),(11,NULL,6,'3APG-1',30,NULL,'2025-12-16 22:26:28','2025-12-16 22:26:28'),(12,NULL,6,'3APG-2',30,NULL,'2025-12-16 22:26:28','2025-12-16 22:26:28'),(13,NULL,7,'4APG-1',30,NULL,'2025-12-16 22:26:28','2025-12-16 22:26:28'),(14,NULL,7,'4APG-2',30,NULL,'2025-12-16 22:26:28','2025-12-16 22:26:28'),(15,NULL,8,'5APG-1',30,NULL,'2025-12-16 22:26:28','2025-12-16 22:26:28'),(16,NULL,8,'5APG-2',30,NULL,'2025-12-16 22:26:28','2025-12-16 22:26:28'),(17,NULL,9,'6APG-1',30,NULL,'2025-12-16 22:26:28','2025-12-16 22:26:28'),(18,NULL,9,'6APG-2',30,NULL,'2025-12-16 22:26:28','2025-12-16 22:26:28'),(19,NULL,10,'1AC-1',30,NULL,'2025-12-16 22:26:28','2025-12-16 22:26:28'),(20,NULL,10,'1AC-2',30,NULL,'2025-12-16 22:26:28','2025-12-16 22:26:28'),(21,NULL,11,'2AC-1',30,NULL,'2025-12-16 22:26:28','2025-12-16 22:26:28'),(22,NULL,11,'2AC-2',30,NULL,'2025-12-16 22:26:28','2025-12-16 22:26:28'),(23,NULL,12,'3AC-1',30,NULL,'2025-12-16 22:26:28','2025-12-16 22:26:28'),(24,NULL,12,'3AC-2',30,NULL,'2025-12-16 22:26:28','2025-12-16 22:26:28');

--
-- Table structure for table `madrasti_d1_failed_jobs`
--

CREATE TABLE `madrasti_d1_failed_jobs` (
  `id` bigint unsigned NOT NULL AUTO_INCREMENT,
  `uuid` varchar(255) CHARACTER SET utf8mb4 COLLATE utf8mb4_unicode_ci NOT NULL,
  `connection` text CHARACTER SET utf8mb4 COLLATE utf8mb4_unicode_ci NOT NULL,
  `queue` text CHARACTER SET utf8mb4 COLLATE utf8mb4_unicode_ci NOT NULL,
  `payload` longtext CHARACTER SET utf8mb4 COLLATE utf8mb4_unicode_ci NOT NULL,
  `exception` longtext CHARACTER SET utf8mb4 COLLATE utf8mb4_unicode_ci NOT NULL,
  `failed_at` timestamp NOT NULL DEFAULT CURRENT_TIMESTAMP,
  PRIMARY KEY (`id`),
  UNIQUE KEY `madrasti_d1_failed_jobs_uuid_unique_madrasti_d1` (`uuid`),
  KEY `failed_jobs_uuid_index_madrasti_d1` (`uuid`)
) ENGINE=InnoDB DEFAULT CHARSET=utf8mb4 COLLATE=utf8mb4_unicode_ci;

--
-- Dumping data for table `madrasti_d1_failed_jobs`
--


--
-- Table structure for table `madrasti_d1_forbidden_items`
--

CREATE TABLE `madrasti_d1_forbidden_items` (
  `id` bigint unsigned NOT NULL AUTO_INCREMENT,
  `student_id` bigint unsigned NOT NULL,
  `type` enum('food','medicine') CHARACTER SET utf8mb4 COLLATE utf8mb4_unicode_ci NOT NULL,
  `name` varchar(255) CHARACTER SET utf8mb4 COLLATE utf8mb4_unicode_ci NOT NULL,
  `notes` text CHARACTER SET utf8mb4 COLLATE utf8mb4_unicode_ci,
  `created_at` timestamp NULL DEFAULT NULL,
  `updated_at` timestamp NULL DEFAULT NULL,
  PRIMARY KEY (`id`),
  KEY `forbidden_items_student_id_index_madrasti_d1` (`student_id`),
  KEY `forbidden_items_type_index_madrasti_d1` (`type`),
  KEY `forbidden_items_student_type_index_madrasti_d1` (`student_id`,`type`),
  CONSTRAINT `madrasti_d1_forbidden_items_student_id_foreign` FOREIGN KEY (`student_id`) REFERENCES `madrasti_d1_students` (`id`) ON DELETE CASCADE
) ENGINE=InnoDB DEFAULT CHARSET=utf8mb4 COLLATE=utf8mb4_unicode_ci;

--
-- Dumping data for table `madrasti_d1_forbidden_items`
--


--
-- Table structure for table `madrasti_d1_guardian_student`
--

CREATE TABLE `madrasti_d1_guardian_student` (
  `id` bigint unsigned NOT NULL AUTO_INCREMENT,
  `guardian_id` bigint unsigned NOT NULL,
  `student_id` bigint unsigned NOT NULL,
  `created_at` timestamp NULL DEFAULT NULL,
  `updated_at` timestamp NULL DEFAULT NULL,
  PRIMARY KEY (`id`),
  UNIQUE KEY `guardian_student_guardian_student_unique_madrasti_d1` (`guardian_id`,`student_id`),
  KEY `guardian_student_guardian_id_index_madrasti_d1` (`guardian_id`),
  KEY `guardian_student_student_id_index_madrasti_d1` (`student_id`),
  CONSTRAINT `madrasti_d1_guardian_student_guardian_id_foreign` FOREIGN KEY (`guardian_id`) REFERENCES `madrasti_d1_guardians` (`id`) ON DELETE CASCADE,
  CONSTRAINT `madrasti_d1_guardian_student_student_id_foreign` FOREIGN KEY (`student_id`) REFERENCES `madrasti_d1_students` (`id`) ON DELETE CASCADE
) ENGINE=InnoDB DEFAULT CHARSET=utf8mb4 COLLATE=utf8mb4_unicode_ci;

--
-- Dumping data for table `madrasti_d1_guardian_student`
--


--
-- Table structure for table `madrasti_d1_guardians`
--

CREATE TABLE `madrasti_d1_guardians` (
  `id` bigint unsigned NOT NULL AUTO_INCREMENT,
  `name` varchar(255) CHARACTER SET utf8mb4 COLLATE utf8mb4_unicode_ci NOT NULL,
  `relationship` varchar(255) CHARACTER SET utf8mb4 COLLATE utf8mb4_unicode_ci NOT NULL,
  `phone` varchar(255) CHARACTER SET utf8mb4 COLLATE utf8mb4_unicode_ci NOT NULL,
  `email` varchar(255) CHARACTER SET utf8mb4 COLLATE utf8mb4_unicode_ci DEFAULT NULL,
  `address` text CHARACTER SET utf8mb4 COLLATE utf8mb4_unicode_ci,
  `allowed_to_pickup` tinyint(1) NOT NULL DEFAULT '1',
  `photo_path` varchar(255) CHARACTER SET utf8mb4 COLLATE utf8mb4_unicode_ci DEFAULT NULL,
  `created_at` timestamp NULL DEFAULT NULL,
  `updated_at` timestamp NULL DEFAULT NULL,
  PRIMARY KEY (`id`),
  KEY `guardians_phone_index_madrasti_d1` (`phone`),
  KEY `guardians_email_index_madrasti_d1` (`email`),
  KEY `guardians_relationship_index_madrasti_d1` (`relationship`),
  KEY `guardians_allowed_to_pickup_index_madrasti_d1` (`allowed_to_pickup`)
) ENGINE=InnoDB DEFAULT CHARSET=utf8mb4 COLLATE=utf8mb4_unicode_ci;

--
-- Dumping data for table `madrasti_d1_guardians`
--


--
-- Table structure for table `madrasti_d1_job_batches`
--

CREATE TABLE `madrasti_d1_job_batches` (
  `id` varchar(255) CHARACTER SET utf8mb4 COLLATE utf8mb4_unicode_ci NOT NULL,
  `name` varchar(255) CHARACTER SET utf8mb4 COLLATE utf8mb4_unicode_ci NOT NULL,
  `total_jobs` int NOT NULL,
  `pending_jobs` int NOT NULL,
  `failed_jobs` int NOT NULL,
  `failed_job_ids` longtext CHARACTER SET utf8mb4 COLLATE utf8mb4_unicode_ci NOT NULL,
  `options` mediumtext CHARACTER SET utf8mb4 COLLATE utf8mb4_unicode_ci,
  `cancelled_at` int DEFAULT NULL,
  `created_at` int NOT NULL,
  `finished_at` int DEFAULT NULL,
  PRIMARY KEY (`id`),
  KEY `job_batches_cancelled_at_index_madrasti_d1` (`cancelled_at`),
  KEY `job_batches_created_at_index_madrasti_d1` (`created_at`),
  KEY `job_batches_finished_at_index_madrasti_d1` (`finished_at`)
) ENGINE=InnoDB DEFAULT CHARSET=utf8mb4 COLLATE=utf8mb4_unicode_ci;

--
-- Dumping data for table `madrasti_d1_job_batches`
--


--
-- Table structure for table `madrasti_d1_jobs`
--

CREATE TABLE `madrasti_d1_jobs` (
  `id` bigint unsigned NOT NULL AUTO_INCREMENT,
  `queue` varchar(255) CHARACTER SET utf8mb4 COLLATE utf8mb4_unicode_ci NOT NULL,
  `payload` longtext CHARACTER SET utf8mb4 COLLATE utf8mb4_unicode_ci NOT NULL,
  `attempts` tinyint unsigned NOT NULL,
  `reserved_at` int unsigned DEFAULT NULL,
  `available_at` int unsigned NOT NULL,
  `created_at` int unsigned NOT NULL,
  PRIMARY KEY (`id`),
  KEY `jobs_queue_index_madrasti_d1` (`queue`),
  KEY `jobs_reserved_at_index_madrasti_d1` (`reserved_at`),
  KEY `jobs_available_at_index_madrasti_d1` (`available_at`)
) ENGINE=InnoDB DEFAULT CHARSET=utf8mb4 COLLATE=utf8mb4_unicode_ci;

--
-- Dumping data for table `madrasti_d1_jobs`
--


--
-- Table structure for table `madrasti_d1_level_payment_type`
--

CREATE TABLE `madrasti_d1_level_payment_type` (
  `id` bigint unsigned NOT NULL AUTO_INCREMENT,
  `level_id` bigint unsigned NOT NULL,
  `payment_type_id` bigint unsigned NOT NULL,
  `price` decimal(10,2) NOT NULL DEFAULT '0.00',
  `created_at` timestamp NULL DEFAULT NULL,
  `updated_at` timestamp NULL DEFAULT NULL,
  PRIMARY KEY (`id`),
  UNIQUE KEY `level_payment_type_level_payment_unique_madrasti_d1` (`level_id`,`payment_type_id`),
  KEY `level_payment_type_level_id_index_madrasti_d1` (`level_id`),
  KEY `level_payment_type_payment_type_id_index_madrasti_d1` (`payment_type_id`),
  CONSTRAINT `madrasti_d1_level_payment_type_level_id_foreign` FOREIGN KEY (`level_id`) REFERENCES `madrasti_d1_levels` (`id`) ON DELETE CASCADE,
  CONSTRAINT `madrasti_d1_level_payment_type_payment_type_id_foreign` FOREIGN KEY (`payment_type_id`) REFERENCES `madrasti_d1_payment_types` (`id`) ON DELETE CASCADE
) ENGINE=InnoDB DEFAULT CHARSET=utf8mb4 COLLATE=utf8mb4_unicode_ci;

--
-- Dumping data for table `madrasti_d1_level_payment_type`
--


--
-- Table structure for table `madrasti_d1_levels`
--

CREATE TABLE `madrasti_d1_levels` (
  `id` bigint unsigned NOT NULL AUTO_INCREMENT,
  `school_year_id` bigint unsigned DEFAULT NULL,
  `code` varchar(255) CHARACTER SET utf8mb4 COLLATE utf8mb4_unicode_ci NOT NULL,
  `sort_order` int NOT NULL DEFAULT '0',
  `name` varchar(255) CHARACTER SET utf8mb4 COLLATE utf8mb4_unicode_ci NOT NULL,
  `monthly_fee` decimal(10,2) NOT NULL DEFAULT '0.00',
  `cafeteria_fee` decimal(10,2) NOT NULL DEFAULT '0.00',
  `transportation_fee` decimal(10,2) NOT NULL DEFAULT '0.00',
  `private_lessons_fee` decimal(10,2) NOT NULL DEFAULT '0.00',
  `insurance_fee` decimal(10,2) NOT NULL DEFAULT '0.00',
  `schooling_fee` decimal(10,2) NOT NULL DEFAULT '0.00',
  `nursery_fee` decimal(10,2) NOT NULL DEFAULT '0.00',
  `created_at` timestamp NULL DEFAULT NULL,
  `updated_at` timestamp NULL DEFAULT NULL,
  PRIMARY KEY (`id`),
  UNIQUE KEY `madrasti_d1_levels_code_unique_madrasti_d1` (`code`),
  KEY `levels_school_year_id_index_madrasti_d1` (`school_year_id`),
  KEY `levels_code_index_madrasti_d1` (`code`),
  KEY `levels_sort_order_index_madrasti_d1` (`sort_order`),
  KEY `levels_school_year_sort_order_index_madrasti_d1` (`school_year_id`,`sort_order`),
  CONSTRAINT `madrasti_d1_levels_school_year_id_foreign` FOREIGN KEY (`school_year_id`) REFERENCES `madrasti_d1_school_years` (`id`) ON DELETE CASCADE
) ENGINE=InnoDB AUTO_INCREMENT=13 DEFAULT CHARSET=utf8mb4 COLLATE=utf8mb4_unicode_ci;

--
-- Dumping data for table `madrasti_d1_levels`
--

INSERT INTO `madrasti_d1_levels` VALUES (1,NULL,'PS',1,'Petite Section',400.00,0.00,0.00,0.00,0.00,0.00,0.00,'2025-12-16 22:26:28','2025-12-16 22:26:28'),(2,NULL,'MS',2,'Moyenne Section',450.00,0.00,0.00,0.00,0.00,0.00,0.00,'2025-12-16 22:26:28','2025-12-16 22:26:28'),(3,NULL,'GS',3,'Grande Section',500.00,0.00,0.00,0.00,0.00,0.00,0.00,'2025-12-16 22:26:28','2025-12-16 22:26:28'),(4,NULL,'1APG',5,'1ère Année Primaire',550.00,0.00,0.00,0.00,0.00,0.00,0.00,'2025-12-16 22:26:28','2025-12-16 22:26:28'),(5,NULL,'2APG',6,'2ème Année Primaire',600.00,0.00,0.00,0.00,0.00,0.00,0.00,'2025-12-16 22:26:28','2025-12-16 22:26:28'),(6,NULL,'3APG',7,'3ème Année Primaire',650.00,0.00,0.00,0.00,0.00,0.00,0.00,'2025-12-16 22:26:28','2025-12-16 22:26:28'),(7,NULL,'4APG',8,'4ème Année Primaire',700.00,0.00,0.00,0.00,0.00,0.00,0.00,'2025-12-16 22:26:28','2025-12-16 22:26:28'),(8,NULL,'5APG',9,'5ème Année Primaire',750.00,0.00,0.00,0.00,0.00,0.00,0.00,'2025-12-16 22:26:28','2025-12-16 22:26:28'),(9,NULL,'6APG',10,'6ème Année Primaire',800.00,0.00,0.00,0.00,0.00,0.00,0.00,'2025-12-16 22:26:28','2025-12-16 22:26:28'),(10,NULL,'1AC',11,'1ère Année Collège',850.00,0.00,0.00,0.00,0.00,0.00,0.00,'2025-12-16 22:26:28','2025-12-16 22:26:28'),(11,NULL,'2AC',12,'2ème Année Collège',900.00,0.00,0.00,0.00,0.00,0.00,0.00,'2025-12-16 22:26:28','2025-12-16 22:26:28'),(12,NULL,'3AC',13,'3ème Année Collège',950.00,0.00,0.00,0.00,0.00,0.00,0.00,'2025-12-16 22:26:28','2025-12-16 22:26:28');

--
-- Table structure for table `madrasti_d1_migrations`
--

CREATE TABLE `madrasti_d1_migrations` (
  `id` int unsigned NOT NULL AUTO_INCREMENT,
  `migration` varchar(255) CHARACTER SET utf8mb4 COLLATE utf8mb4_unicode_ci NOT NULL,
  `batch` int NOT NULL,
  PRIMARY KEY (`id`)
) ENGINE=InnoDB AUTO_INCREMENT=27 DEFAULT CHARSET=utf8mb4 COLLATE=utf8mb4_unicode_ci;

--
-- Dumping data for table `madrasti_d1_migrations`
--

INSERT INTO `madrasti_d1_migrations` VALUES (1,'0001_01_01_000000_create_migrations_table',1),(2,'2025_12_13_000001_create_users_table',1),(3,'2025_12_13_000002_create_cache_table',1),(4,'2025_12_13_000003_create_jobs_table',1),(5,'2025_12_13_000004_create_permission_tables',1),(6,'2025_12_13_000005_create_school_years_table',1),(7,'2025_12_13_000006_create_levels_table',1),(8,'2025_12_13_000007_create_classes_table',1),(9,'2025_12_13_000008_create_students_table',1),(10,'2025_12_13_000009_create_guardians_table',1),(11,'2025_12_13_000010_create_guardian_student_table',1),(12,'2025_12_13_000011_create_school_settings_table',1),(13,'2025_12_13_000012_create_settings_table',1),(14,'2025_12_13_000013_create_attendances_table',1),(15,'2025_12_13_000014_create_payments_table',1),(16,'2025_12_13_000015_create_payment_components_table',1),(17,'2025_12_13_000016_create_payment_transactions_table',1),(18,'2025_12_13_000017_create_transfers_table',1),(19,'2025_12_13_000018_create_notifications_log_table',1),(20,'2025_12_13_000019_create_trial_periods_table',1),(21,'2025_12_13_000020_create_backups_table',1),(22,'2025_12_13_000021_create_payment_types_table',1),(23,'2025_12_13_000022_create_level_payment_type_table',1),(24,'2025_12_13_000023_create_treasury_transactions_table',1),(25,'2025_12_13_000024_create_forbidden_items_table',1),(26,'2025_12_13_000025_create_student_services_table',1);

--
-- Table structure for table `madrasti_d1_model_has_permissions`
--

CREATE TABLE `madrasti_d1_model_has_permissions` (
  `permission_id` bigint unsigned NOT NULL,
  `model_type` varchar(255) CHARACTER SET utf8mb4 COLLATE utf8mb4_unicode_ci NOT NULL,
  `model_id` bigint unsigned NOT NULL,
  PRIMARY KEY (`permission_id`,`model_id`,`model_type`),
  KEY `model_has_permissions_model_id_model_type_index_madrasti_d1` (`model_id`,`model_type`),
  CONSTRAINT `madrasti_d1_model_has_permissions_permission_id_foreign` FOREIGN KEY (`permission_id`) REFERENCES `madrasti_d1_permissions` (`id`) ON DELETE CASCADE
) ENGINE=InnoDB DEFAULT CHARSET=utf8mb4 COLLATE=utf8mb4_unicode_ci;

--
-- Dumping data for table `madrasti_d1_model_has_permissions`
--


--
-- Table structure for table `madrasti_d1_model_has_roles`
--

CREATE TABLE `madrasti_d1_model_has_roles` (
  `role_id` bigint unsigned NOT NULL,
  `model_type` varchar(255) CHARACTER SET utf8mb4 COLLATE utf8mb4_unicode_ci NOT NULL,
  `model_id` bigint unsigned NOT NULL,
  PRIMARY KEY (`role_id`,`model_id`,`model_type`),
  KEY `model_has_roles_model_id_model_type_index_madrasti_d1` (`model_id`,`model_type`),
  CONSTRAINT `madrasti_d1_model_has_roles_role_id_foreign` FOREIGN KEY (`role_id`) REFERENCES `madrasti_d1_roles` (`id`) ON DELETE CASCADE
) ENGINE=InnoDB DEFAULT CHARSET=utf8mb4 COLLATE=utf8mb4_unicode_ci;

--
-- Dumping data for table `madrasti_d1_model_has_roles`
--

INSERT INTO `madrasti_d1_model_has_roles` VALUES (1,'App\\Models\\User',1),(2,'App\\Models\\User',2),(3,'App\\Models\\User',3),(4,'App\\Models\\User',4);

--
-- Table structure for table `madrasti_d1_notifications_log`
--

CREATE TABLE `madrasti_d1_notifications_log` (
  `id` bigint unsigned NOT NULL AUTO_INCREMENT,
  `student_id` bigint unsigned NOT NULL,
  `guardian_id` bigint unsigned DEFAULT NULL,
  `type` varchar(255) CHARACTER SET utf8mb4 COLLATE utf8mb4_unicode_ci NOT NULL,
  `channel` enum('email','sms','both') CHARACTER SET utf8mb4 COLLATE utf8mb4_unicode_ci NOT NULL,
  `message` text CHARACTER SET utf8mb4 COLLATE utf8mb4_unicode_ci NOT NULL,
  `sent_at` timestamp NULL DEFAULT NULL,
  `status` enum('pending','sent','failed') CHARACTER SET utf8mb4 COLLATE utf8mb4_unicode_ci NOT NULL DEFAULT 'pending',
  `error_message` text CHARACTER SET utf8mb4 COLLATE utf8mb4_unicode_ci,
  `created_at` timestamp NULL DEFAULT NULL,
  `updated_at` timestamp NULL DEFAULT NULL,
  PRIMARY KEY (`id`),
  KEY `madrasti_d1_notifications_log_guardian_id_foreign` (`guardian_id`),
  KEY `notifications_log_student_guardian_index_madrasti_d1` (`student_id`,`guardian_id`),
  KEY `notifications_log_status_index_madrasti_d1` (`status`),
  KEY `notifications_log_sent_at_index_madrasti_d1` (`sent_at`),
  KEY `notifications_log_type_index_madrasti_d1` (`type`),
  KEY `notifications_log_channel_index_madrasti_d1` (`channel`),
  CONSTRAINT `madrasti_d1_notifications_log_guardian_id_foreign` FOREIGN KEY (`guardian_id`) REFERENCES `madrasti_d1_guardians` (`id`) ON DELETE SET NULL,
  CONSTRAINT `madrasti_d1_notifications_log_student_id_foreign` FOREIGN KEY (`student_id`) REFERENCES `madrasti_d1_students` (`id`) ON DELETE CASCADE
) ENGINE=InnoDB DEFAULT CHARSET=utf8mb4 COLLATE=utf8mb4_unicode_ci;

--
-- Dumping data for table `madrasti_d1_notifications_log`
--


--
-- Table structure for table `madrasti_d1_password_reset_tokens`
--

CREATE TABLE `madrasti_d1_password_reset_tokens` (
  `email` varchar(255) CHARACTER SET utf8mb4 COLLATE utf8mb4_unicode_ci NOT NULL,
  `token` varchar(255) CHARACTER SET utf8mb4 COLLATE utf8mb4_unicode_ci NOT NULL,
  `created_at` timestamp NULL DEFAULT NULL,
  PRIMARY KEY (`email`),
  KEY `password_reset_tokens_email_index_madrasti_d1` (`email`)
) ENGINE=InnoDB DEFAULT CHARSET=utf8mb4 COLLATE=utf8mb4_unicode_ci;

--
-- Dumping data for table `madrasti_d1_password_reset_tokens`
--


--
-- Table structure for table `madrasti_d1_payment_components`
--

CREATE TABLE `madrasti_d1_payment_components` (
  `id` bigint unsigned NOT NULL AUTO_INCREMENT,
  `payment_id` bigint unsigned NOT NULL,
  `component_type` varchar(255) CHARACTER SET utf8mb4 COLLATE utf8mb4_unicode_ci NOT NULL,
  `amount_due` decimal(10,2) NOT NULL,
  `amount_paid` decimal(10,2) NOT NULL DEFAULT '0.00',
  `notes` text CHARACTER SET utf8mb4 COLLATE utf8mb4_unicode_ci,
  `created_at` timestamp NULL DEFAULT NULL,
  `updated_at` timestamp NULL DEFAULT NULL,
  PRIMARY KEY (`id`),
  KEY `payment_components_payment_id_index_madrasti_d1` (`payment_id`),
  KEY `payment_components_component_type_index_madrasti_d1` (`component_type`),
  CONSTRAINT `madrasti_d1_payment_components_payment_id_foreign` FOREIGN KEY (`payment_id`) REFERENCES `madrasti_d1_payments` (`id`) ON DELETE CASCADE
) ENGINE=InnoDB DEFAULT CHARSET=utf8mb4 COLLATE=utf8mb4_unicode_ci;

--
-- Dumping data for table `madrasti_d1_payment_components`
--


--
-- Table structure for table `madrasti_d1_payment_transactions`
--

CREATE TABLE `madrasti_d1_payment_transactions` (
  `id` bigint unsigned NOT NULL AUTO_INCREMENT,
  `payment_id` bigint unsigned NOT NULL,
  `amount` decimal(10,2) NOT NULL,
  `method` varchar(255) CHARACTER SET utf8mb4 COLLATE utf8mb4_unicode_ci NOT NULL DEFAULT 'cash',
  `transaction_date` date NOT NULL,
  `receipt_number` varchar(255) CHARACTER SET utf8mb4 COLLATE utf8mb4_unicode_ci NOT NULL,
  `receipt_path` varchar(255) CHARACTER SET utf8mb4 COLLATE utf8mb4_unicode_ci DEFAULT NULL,
  `created_at` timestamp NULL DEFAULT NULL,
  `updated_at` timestamp NULL DEFAULT NULL,
  PRIMARY KEY (`id`),
  UNIQUE KEY `madrasti_d1_payment_transactions_receipt_number_unique` (`receipt_number`),
  KEY `payment_transactions_payment_id_index_madrasti_d1` (`payment_id`),
  KEY `payment_transactions_receipt_number_index_madrasti_d1` (`receipt_number`),
  KEY `payment_transactions_transaction_date_index_madrasti_d1` (`transaction_date`),
  KEY `payment_transactions_method_index_madrasti_d1` (`method`),
  CONSTRAINT `madrasti_d1_payment_transactions_payment_id_foreign` FOREIGN KEY (`payment_id`) REFERENCES `madrasti_d1_payments` (`id`) ON DELETE CASCADE
) ENGINE=InnoDB DEFAULT CHARSET=utf8mb4 COLLATE=utf8mb4_unicode_ci;

--
-- Dumping data for table `madrasti_d1_payment_transactions`
--


--
-- Table structure for table `madrasti_d1_payment_types`
--

CREATE TABLE `madrasti_d1_payment_types` (
  `id` bigint unsigned NOT NULL AUTO_INCREMENT,
  `name` varchar(255) CHARACTER SET utf8mb4 COLLATE utf8mb4_unicode_ci NOT NULL,
  `name_ar` varchar(255) CHARACTER SET utf8mb4 COLLATE utf8mb4_unicode_ci DEFAULT NULL,
  `code` varchar(255) CHARACTER SET utf8mb4 COLLATE utf8mb4_unicode_ci NOT NULL,
  `is_active` tinyint(1) NOT NULL DEFAULT '1',
  `created_at` timestamp NULL DEFAULT NULL,
  `updated_at` timestamp NULL DEFAULT NULL,
  PRIMARY KEY (`id`),
  UNIQUE KEY `payment_types_name_unique_madrasti_d1` (`name`),
  UNIQUE KEY `payment_types_code_unique_madrasti_d1` (`code`),
  UNIQUE KEY `madrasti_d1_payment_types_name_unique_madrasti_d1` (`name`),
  UNIQUE KEY `madrasti_d1_payment_types_code_unique_madrasti_d1` (`code`),
  KEY `payment_types_is_active_index_madrasti_d1` (`is_active`)
) ENGINE=InnoDB DEFAULT CHARSET=utf8mb4 COLLATE=utf8mb4_unicode_ci;

--
-- Dumping data for table `madrasti_d1_payment_types`
--


--
-- Table structure for table `madrasti_d1_payments`
--

CREATE TABLE `madrasti_d1_payments` (
  `id` bigint unsigned NOT NULL AUTO_INCREMENT,
  `school_year_id` bigint unsigned DEFAULT NULL,
  `student_id` bigint unsigned NOT NULL,
  `guardian_id` bigint unsigned DEFAULT NULL,
  `type` enum('monthly','registration','insurance','other') CHARACTER SET utf8mb4 COLLATE utf8mb4_unicode_ci NOT NULL,
  `month` int DEFAULT NULL,
  `year` int DEFAULT NULL,
  `amount_due` decimal(10,2) NOT NULL,
  `amount_paid` decimal(10,2) NOT NULL DEFAULT '0.00',
  `due_date` date NOT NULL,
  `status` enum('paid','partial','unpaid') CHARACTER SET utf8mb4 COLLATE utf8mb4_unicode_ci NOT NULL DEFAULT 'unpaid',
  `reference` varchar(255) CHARACTER SET utf8mb4 COLLATE utf8mb4_unicode_ci DEFAULT NULL,
  `invoice_number` varchar(255) CHARACTER SET utf8mb4 COLLATE utf8mb4_unicode_ci DEFAULT NULL,
  `created_at` timestamp NULL DEFAULT NULL,
  `updated_at` timestamp NULL DEFAULT NULL,
  PRIMARY KEY (`id`),
  UNIQUE KEY `madrasti_d1_payments_invoice_number_unique_madrasti_d1` (`invoice_number`),
  KEY `payments_school_year_id_index_madrasti_d1` (`school_year_id`),
  KEY `payments_student_id_index_madrasti_d1` (`student_id`),
  KEY `payments_guardian_id_index_madrasti_d1` (`guardian_id`),
  KEY `payments_student_status_index_madrasti_d1` (`student_id`,`status`),
  KEY `payments_due_date_index_madrasti_d1` (`due_date`),
  KEY `payments_status_index_madrasti_d1` (`status`),
  KEY `payments_type_index_madrasti_d1` (`type`),
  KEY `payments_month_year_index_madrasti_d1` (`month`,`year`),
  KEY `payments_invoice_number_index_madrasti_d1` (`invoice_number`),
  CONSTRAINT `madrasti_d1_payments_guardian_id_foreign` FOREIGN KEY (`guardian_id`) REFERENCES `madrasti_d1_guardians` (`id`) ON DELETE SET NULL,
  CONSTRAINT `madrasti_d1_payments_school_year_id_foreign` FOREIGN KEY (`school_year_id`) REFERENCES `madrasti_d1_school_years` (`id`) ON DELETE CASCADE,
  CONSTRAINT `madrasti_d1_payments_student_id_foreign` FOREIGN KEY (`student_id`) REFERENCES `madrasti_d1_students` (`id`) ON DELETE CASCADE
) ENGINE=InnoDB DEFAULT CHARSET=utf8mb4 COLLATE=utf8mb4_unicode_ci;

--
-- Dumping data for table `madrasti_d1_payments`
--


--
-- Table structure for table `madrasti_d1_permissions`
--

CREATE TABLE `madrasti_d1_permissions` (
  `id` bigint unsigned NOT NULL AUTO_INCREMENT,
  `name` varchar(255) CHARACTER SET utf8mb4 COLLATE utf8mb4_unicode_ci NOT NULL,
  `guard_name` varchar(255) CHARACTER SET utf8mb4 COLLATE utf8mb4_unicode_ci NOT NULL,
  `created_at` timestamp NULL DEFAULT NULL,
  `updated_at` timestamp NULL DEFAULT NULL,
  PRIMARY KEY (`id`),
  UNIQUE KEY `permissions_name_guard_name_unique_madrasti_d1` (`name`,`guard_name`),
  KEY `permissions_guard_name_index_madrasti_d1` (`guard_name`)
) ENGINE=InnoDB AUTO_INCREMENT=67 DEFAULT CHARSET=utf8mb4 COLLATE=utf8mb4_unicode_ci;

--
-- Dumping data for table `madrasti_d1_permissions`
--

INSERT INTO `madrasti_d1_permissions` VALUES (1,'dashboard.view','web','2025-12-16 22:26:27','2025-12-16 22:26:27'),(2,'profile.view','web','2025-12-16 22:26:27','2025-12-16 22:26:27'),(3,'profile.update','web','2025-12-16 22:26:27','2025-12-16 22:26:27'),(4,'profile.change_password','web','2025-12-16 22:26:27','2025-12-16 22:26:27'),(5,'students.view','web','2025-12-16 22:26:27','2025-12-16 22:26:27'),(6,'students.create','web','2025-12-16 22:26:27','2025-12-16 22:26:27'),(7,'students.update','web','2025-12-16 22:26:27','2025-12-16 22:26:27'),(8,'students.delete','web','2025-12-16 22:26:27','2025-12-16 22:26:27'),(9,'students.import','web','2025-12-16 22:26:27','2025-12-16 22:26:27'),(10,'students.export','web','2025-12-16 22:26:27','2025-12-16 22:26:27'),(11,'guardians.view','web','2025-12-16 22:26:27','2025-12-16 22:26:27'),(12,'guardians.create','web','2025-12-16 22:26:27','2025-12-16 22:26:27'),(13,'guardians.update','web','2025-12-16 22:26:27','2025-12-16 22:26:27'),(14,'guardians.delete','web','2025-12-16 22:26:27','2025-12-16 22:26:27'),(15,'payments.view','web','2025-12-16 22:26:27','2025-12-16 22:26:27'),(16,'payments.create','web','2025-12-16 22:26:27','2025-12-16 22:26:27'),(17,'payments.update','web','2025-12-16 22:26:27','2025-12-16 22:26:27'),(18,'payments.delete','web','2025-12-16 22:26:27','2025-12-16 22:26:27'),(19,'payments.receipt','web','2025-12-16 22:26:27','2025-12-16 22:26:27'),(20,'payments.overdue','web','2025-12-16 22:26:27','2025-12-16 22:26:27'),(21,'attendance.view','web','2025-12-16 22:26:27','2025-12-16 22:26:27'),(22,'attendance.mark','web','2025-12-16 22:26:27','2025-12-16 22:26:27'),(23,'attendance.update','web','2025-12-16 22:26:27','2025-12-16 22:26:27'),(24,'attendance.delete','web','2025-12-16 22:26:27','2025-12-16 22:26:27'),(25,'levels.view','web','2025-12-16 22:26:27','2025-12-16 22:26:27'),(26,'levels.create','web','2025-12-16 22:26:27','2025-12-16 22:26:27'),(27,'levels.update','web','2025-12-16 22:26:27','2025-12-16 22:26:27'),(28,'levels.delete','web','2025-12-16 22:26:27','2025-12-16 22:26:27'),(29,'classes.view','web','2025-12-16 22:26:27','2025-12-16 22:26:27'),(30,'classes.create','web','2025-12-16 22:26:27','2025-12-16 22:26:27'),(31,'classes.update','web','2025-12-16 22:26:27','2025-12-16 22:26:27'),(32,'classes.delete','web','2025-12-16 22:26:27','2025-12-16 22:26:27'),(33,'reports.view','web','2025-12-16 22:26:27','2025-12-16 22:26:27'),(34,'reports.students','web','2025-12-16 22:26:27','2025-12-16 22:26:27'),(35,'reports.attendance','web','2025-12-16 22:26:27','2025-12-16 22:26:27'),(36,'reports.financial','web','2025-12-16 22:26:27','2025-12-16 22:26:27'),(37,'reports.export','web','2025-12-16 22:26:27','2025-12-16 22:26:27'),(38,'settings.view','web','2025-12-16 22:26:27','2025-12-16 22:26:27'),(39,'settings.update','web','2025-12-16 22:26:27','2025-12-16 22:26:27'),(40,'settings.upload_logo','web','2025-12-16 22:26:27','2025-12-16 22:26:27'),(41,'users.view','web','2025-12-16 22:26:27','2025-12-16 22:26:27'),(42,'users.create','web','2025-12-16 22:26:27','2025-12-16 22:26:27'),(43,'users.update','web','2025-12-16 22:26:27','2025-12-16 22:26:27'),(44,'users.delete','web','2025-12-16 22:26:27','2025-12-16 22:26:27'),(45,'users.reset_password','web','2025-12-16 22:26:27','2025-12-16 22:26:27'),(46,'users.manage','web','2025-12-16 22:26:27','2025-12-16 22:26:27'),(47,'permissions.view','web','2025-12-16 22:26:27','2025-12-16 22:26:27'),(48,'permissions.manage','web','2025-12-16 22:26:27','2025-12-16 22:26:27'),(49,'permissions.roles.create','web','2025-12-16 22:26:27','2025-12-16 22:26:27'),(50,'permissions.roles.update','web','2025-12-16 22:26:27','2025-12-16 22:26:27'),(51,'permissions.roles.delete','web','2025-12-16 22:26:27','2025-12-16 22:26:27'),(52,'permissions.permissions.create','web','2025-12-16 22:26:27','2025-12-16 22:26:27'),(53,'permissions.permissions.delete','web','2025-12-16 22:26:27','2025-12-16 22:26:27'),(54,'backups.view','web','2025-12-16 22:26:27','2025-12-16 22:26:27'),(55,'backups.create','web','2025-12-16 22:26:27','2025-12-16 22:26:27'),(56,'backups.download','web','2025-12-16 22:26:27','2025-12-16 22:26:27'),(57,'backups.delete','web','2025-12-16 22:26:27','2025-12-16 22:26:27'),(58,'backups.restore','web','2025-12-16 22:26:27','2025-12-16 22:26:27'),(59,'storage.view','web','2025-12-16 22:26:27','2025-12-16 22:26:27'),(60,'storage.upload','web','2025-12-16 22:26:27','2025-12-16 22:26:27'),(61,'storage.delete','web','2025-12-16 22:26:27','2025-12-16 22:26:27'),(62,'storage.download','web','2025-12-16 22:26:27','2025-12-16 22:26:27'),(63,'trial-periods.view','web','2025-12-16 22:26:27','2025-12-16 22:26:27'),(64,'trial-periods.create','web','2025-12-16 22:26:27','2025-12-16 22:26:27'),(65,'trial-periods.update','web','2025-12-16 22:26:27','2025-12-16 22:26:27'),(66,'trial-periods.delete','web','2025-12-16 22:26:27','2025-12-16 22:26:27');

--
-- Table structure for table `madrasti_d1_role_has_permissions`
--

CREATE TABLE `madrasti_d1_role_has_permissions` (
  `permission_id` bigint unsigned NOT NULL,
  `role_id` bigint unsigned NOT NULL,
  PRIMARY KEY (`permission_id`,`role_id`),
  KEY `role_has_permissions_role_id_foreign` (`role_id`),
  CONSTRAINT `madrasti_d1_role_has_permissions_permission_id_foreign` FOREIGN KEY (`permission_id`) REFERENCES `madrasti_d1_permissions` (`id`) ON DELETE CASCADE,
  CONSTRAINT `madrasti_d1_role_has_permissions_role_id_foreign` FOREIGN KEY (`role_id`) REFERENCES `madrasti_d1_roles` (`id`) ON DELETE CASCADE
) ENGINE=InnoDB DEFAULT CHARSET=utf8mb4 COLLATE=utf8mb4_unicode_ci;

--
-- Dumping data for table `madrasti_d1_role_has_permissions`
--

INSERT INTO `madrasti_d1_role_has_permissions` VALUES (1,1),(2,1),(3,1),(4,1),(5,1),(6,1),(7,1),(8,1),(9,1),(10,1),(11,1),(12,1),(13,1),(14,1),(15,1),(16,1),(17,1),(18,1),(19,1),(20,1),(21,1),(22,1),(23,1),(24,1),(25,1),(26,1),(27,1),(28,1),(29,1),(30,1),(31,1),(32,1),(33,1),(34,1),(35,1),(36,1),(37,1),(38,1),(39,1),(40,1),(41,1),(42,1),(43,1),(44,1),(45,1),(46,1),(47,1),(48,1),(49,1),(50,1),(51,1),(52,1),(53,1),(54,1),(55,1),(56,1),(57,1),(58,1),(59,1),(60,1),(61,1),(62,1),(63,1),(64,1),(65,1),(66,1),(1,2),(2,2),(3,2),(4,2),(5,2),(6,2),(7,2),(8,2),(9,2),(10,2),(11,2),(12,2),(13,2),(14,2),(15,2),(16,2),(17,2),(18,2),(19,2),(20,2),(21,2),(22,2),(23,2),(24,2),(25,2),(26,2),(27,2),(28,2),(29,2),(30,2),(31,2),(32,2),(33,2),(34,2),(35,2),(36,2),(37,2),(38,2),(39,2),(40,2),(54,2),(55,2),(56,2),(59,2),(60,2),(61,2),(62,2),(63,2),(64,2),(65,2),(66,2),(1,3),(2,3),(3,3),(4,3),(5,3),(6,3),(7,3),(11,3),(12,3),(13,3),(21,3),(22,3),(25,3),(29,3),(30,3),(31,3),(33,3),(34,3),(35,3),(1,4),(2,4),(3,4),(4,4),(5,4),(11,4),(15,4),(16,4),(17,4),(19,4),(20,4),(33,4),(36,4),(37,4),(1,5),(2,5),(3,5),(4,5),(5,5),(21,5),(22,5),(29,5),(1,6),(2,6),(3,6),(4,6),(5,6),(6,6),(7,6),(11,6),(12,6),(13,6),(21,6),(22,6),(23,6),(29,6),(33,6),(34,6),(35,6);

--
-- Table structure for table `madrasti_d1_roles`
--

CREATE TABLE `madrasti_d1_roles` (
  `id` bigint unsigned NOT NULL AUTO_INCREMENT,
  `name` varchar(255) CHARACTER SET utf8mb4 COLLATE utf8mb4_unicode_ci NOT NULL,
  `guard_name` varchar(255) CHARACTER SET utf8mb4 COLLATE utf8mb4_unicode_ci NOT NULL,
  `created_at` timestamp NULL DEFAULT NULL,
  `updated_at` timestamp NULL DEFAULT NULL,
  PRIMARY KEY (`id`),
  UNIQUE KEY `roles_name_guard_name_unique_madrasti_d1` (`name`,`guard_name`),
  KEY `roles_guard_name_index_madrasti_d1` (`guard_name`)
) ENGINE=InnoDB AUTO_INCREMENT=7 DEFAULT CHARSET=utf8mb4 COLLATE=utf8mb4_unicode_ci;

--
-- Dumping data for table `madrasti_d1_roles`
--

INSERT INTO `madrasti_d1_roles` VALUES (1,'Super Admin','web','2025-12-16 22:26:27','2025-12-16 22:26:27'),(2,'Admin','web','2025-12-16 22:26:27','2025-12-16 22:26:27'),(3,'Manager','web','2025-12-16 22:26:27','2025-12-16 22:26:27'),(4,'Accountant','web','2025-12-16 22:26:27','2025-12-16 22:26:27'),(5,'Teacher','web','2025-12-16 22:26:27','2025-12-16 22:26:27'),(6,'مشرف على التلاميذ','web','2025-12-16 22:26:27','2025-12-16 22:26:27');

--
