(4296,11,NULL,NULL,'3OYF-LGTO-LBFV-RU6A','SN-MDN75D3YGWAJ','available',NULL,NULL,NULL,NULL,NULL,1,10,1,0,NULL,'2025-12-20 15:20:51','2025-12-20 15:20:51'),(4297,11,NULL,NULL,'I0KL-YVLT-XD23-9OMA','SN-QIRX5AGUQS8Y','available',NULL,NULL,NULL,NULL,NULL,1,10,1,0,NULL,'2025-12-20 15:20:51','2025-12-20 15:20:51'),(4298,11,NULL,NULL,'HFVE-WSUW-RJD8-5DYN','SN-34GNRFEHJR4B','available',NULL,NULL,NULL,NULL,NULL,1,10,1,0,NULL,'2025-12-20 15:20:51','2025-12-20 15:20:51'),(4299,11,NULL,NULL,'OLOU-ZFV1-2MCZ-ESMW','SN-JJTCXOOG2OEU','available',NULL,NULL,NULL,NULL,NULL,1,10,1,0,NULL,'2025-12-20 15:20:51','2025-12-20 15:20:51'),(4300,11,NULL,NULL,'CKUY-ZIEV-UJCN-QFPX','SN-QIBJ5RYGPRLS','available',NULL,NULL,NULL,NULL,NULL,1,10,1,0,NULL,'2025-12-20 15:20:51','2025-12-20 15:20:51'),(4301,11,NULL,NULL,'CRB8-UBHH-BYIA-SU29','SN-RBZPBEP5XAWB','available',NULL,NULL,NULL,NULL,NULL,1,10,1,0,NULL,'2025-12-20 15:20:51','2025-12-20 15:20:51'),(4302,11,NULL,NULL,'GNIW-RCEN-G9MU-QC1C','SN-IWKY92YTVDCH','available',NULL,NULL,NULL,NULL,NULL,1,10,1,0,NULL,'2025-12-20 15:20:51','2025-12-20 15:20:51'),(4303,11,NULL,NULL,'LD9D-MMJZ-S2OT-2JPK','SN-ESLCBCOHX69M','available',NULL,NULL,NULL,NULL,NULL,1,10,1,0,NULL,'2025-12-20 15:20:51','2025-12-20 15:20:51'),(4304,11,NULL,NULL,'JJRM-Q1ZU-KUTD-UPDT','SN-C2B2VEVO3GKZ','available',NULL,NULL,NULL,NULL,NULL,1,10,1,0,NULL,'2025-12-20 15:20:51','2025-12-20 15:20:51'),(4305,11,NULL,NULL,'6RSJ-AADL-RZHD-UO2C','SN-YRGSUTHBYGOG','available',NULL,NULL,NULL,NULL,NULL,1,10,1,0,NULL,'2025-12-20 15:20:51','2025-12-20 15:20:51'),(4306,11,NULL,NULL,'GNTD-SF1K-DGI4-AHRF','SN-C5CSRWPS5VSK','available',NULL,NULL,NULL,NULL,NULL,1,10,1,0,NULL,'2025-12-20 15:20:51','2025-12-20 15:20:51'),(4307,11,NULL,NULL,'OGDQ-CZH8-WWCF-WXGS','SN-UO7DNKPOBFVP','available',NULL,NULL,NULL,NULL,NULL,1,10,1,0,NULL,'2025-12-20 15:20:51','2025-12-20 15:20:51'),(4308,11,NULL,NULL,'RF6J-IXMW-6WHT-NLEK','SN-ERTJHJWFPZ4V','available',NULL,NULL,NULL,NULL,NULL,1,10,1,0,NULL,'2025-12-20 15:20:51','2025-12-20 15:20:51'),(4309,11,NULL,NULL,'WFCY-QTNO-CM7T-ZWGO','SN-EGB6CWCALJXR','available',NULL,NULL,NULL,NULL,NULL,1,10,1,0,NULL,'2025-12-20 15:20:51','2025-12-20 15:20:51'),(4310,11,NULL,NULL,'KVMX-TA8P-N7PP-WFMT','SN-BXV32JN2X4RD','available',NULL,NULL,NULL,NULL,NULL,1,10,1,0,NULL,'2025-12-20 15:20:51','2025-12-20 15:20:51'),(4311,11,NULL,NULL,'JOBT-VD8Z-IJKC-COPC','SN-VJTAJ5POCN4U','available',NULL,NULL,NULL,NULL,NULL,1,10,1,0,NULL,'2025-12-20 15:20:51','2025-12-20 15:20:51'),(4312,11,NULL,NULL,'JAV2-RJ5O-AAA1-E811','SN-ASKUOWAMTILQ','available',NULL,NULL,NULL,NULL,NULL,1,10,1,0,NULL,'2025-12-20 15:20:51','2025-12-20 15:20:51'),(4313,11,NULL,NULL,'JI2D-R2SB-ULHG-GOC6','SN-JLL7VZEBCJX2','available',NULL,NULL,NULL,NULL,NULL,1,10,1,0,NULL,'2025-12-20 15:20:51','2025-12-20 15:20:51'),(4314,11,NULL,NULL,'BHJR-OB6M-KUDT-4IQE','SN-ZQHGKSGLM2DQ','available',NULL,NULL,NULL,NULL,NULL,1,10,1,0,NULL,'2025-12-20 15:20:51','2025-12-20 15:20:51'),(4315,11,NULL,NULL,'FCQ4-IFHK-K7ND-8GE9','SN-FULB3ACF3QP5','available',NULL,NULL,NULL,NULL,NULL,1,10,1,0,NULL,'2025-12-20 15:20:51','2025-12-20 15:20:51'),(4316,11,NULL,NULL,'TFPD-PXOW-1YQY-BAZV','SN-RKTQVJDNIFSU','available',NULL,NULL,NULL,NULL,NULL,1,10,1,0,NULL,'2025-12-20 15:20:51','2025-12-20 15:20:51'),(4317,11,NULL,NULL,'XGBT-MKHM-Z6BP-EKJY','SN-QJBVNASNLSFB','available',NULL,NULL,NULL,NULL,NULL,1,10,1,0,NULL,'2025-12-20 15:20:51','2025-12-20 15:20:51'),(4318,11,NULL,NULL,'YPHW-PHN9-7LCL-RKGZ','SN-N90EXSFX31CG','available',NULL,NULL,NULL,NULL,NULL,1,10,1,0,NULL,'2025-12-20 15:20:51','2025-12-20 15:20:51'),(4319,11,NULL,NULL,'4EUT-ETJS-BJZS-D46Z','SN-VTICCQSD8DU2','available',NULL,NULL,NULL,NULL,NULL,1,10,1,0,NULL,'2025-12-20 15:20:51','2025-12-20 15:20:51'),(4320,11,NULL,NULL,'QKME-Y9EQ-37N6-9Q7Z','SN-BHHYGHOJTUU5','available',NULL,NULL,NULL,NULL,NULL,1,10,1,0,NULL,'2025-12-20 15:20:51','2025-12-20 15:20:51'),(4321,11,NULL,NULL,'AIB1-SWZB-QWNR-SNBO','SN-SPC5CVE8SRHV','available',NULL,NULL,NULL,NULL,NULL,1,10,1,0,NULL,'2025-12-20 15:20:51','2025-12-20 15:20:51'),(4322,11,NULL,NULL,'7XBL-LJR9-CFYK-SLH0','SN-NCVB27PCFHGH','available',NULL,NULL,NULL,NULL,NULL,1,10,1,0,NULL,'2025-12-20 15:20:51','2025-12-20 15:20:51'),(4323,11,NULL,NULL,'ARDB-9XIG-KVX3-MGSM','SN-WBDYCDMRAURP','available',NULL,NULL,NULL,NULL,NULL,1,10,1,0,NULL,'2025-12-20 15:20:51','2025-12-20 15:20:51'),(4324,11,NULL,NULL,'XOYR-F2Z5-KUPQ-0VMU','SN-N3U7TNHYXFN7','available',NULL,NULL,NULL,NULL,NULL,1,10,1,0,NULL,'2025-12-20 15:20:51','2025-12-20 15:20:51'),(4325,11,NULL,NULL,'THY5-RJ3H-FT6S-1VX1','SN-D4LLMR4ILPQG','available',NULL,NULL,NULL,NULL,NULL,1,10,1,0,NULL,'2025-12-20 15:20:51','2025-12-20 15:20:51'),(4326,11,NULL,NULL,'ZYHR-S3B5-NEZH-VSTM','SN-VGKSZE9GF2NO','available',NULL,NULL,NULL,NULL,NULL,1,10,1,0,NULL,'2025-12-20 15:20:51','2025-12-20 15:20:51'),(4327,11,NULL,NULL,'IWOE-WRZL-W37E-4CR0','SN-MZQB26PPXLMM','available',NULL,NULL,NULL,NULL,NULL,1,10,1,0,NULL,'2025-12-20 15:20:51','2025-12-20 15:20:51'),(4328,11,NULL,NULL,'QAFX-II5J-GGAS-BIXD','SN-SQK6SMQ0UNQO','available',NULL,NULL,NULL,NULL,NULL,1,10,1,0,NULL,'2025-12-20 15:20:51','2025-12-20 15:20:51'),(4329,11,NULL,NULL,'8CAL-LGTI-JF0D-SMLV','SN-STWQUTFFUZMA','available',NULL,NULL,NULL,NULL,NULL,1,10,1,0,NULL,'2025-12-20 15:20:51','2025-12-20 15:20:51'),(4330,11,NULL,NULL,'PQ0D-7RP6-GGAH-XCMP','SN-R8KNFFQ5DAVC','available',NULL,NULL,NULL,NULL,NULL,1,10,1,0,NULL,'2025-12-20 15:20:51','2025-12-20 15:20:51'),(4331,11,NULL,NULL,'NG4E-SDMS-GEXR-76M5','SN-R9KSYKKRCDG6','available',NULL,NULL,NULL,NULL,NULL,1,10,1,0,NULL,'2025-12-20 15:20:51','2025-12-20 15:20:51'),(4332,11,NULL,NULL,'MIC0-KCQW-QZH6-XQQP','SN-EPVNOLLFSMYQ','available',NULL,NULL,NULL,NULL,NULL,1,10,1,0,NULL,'2025-12-20 15:20:51','2025-12-20 15:20:51'),(4333,11,NULL,NULL,'EM0V-JWTS-DPEN-AFN0','SN-CSDU3J3FYRPY','available',NULL,NULL,NULL,NULL,NULL,1,10,1,0,NULL,'2025-12-20 15:20:51','2025-12-20 15:20:51'),(4334,11,NULL,NULL,'YVJI-9TWY-RMJ6-HP74','SN-VGTQ4KRQNOLQ','available',NULL,NULL,NULL,NULL,NULL,1,10,1,0,NULL,'2025-12-20 15:20:51','2025-12-20 15:20:51'),(4335,11,NULL,NULL,'X8EO-QILL-WPEN-TDYN','SN-LWBZUFNCDB40','available',NULL,NULL,NULL,NULL,NULL,1,10,1,0,NULL,'2025-12-20 15:20:51','2025-12-20 15:20:51'),(4336,11,NULL,NULL,'EHXG-PBCJ-2IJO-LBKC','SN-CL1KRIRYVJ50','available',NULL,NULL,NULL,NULL,NULL,1,10,1,0,NULL,'2025-12-20 15:20:51','2025-12-20 15:20:51'),(4337,11,NULL,NULL,'UDMG-IGKX-IEJB-5UCO','SN-2OBVQ7XBIS2W','available',NULL,NULL,NULL,NULL,NULL,1,10,1,0,NULL,'2025-12-20 15:20:51','2025-12-20 15:20:51'),(4338,11,NULL,NULL,'5EBE-1N0N-FUXB-AR4Q','SN-RHMGGXCMUCM3','available',NULL,NULL,NULL,NULL,NULL,1,10,1,0,NULL,'2025-12-20 15:20:51','2025-12-20 15:20:51'),(4339,11,NULL,NULL,'QWBW-5UE3-EEWD-AOFX','SN-R3QMPWYFB3E8','available',NULL,NULL,NULL,NULL,NULL,1,10,1,0,NULL,'2025-12-20 15:20:51','2025-12-20 15:20:51'),(4340,11,NULL,NULL,'BVRT-XJUR-DYJY-7DJQ','SN-JQCFXOEQNSER','available',NULL,NULL,NULL,NULL,NULL,1,10,1,0,NULL,'2025-12-20 15:20:51','2025-12-20 15:20:51'),(4341,11,NULL,NULL,'JZNG-EAUF-SH0D-FVK8','SN-HXCXR5WSCJFF','available',NULL,NULL,NULL,NULL,NULL,1,10,1,0,NULL,'2025-12-20 15:20:51','2025-12-20 15:20:51'),(4342,11,NULL,NULL,'Z57P-Q0Q4-0TZR-E3OY','SN-TIDCAOYD9Q0X','available',NULL,NULL,NULL,NULL,NULL,1,10,1,0,NULL,'2025-12-20 15:20:51','2025-12-20 15:20:51'),(4343,11,NULL,NULL,'7SFP-CH7F-GVSF-FPBN','SN-WWXTKCMBJK7R','available',NULL,NULL,NULL,NULL,NULL,1,10,1,0,NULL,'2025-12-20 15:20:51','2025-12-20 15:20:51'),(4344,11,NULL,NULL,'QARL-ELDS-D9Q7-WATR','SN-B89BZQ1XAD2V','available',NULL,NULL,NULL,NULL,NULL,1,10,1,0,NULL,'2025-12-20 15:20:51','2025-12-20 15:20:51'),(4345,11,NULL,NULL,'FOOI-OMOT-OHAN-W6TR','SN-I1XFDPXLVL6T','available',NULL,NULL,NULL,NULL,NULL,1,10,1,0,NULL,'2025-12-20 15:20:51','2025-12-20 15:20:51'),(4346,11,NULL,NULL,'ETIE-UQ7R-8GEF-XHRE','SN-ZCHFHOFRGVYJ','available',NULL,NULL,NULL,NULL,NULL,1,10,1,0,NULL,'2025-12-20 15:20:51','2025-12-20 15:20:51'),(4347,11,NULL,NULL,'1AGG-RG46-QW28-GJLS','SN-GDSRE130AYWH','available',NULL,NULL,NULL,NULL,NULL,1,10,1,0,NULL,'2025-12-20 15:20:51','2025-12-20 15:20:51'),(4348,11,NULL,NULL,'OSK3-WQJB-9GRK-SYV6','SN-TMAKKQPMQEZU','available',NULL,NULL,NULL,NULL,NULL,1,10,1,0,NULL,'2025-12-20 15:20:51','2025-12-20 15:20:51'),(4349,11,NULL,NULL,'CILY-DCYT-WHID-AANA','SN-8X4PDMGLZ9XU','available',NULL,NULL,NULL,NULL,NULL,1,10,1,0,NULL,'2025-12-20 15:20:51','2025-12-20 15:20:51'),(4350,11,NULL,NULL,'BFKF-WEH8-ZNV3-XFZN','SN-NYCKHZKDZURS','available',NULL,NULL,NULL,NULL,NULL,1,10,1,0,NULL,'2025-12-20 15:20:51','2025-12-20 15:20:51'),(4351,11,NULL,NULL,'IDA2-KQ7I-TL6H-O08E','SN-PVIJNFV5HZDK','available',NULL,NULL,NULL,NULL,NULL,1,10,1,0,NULL,'2025-12-20 15:20:51','2025-12-20 15:20:51'),(4352,11,NULL,NULL,'DRZX-8KYW-QKKU-Z8D3','SN-VBPYCXUKN1PQ','available',NULL,NULL,NULL,NULL,NULL,1,10,1,0,NULL,'2025-12-20 15:20:51','2025-12-20 15:20:51'),(4353,11,NULL,NULL,'HPXM-NO4P-UITS-4SSN','SN-LNN4E5O0DFAE','available',NULL,NULL,NULL,NULL,NULL,1,10,1,0,NULL,'2025-12-20 15:20:51','2025-12-20 15:20:51'),(4354,11,NULL,NULL,'0BHY-PU5J-7VQG-XKL5','SN-VO4RJJHB1YHF','available',NULL,NULL,NULL,NULL,NULL,1,10,1,0,NULL,'2025-12-20 15:20:51','2025-12-20 15:20:51'),(4355,11,NULL,NULL,'UZPX-2OCS-XYSK-LCI4','SN-DDFBZER8VHE1','available',NULL,NULL,NULL,NULL,NULL,1,10,1,0,NULL,'2025-12-20 15:20:51','2025-12-20 15:20:51'),(4356,11,NULL,NULL,'US4I-FCUA-QDF4-M8YA','SN-UUUJXKPD45RG','available',NULL,NULL,NULL,NULL,NULL,1,10,1,0,NULL,'2025-12-20 15:20:51','2025-12-20 15:20:51'),(4357,11,NULL,NULL,'WBSB-VRQN-3C6R-RBKC','SN-EA9C7B5BEG6I','available',NULL,NULL,NULL,NULL,NULL,1,10,1,0,NULL,'2025-12-20 15:20:51','2025-12-20 15:20:51'),(4358,11,NULL,NULL,'ENGR-GFCZ-LYJN-ZOHA','SN-WOAXGOGQQLDN','available',NULL,NULL,NULL,NULL,NULL,1,10,1,0,NULL,'2025-12-20 15:20:51','2025-12-20 15:20:51'),(4359,11,NULL,NULL,'BVLA-BF9Q-HECN-3Z0P','SN-LHJDSS0STS2N','available',NULL,NULL,NULL,NULL,NULL,1,10,1,0,NULL,'2025-12-20 15:20:51','2025-12-20 15:20:51'),(4360,11,NULL,NULL,'GLGL-GEU7-M8NI-QPAB','SN-S9ZKPMGW8V2U','available',NULL,NULL,NULL,NULL,NULL,1,10,1,0,NULL,'2025-12-20 15:20:51','2025-12-20 15:20:51'),(4361,11,NULL,NULL,'AFOH-B51T-1EHR-RGGZ','SN-RB0SCDJ7ASCT','available',NULL,NULL,NULL,NULL,NULL,1,10,1,0,NULL,'2025-12-20 15:20:51','2025-12-20 15:20:51'),(4362,11,NULL,NULL,'WVET-EEYP-SKAD-PTBB','SN-CPII6C5GKLFO','available',NULL,NULL,NULL,NULL,NULL,1,10,1,0,NULL,'2025-12-20 15:20:51','2025-12-20 15:20:51'),(4363,11,NULL,NULL,'PWUY-DRUX-KZWY-8SLD','SN-RMSUKMIG1L5R','available',NULL,NULL,NULL,NULL,NULL,1,10,1,0,NULL,'2025-12-20 15:20:51','2025-12-20 15:20:51'),(4364,11,NULL,NULL,'IA5K-O70K-7NWP-2YTI','SN-UD9KUFWDXQVS','available',NULL,NULL,NULL,NULL,NULL,1,10,1,0,NULL,'2025-12-20 15:20:51','2025-12-20 15:20:51'),(4365,11,NULL,NULL,'OOJI-MBX9-3D8E-SJPQ','SN-1GUN1EYWKII9','available',NULL,NULL,NULL,NULL,NULL,1,10,1,0,NULL,'2025-12-20 15:20:51','2025-12-20 15:20:51'),(4366,11,NULL,NULL,'ZLLE-L7YE-QBUT-5MLB','SN-6QFIHKEXR6YE','available',NULL,NULL,NULL,NULL,NULL,1,10,1,0,NULL,'2025-12-20 15:20:51','2025-12-20 15:20:51'),(4367,11,NULL,NULL,'9KYD-DJJV-7JQZ-CODF','SN-V8MCSXQSR80A','available',NULL,NULL,NULL,NULL,NULL,1,10,1,0,NULL,'2025-12-20 15:20:51','2025-12-20 15:20:51'),(4368,11,NULL,NULL,'EYWZ-WWA3-5GOD-ZYOW','SN-NLJUZS7GF0GK','available',NULL,NULL,NULL,NULL,NULL,1,10,1,0,NULL,'2025-12-20 15:20:51','2025-12-20 15:20:51'),(4369,11,NULL,NULL,'CNJN-IV6C-2UVK-JPXR','SN-NQK0ESVOCQNS','available',NULL,NULL,NULL,NULL,NULL,1,10,1,0,NULL,'2025-12-20 15:20:51','2025-12-20 15:20:51'),(4370,11,NULL,NULL,'DLJI-9LYT-JSVU-ZINS','SN-M659BIF2WKCQ','available',NULL,NULL,NULL,NULL,NULL,1,10,1,0,NULL,'2025-12-20 15:20:51','2025-12-20 15:20:51'),(4371,11,NULL,NULL,'MY24-PDFL-4PDA-I5SD','SN-ECPZRNZF8SIE','available',NULL,NULL,NULL,NULL,NULL,1,10,1,0,NULL,'2025-12-20 15:20:51','2025-12-20 15:20:51'),(4372,11,NULL,NULL,'R0L9-HGLJ-XOUO-AW3D','SN-94WGQN10UHJB','available',NULL,NULL,NULL,NULL,NULL,1,10,1,0,NULL,'2025-12-20 15:20:51','2025-12-20 15:20:51'),(4373,11,NULL,NULL,'YKMN-6IRX-ZQ1O-7OHQ','SN-XKI7QTTIUS3D','available',NULL,NULL,NULL,NULL,NULL,1,10,1,0,NULL,'2025-12-20 15:20:51','2025-12-20 15:20:51'),(4374,11,NULL,NULL,'YMSR-8PHP-ZCWU-UN8N','SN-CB1TLLZ5QAZR','available',NULL,NULL,NULL,NULL,NULL,1,10,1,0,NULL,'2025-12-20 15:20:51','2025-12-20 15:20:51'),(4375,11,NULL,NULL,'4HFZ-A6MC-VSWK-CKCL','SN-OTBL0I2IDGEK','available',NULL,NULL,NULL,NULL,NULL,1,10,1,0,NULL,'2025-12-20 15:20:51','2025-12-20 15:20:51'),(4376,11,NULL,NULL,'FQYW-DF1V-EMN7-EQ8G','SN-DFFWPO8C4TNJ','available',NULL,NULL,NULL,NULL,NULL,1,10,1,0,NULL,'2025-12-20 15:20:51','2025-12-20 15:20:51'),(4377,11,NULL,NULL,'JY9R-HDRI-AX0K-YGHB','SN-Y6CVMXSRRP1D','available',NULL,NULL,NULL,NULL,NULL,1,10,1,0,NULL,'2025-12-20 15:20:51','2025-12-20 15:20:51'),(4378,11,NULL,NULL,'BG1K-NKSG-VF9F-T5D9','SN-HNJWPMQACVTH','available',NULL,NULL,NULL,NULL,NULL,1,10,1,0,NULL,'2025-12-20 15:20:51','2025-12-20 15:20:51'),(4379,11,NULL,NULL,'TO7A-JYBP-TTTG-VOAH','SN-VSVVYD5PZL18','available',NULL,NULL,NULL,NULL,NULL,1,10,1,0,NULL,'2025-12-20 15:20:51','2025-12-20 15:20:51'),(4380,11,NULL,NULL,'TXQI-ZQNF-3LQH-EBKJ','SN-A06UEXIJSZOZ','available',NULL,NULL,NULL,NULL,NULL,1,10,1,0,NULL,'2025-12-20 15:20:51','2025-12-20 15:20:51'),(4381,11,NULL,NULL,'LRK0-F8X7-YATX-YYYM','SN-8TMPSZP9W0DF','available',NULL,NULL,NULL,NULL,NULL,1,10,1,0,NULL,'2025-12-20 15:20:51','2025-12-20 15:20:51'),(4382,11,NULL,NULL,'8ELX-5P2P-ZUI7-3LP1','SN-0AKFBW5I8GQG','available',NULL,NULL,NULL,NULL,NULL,1,10,1,0,NULL,'2025-12-20 15:20:51','2025-12-20 15:20:51'),(4383,11,NULL,NULL,'PEKC-NWVB-Z5DD-WF5A','SN-N8QNOJYCRHGI','available',NULL,NULL,NULL,NULL,NULL,1,10,1,0,NULL,'2025-12-20 15:20:51','2025-12-20 15:20:51'),(4384,11,NULL,NULL,'QRIW-CDAP-IXI4-BP1P','SN-PGO1OLORDRWW','available',NULL,NULL,NULL,NULL,NULL,1,10,1,0,NULL,'2025-12-20 15:20:51','2025-12-20 15:20:51'),(4385,11,NULL,NULL,'R4LX-14QV-XBIM-P1NR','SN-RNJRVC0EDXXK','available',NULL,NULL,NULL,NULL,NULL,1,10,1,0,NULL,'2025-12-20 15:20:51','2025-12-20 15:20:51'),(4386,11,NULL,NULL,'ZGSA-TDFL-YI8E-6YGX','SN-G2I4YFOQDFF8','available',NULL,NULL,NULL,NULL,NULL,1,10,1,0,NULL,'2025-12-20 15:20:51','2025-12-20 15:20:51'),(4387,11,NULL,NULL,'JEOD-YC8R-5PM7-YJWD','SN-JAONOQXKQQE4','available',NULL,NULL,NULL,NULL,NULL,1,10,1,0,NULL,'2025-12-20 15:20:51','2025-12-20 15:20:51'),(4388,11,NULL,NULL,'F0GP-7OYZ-4DKJ-JAHT','SN-P5JODPECIRKP','available',NULL,NULL,NULL,NULL,NULL,1,10,1,0,NULL,'2025-12-20 15:20:51','2025-12-20 15:20:51'),(4389,11,NULL,NULL,'Y5H1-JLXT-9BJV-MM2W','SN-IZ4RXL10YAGD','available',NULL,NULL,NULL,NULL,NULL,1,10,1,0,NULL,'2025-12-20 15:20:51','2025-12-20 15:20:51'),(4390,11,NULL,NULL,'MYU0-FGK3-10UI-1YOU','SN-OR1C3QENPQML','available',NULL,NULL,NULL,NULL,NULL,1,10,1,0,NULL,'2025-12-20 15:20:51','2025-12-20 15:20:51'),(4391,11,NULL,NULL,'4GAF-6FAH-APMU-SSGZ','SN-KMD0PE7LED3E','available',NULL,NULL,NULL,NULL,NULL,1,10,1,0,NULL,'2025-12-20 15:20:51','2025-12-20 15:20:51'),(4392,11,NULL,NULL,'4T7G-5KIQ-BWYA-AW98','SN-ALNVY0OHTBU4','available',NULL,NULL,NULL,NULL,NULL,1,10,1,0,NULL,'2025-12-20 15:20:51','2025-12-20 15:20:51'),(4393,11,NULL,NULL,'YBU9-KGBL-NRXB-UJEV','SN-JYIYQWHXU0SM','available',NULL,NULL,NULL,NULL,NULL,1,10,1,0,NULL,'2025-12-20 15:20:51','2025-12-20 15:20:51'),(4394,11,NULL,NULL,'UVZA-9SR8-JKDR-DYCH','SN-J2V0WF1TMRLA','available',NULL,NULL,NULL,NULL,NULL,1,10,1,0,NULL,'2025-12-20 15:20:51','2025-12-20 15:20:51'),(4395,11,NULL,NULL,'P7TL-OFNW-DR0E-M6FY','SN-6L08QZBOON6N','available',NULL,NULL,NULL,NULL,NULL,1,10,1,0,NULL,'2025-12-20 15:20:51','2025-12-20 15:20:51'),(4396,11,NULL,NULL,'OMYQ-XMVY-8RWM-O4IA','SN-CLMW2UW4CAEQ','available',NULL,NULL,NULL,NULL,NULL,1,10,1,0,NULL,'2025-12-20 15:20:51','2025-12-20 15:20:51'),(4397,11,NULL,NULL,'K50C-NXZ5-3TTK-ZP4M','SN-YMNRIYJV8HH8','available',NULL,NULL,NULL,NULL,NULL,1,10,1,0,NULL,'2025-12-20 15:20:51','2025-12-20 15:20:51'),(4398,11,NULL,NULL,'C3XF-NQUR-ICNL-GJCR','SN-GRYRKKAZQSUA','available',NULL,NULL,NULL,NULL,NULL,1,10,1,0,NULL,'2025-12-20 15:20:51','2025-12-20 15:20:51'),(4399,11,NULL,NULL,'T3MK-GM4T-OZMW-CI4R','SN-NFZM1DDCVGHG','available',NULL,NULL,NULL,NULL,NULL,1,10,1,0,NULL,'2025-12-20 15:20:51','2025-12-20 15:20:51'),(4400,11,NULL,NULL,'N8M0-DLTW-2WVG-YOD7','SN-D4LCTZHIBDPR','available',NULL,NULL,NULL,NULL,NULL,1,10,1,0,NULL,'2025-12-20 15:20:51','2025-12-20 15:20:51'),(4401,11,NULL,NULL,'0X4T-EICR-XP2S-PGVQ','SN-VH928MGNCSU5','available',NULL,NULL,NULL,NULL,NULL,1,10,1,0,NULL,'2025-12-20 15:20:51','2025-12-20 15:20:51'),(4402,11,NULL,NULL,'SXXV-RF0U-TYBS-WNBK','SN-HFBVDQLZAH65','available',NULL,NULL,NULL,NULL,NULL,1,10,1,0,NULL,'2025-12-20 15:20:51','2025-12-20 15:20:51'),(4403,11,NULL,NULL,'IDRG-2KIT-UXY7-W5HT','SN-6OKDQGPB8TX6','available',NULL,NULL,NULL,NULL,NULL,1,10,1,0,NULL,'2025-12-20 15:20:51','2025-12-20 15:20:51'),(4404,11,NULL,NULL,'TYQO-J2FH-ULRY-CB7V','SN-FUFXAWU7QF1F','available',NULL,NULL,NULL,NULL,NULL,1,10,1,0,NULL,'2025-12-20 15:20:51','2025-12-20 15:20:51'),(4405,11,NULL,NULL,'GGLN-41AE-GSZJ-6WED','SN-TXCX2SZWKP2W','available',NULL,NULL,NULL,NULL,NULL,1,10,1,0,NULL,'2025-12-20 15:20:51','2025-12-20 15:20:51'),(4406,11,NULL,NULL,'YQ49-432K-XZBJ-C9K8','SN-VCZ3PSR4PELE','available',NULL,NULL,NULL,NULL,NULL,1,10,1,0,NULL,'2025-12-20 15:20:51','2025-12-20 15:20:51'),(4407,11,NULL,NULL,'UATN-MUUF-ZXA2-PDGO','SN-LHWUJXFWYPXG','available',NULL,NULL,NULL,NULL,NULL,1,10,1,0,NULL,'2025-12-20 15:20:51','2025-12-20 15:20:51'),(4408,11,NULL,NULL,'XAIQ-WIQH-IIW8-IFSK','SN-OQI74GZWEGCM','available',NULL,NULL,NULL,NULL,NULL,1,10,1,0,NULL,'2025-12-20 15:20:51','2025-12-20 15:20:51'),(4409,11,NULL,NULL,'JHEH-A9JQ-7PRK-GSZV','SN-HR0GAF8UYN26','available',NULL,NULL,NULL,NULL,NULL,1,10,1,0,NULL,'2025-12-20 15:20:51','2025-12-20 15:20:51'),(4410,11,NULL,NULL,'VDRA-XBGQ-7BBH-PQEJ','SN-TQG1JEWFCIRX','available',NULL,NULL,NULL,NULL,NULL,1,10,1,0,NULL,'2025-12-20 15:20:51','2025-12-20 15:20:51'),(4411,11,NULL,NULL,'E1ZL-KBXM-WODH-UHDO','SN-KOUVNRGYJS1T','available',NULL,NULL,NULL,NULL,NULL,1,10,1,0,NULL,'2025-12-20 15:20:51','2025-12-20 15:20:51'),(4412,11,NULL,NULL,'3CGK-GKZF-A7VO-CHIW','SN-MSI9WXIMW5ZI','available',NULL,NULL,NULL,NULL,NULL,1,10,1,0,NULL,'2025-12-20 15:20:51','2025-12-20 15:20:51'),(4413,11,NULL,NULL,'ACGA-6TFD-5ABB-CU94','SN-WY1LAR7MSFCA','available',NULL,NULL,NULL,NULL,NULL,1,10,1,0,NULL,'2025-12-20 15:20:51','2025-12-20 15:20:51'),(4414,11,NULL,NULL,'UZTU-FW9P-R96N-O0PN','SN-GFMM3STGG4UF','available',NULL,NULL,NULL,NULL,NULL,1,10,1,0,NULL,'2025-12-20 15:20:51','2025-12-20 15:20:51'),(4415,11,NULL,NULL,'T0IY-B4ZH-RRQI-BWE7','SN-Y7T64VNTSPC1','available',NULL,NULL,NULL,NULL,NULL,1,10,1,0,NULL,'2025-12-20 15:20:51','2025-12-20 15:20:51'),(4416,11,NULL,NULL,'MTTP-KDQQ-2BYV-XNYV','SN-YV2ME6WSXDXU','available',NULL,NULL,NULL,NULL,NULL,1,10,1,0,NULL,'2025-12-20 15:20:51','2025-12-20 15:20:51'),(4417,11,NULL,NULL,'P913-KP8Z-RHJI-NIST','SN-CB9GFXLUSQE1','available',NULL,NULL,NULL,NULL,NULL,1,10,1,0,NULL,'2025-12-20 15:20:51','2025-12-20 15:20:51'),(4418,11,NULL,NULL,'07C2-T5AI-MJST-ORMC','SN-QFFGMGJ5KWMV','available',NULL,NULL,NULL,NULL,NULL,1,10,1,0,NULL,'2025-12-20 15:20:51','2025-12-20 15:20:51'),(4419,11,NULL,NULL,'VYBH-AOVM-WE6M-XXPR','SN-THBQZRYUHY76','available',NULL,NULL,NULL,NULL,NULL,1,10,1,0,NULL,'2025-12-20 15:20:51','2025-12-20 15:20:51'),(4420,11,NULL,NULL,'ATLJ-JDO5-UH1O-5S5Q','SN-YLGNQIUT9AJL','available',NULL,NULL,NULL,NULL,NULL,1,10,1,0,NULL,'2025-12-20 15:20:51','2025-12-20 15:20:51'),(4421,11,NULL,NULL,'UAKP-BZJB-XISZ-SF7L','SN-DAY4SG7US9LA','available',NULL,NULL,NULL,NULL,NULL,1,10,1,0,NULL,'2025-12-20 15:20:51','2025-12-20 15:20:51'),(4422,11,NULL,NULL,'7IHQ-4DR1-T9DE-5RMN','SN-HD849UNG9L5X','available',NULL,NULL,NULL,NULL,NULL,1,10,1,0,NULL,'2025-12-20 15:20:51','2025-12-20 15:20:51'),(4423,11,NULL,NULL,'NU0U-MSVB-C0GC-QFIV','SN-DHDWH93QUUYL','available',NULL,NULL,NULL,NULL,NULL,1,10,1,0,NULL,'2025-12-20 15:20:51','2025-12-20 15:20:51'),(4424,11,NULL,NULL,'V1DZ-X5DD-NDTS-GQ2V','SN-QWC59XBJTCTW','available',NULL,NULL,NULL,NULL,NULL,1,10,1,0,NULL,'2025-12-20 15:20:51','2025-12-20 15:20:51'),(4425,11,NULL,NULL,'TTOU-VRBI-UZYN-GJK5','SN-2JURRD5IR8KN','available',NULL,NULL,NULL,NULL,NULL,1,10,1,0,NULL,'2025-12-20 15:20:51','2025-12-20 15:20:51'),(4426,11,NULL,NULL,'GHOU-EKWW-BOCA-YV75','SN-TRE9BFHOPUWL','available',NULL,NULL,NULL,NULL,NULL,1,10,1,0,NULL,'2025-12-20 15:20:51','2025-12-20 15:20:51'),(4427,11,NULL,NULL,'E8RV-P4YJ-HZQ5-TR4E','SN-UC6OOJCHVWC9','available',NULL,NULL,NULL,NULL,NULL,1,10,1,0,NULL,'2025-12-20 15:20:51','2025-12-20 15:20:51'),(4428,11,NULL,NULL,'WDOT-PTOA-YBIE-WDMP','SN-JKJAUZZZUEGV','available',NULL,NULL,NULL,NULL,NULL,1,10,1,0,NULL,'2025-12-20 15:20:51','2025-12-20 15:20:51'),(4429,11,NULL,NULL,'RK9A-BGNH-OGDB-SB06','SN-KDEDUSCJQNUE','available',NULL,NULL,NULL,NULL,NULL,1,10,1,0,NULL,'2025-12-20 15:20:51','2025-12-20 15:20:51'),(4430,11,NULL,NULL,'MAOB-UV3H-8ASY-VVRB','SN-QVCI4TNJDDFU','available',NULL,NULL,NULL,NULL,NULL,1,10,1,0,NULL,'2025-12-20 15:20:51','2025-12-20 15:20:51'),(4431,11,NULL,NULL,'6E3T-HQVZ-DGGY-LYZ7','SN-1RSQYA3H0OWS','available',NULL,NULL,NULL,NULL,NULL,1,10,1,0,NULL,'2025-12-20 15:20:51','2025-12-20 15:20:51'),(4432,11,NULL,NULL,'RMRL-JQUC-DPOP-LFBJ','SN-ILLCKJANWQGO','available',NULL,NULL,NULL,NULL,NULL,1,10,1,0,NULL,'2025-12-20 15:20:51','2025-12-20 15:20:51'),(4433,11,NULL,NULL,'81AG-6691-3FXL-VDIK','SN-ZN1WE6ULYLZP','available',NULL,NULL,NULL,NULL,NULL,1,10,1,0,NULL,'2025-12-20 15:20:51','2025-12-20 15:20:51'),(4434,11,NULL,NULL,'POOO-OMO4-R8UN-PEA4','SN-KZQIXG26GMZO','available',NULL,NULL,NULL,NULL,NULL,1,10,1,0,NULL,'2025-12-20 15:20:51','2025-12-20 15:20:51'),(4435,11,NULL,NULL,'B8R2-K8GL-E4FX-HJXL','SN-V11RE49CURDB','available',NULL,NULL,NULL,NULL,NULL,1,10,1,0,NULL,'2025-12-20 15:20:51','2025-12-20 15:20:51'),(4436,11,NULL,NULL,'TUS2-MIBZ-IEKW-O7TJ','SN-UQP21JGK4SJ6','available',NULL,NULL,NULL,NULL,NULL,1,10,1,0,NULL,'2025-12-20 15:20:51','2025-12-20 15:20:51'),(4437,11,NULL,NULL,'X6WF-PELK-9JPU-EPXN','SN-RMNT5RXVHGB2','available',NULL,NULL,NULL,NULL,NULL,1,10,1,0,NULL,'2025-12-20 15:20:51','2025-12-20 15:20:51'),(4438,11,NULL,NULL,'PYY2-K3CW-WXC4-TQLB','SN-OLWU8FT5CRMN','available',NULL,NULL,NULL,NULL,NULL,1,10,1,0,NULL,'2025-12-20 15:20:51','2025-12-20 15:20:51'),(4439,11,NULL,NULL,'4XTC-UJYZ-V2FN-ZOVW','SN-5HCHCTNP8I0G','available',NULL,NULL,NULL,NULL,NULL,1,10,1,0,NULL,'2025-12-20 15:20:51','2025-12-20 15:20:51'),(4440,11,NULL,NULL,'7NIO-JSVF-HQJM-BMYI','SN-5V4WC6XDPVZB','available',NULL,NULL,NULL,NULL,NULL,1,10,1,0,NULL,'2025-12-20 15:20:51','2025-12-20 15:20:51'),(4441,11,NULL,NULL,'BJGG-HUBZ-77RX-ZDGH','SN-GKBQ7HS6AHW9','available',NULL,NULL,NULL,NULL,NULL,1,10,1,0,NULL,'2025-12-20 15:20:51','2025-12-20 15:20:51'),(4442,11,NULL,NULL,'F6JZ-PUQV-KZOD-NHSU','SN-PRTDOHHSC1TA','available',NULL,NULL,NULL,NULL,NULL,1,10,1,0,NULL,'2025-12-20 15:20:51','2025-12-20 15:20:51'),(4443,11,NULL,NULL,'5OZA-Y9NM-VICR-S1BN','SN-DNLJQUJMDEYB','available',NULL,NULL,NULL,NULL,NULL,1,10,1,0,NULL,'2025-12-20 15:20:51','2025-12-20 15:20:51'),(4444,11,NULL,NULL,'ZQ4V-7LDI-CFAD-ZDZG','SN-0GHYLAUAF85W','available',NULL,NULL,NULL,NULL,NULL,1,10,1,0,NULL,'2025-12-20 15:20:51','2025-12-20 15:20:51'),(4445,11,NULL,NULL,'ULDS-OPY2-EWRO-EO1R','SN-N6GB5NBR2AYW','available',NULL,NULL,NULL,NULL,NULL,1,10,1,0,NULL,'2025-12-20 15:20:51','2025-12-20 15:20:51'),(4446,11,NULL,NULL,'YN3I-FWRT-R9JZ-6MRC','SN-MLOC17XNLHMX','available',NULL,NULL,NULL,NULL,NULL,1,10,1,0,NULL,'2025-12-20 15:20:51','2025-12-20 15:20:51'),(4447,11,NULL,NULL,'3NMD-FU3J-EV7U-FCGO','SN-ZNWBX7ID2FPF','available',NULL,NULL,NULL,NULL,NULL,1,10,1,0,NULL,'2025-12-20 15:20:51','2025-12-20 15:20:51'),(4448,11,NULL,NULL,'WTK4-FEUF-OOFE-XL7G','SN-HYWSGF4Q8MIW','available',NULL,NULL,NULL,NULL,NULL,1,10,1,0,NULL,'2025-12-20 15:20:51','2025-12-20 15:20:51'),(4449,11,NULL,NULL,'SK66-ON8N-LQ9W-0RKY','SN-HZ4C07GEHP7D','available',NULL,NULL,NULL,NULL,NULL,1,10,1,0,NULL,'2025-12-20 15:20:51','2025-12-20 15:20:51'),(4450,11,NULL,NULL,'EBMX-B5RD-K8Q3-HUSE','SN-KK1WECP5WO9U','available',NULL,NULL,NULL,NULL,NULL,1,10,1,0,NULL,'2025-12-20 15:20:51','2025-12-20 15:20:51'),(4451,11,NULL,NULL,'PFYP-VLFV-KPQK-AAQL','SN-EY2XAJUARNO9','available',NULL,NULL,NULL,NULL,NULL,1,10,1,0,NULL,'2025-12-20 15:20:51','2025-12-20 15:20:51'),(4452,11,NULL,NULL,'JLW2-DWVX-VESE-S8RU','SN-KBKSMF7N9BOY','available',NULL,NULL,NULL,NULL,NULL,1,10,1,0,NULL,'2025-12-20 15:20:51','2025-12-20 15:20:51'),(4453,11,NULL,NULL,'SEUF-PLGT-FKWT-BTTE','SN-VFGXLBHHDEWM','available',NULL,NULL,NULL,NULL,NULL,1,10,1,0,NULL,'2025-12-20 15:20:51','2025-12-20 15:20:51'),(4454,11,NULL,NULL,'UFQY-QPNE-7WWS-F1QT','SN-GRUTO2ZVFQPN','available',NULL,NULL,NULL,NULL,NULL,1,10,1,0,NULL,'2025-12-20 15:20:51','2025-12-20 15:20:51'),(4455,11,NULL,NULL,'E2QX-DVLY-GL0E-QHDD','SN-YTCYAIUC43N8','available',NULL,NULL,NULL,NULL,NULL,1,10,1,0,NULL,'2025-12-20 15:20:51','2025-12-20 15:20:51'),(4456,11,NULL,NULL,'KOZG-NOTX-JWUE-PGHW','SN-NQFHTOPSGNSI','available',NULL,NULL,NULL,NULL,NULL,1,10,1,0,NULL,'2025-12-20 15:20:51','2025-12-20 15:20:51'),(4457,11,NULL,NULL,'KPQP-XWQU-7759-DLYR','SN-MP1EZTFYK1BI','available',NULL,NULL,NULL,NULL,NULL,1,10,1,0,NULL,'2025-12-20 15:20:51','2025-12-20 15:20:51'),(4458,11,NULL,NULL,'1J8Q-YNFS-UGRE-VPE5','SN-SQYJ3PIEPW41','available',NULL,NULL,NULL,NULL,NULL,1,10,1,0,NULL,'2025-12-20 15:20:51','2025-12-20 15:20:51'),(4459,11,NULL,NULL,'YRJM-7YVH-ROZK-YXUX','SN-WDNHPSZWTJG2','available',NULL,NULL,NULL,NULL,NULL,1,10,1,0,NULL,'2025-12-20 15:20:51','2025-12-20 15:20:51'),(4460,11,NULL,NULL,'X6KI-16MX-E1GJ-DDE0','SN-C3LIZIZY2SUQ','available',NULL,NULL,NULL,NULL,NULL,1,10,1,0,NULL,'2025-12-20 15:20:51','2025-12-20 15:20:51'),(4461,11,NULL,NULL,'NFTX-T34F-MYFU-QG7O','SN-YVTRX2WR3PYE','available',NULL,NULL,NULL,NULL,NULL,1,10,1,0,NULL,'2025-12-20 15:20:51','2025-12-20 15:20:51'),(4462,11,NULL,NULL,'NMFE-DQHN-41YE-6G8G','SN-EJVYVGE7MEET','available',NULL,NULL,NULL,NULL,NULL,1,10,1,0,NULL,'2025-12-20 15:20:51','2025-12-20 15:20:51'),(4463,11,NULL,NULL,'HODF-VJVS-7NAJ-CKOM','SN-DFQVKNWEFKJM','available',NULL,NULL,NULL,NULL,NULL,1,10,1,0,NULL,'2025-12-20 15:20:51','2025-12-20 15:20:51'),(4464,11,NULL,NULL,'4VAL-2EL6-QTL2-SLRY','SN-YHJ62EGLPO92','available',NULL,NULL,NULL,NULL,NULL,1,10,1,0,NULL,'2025-12-20 15:20:51','2025-12-20 15:20:51'),(4465,11,NULL,NULL,'MJDZ-C4A9-SQO3-XEWV','SN-W3RLVJKKR6FM','available',NULL,NULL,NULL,NULL,NULL,1,10,1,0,NULL,'2025-12-20 15:20:51','2025-12-20 15:20:51'),(4466,11,NULL,NULL,'JDLP-NPT2-OEHO-B2ZL','SN-TCU6QMQDVPS8','available',NULL,NULL,NULL,NULL,NULL,1,10,1,0,NULL,'2025-12-20 15:20:51','2025-12-20 15:20:51'),(4467,11,NULL,NULL,'O6JH-FGTW-RXXU-L1EH','SN-XCBPDWNSEDWK','available',NULL,NULL,NULL,NULL,NULL,1,10,1,0,NULL,'2025-12-20 15:20:51','2025-12-20 15:20:51'),(4468,11,NULL,NULL,'8CYL-HGIU-2KA7-QAI8','SN-ZHVGERVQUU9X','available',NULL,NULL,NULL,NULL,NULL,1,10,1,0,NULL,'2025-12-20 15:20:51','2025-12-20 15:20:51'),(4469,11,NULL,NULL,'KEYC-AJCM-LTG6-ENAI','SN-CP7A1IZHGC5X','available',NULL,NULL,NULL,NULL,NULL,1,10,1,0,NULL,'2025-12-20 15:20:51','2025-12-20 15:20:51'),(4470,11,NULL,NULL,'FPP4-IP6E-6CKO-U3HF','SN-SQUHUWAZNPBG','available',NULL,NULL,NULL,NULL,NULL,1,10,1,0,NULL,'2025-12-20 15:20:51','2025-12-20 15:20:51'),(4471,11,NULL,NULL,'6E2J-OQLL-DZKC-EFAV','SN-DJ3CEL03BGN4','available',NULL,NULL,NULL,NULL,NULL,1,10,1,0,NULL,'2025-12-20 15:20:51','2025-12-20 15:20:51'),(4472,11,NULL,NULL,'EQJ3-TAPI-ZJOI-SCGU','SN-PQZLNOIOX1ZW','available',NULL,NULL,NULL,NULL,NULL,1,10,1,0,NULL,'2025-12-20 15:20:51','2025-12-20 15:20:51'),(4473,11,NULL,NULL,'OEDS-U1MO-BGCK-SDVZ','SN-VE1JNSD7JNG1','available',NULL,NULL,NULL,NULL,NULL,1,10,1,0,NULL,'2025-12-20 15:20:51','2025-12-20 15:20:51'),(4474,11,NULL,NULL,'EJOP-UHPU-6XHS-LEZI','SN-OVHH9VERV3J4','available',NULL,NULL,NULL,NULL,NULL,1,10,1,0,NULL,'2025-12-20 15:20:51','2025-12-20 15:20:51'),(4475,11,NULL,NULL,'AF9A-IDJH-ZYK5-9B78','SN-HYPVF3XAP7BV','available',NULL,NULL,NULL,NULL,NULL,1,10,1,0,NULL,'2025-12-20 15:20:51','2025-12-20 15:20:51'),(4476,11,NULL,NULL,'PVMG-4OKI-JJMP-PP4Z','SN-BBHBTDO5F5FN','available',NULL,NULL,NULL,NULL,NULL,1,10,1,0,NULL,'2025-12-20 15:20:51','2025-12-20 15:20:51'),(4477,11,NULL,NULL,'DYUS-UY3W-SMRO-XCB6','SN-TLOJPVKVQLWF','available',NULL,NULL,NULL,NULL,NULL,1,10,1,0,NULL,'2025-12-20 15:20:51','2025-12-20 15:20:51'),(4478,11,NULL,NULL,'7XEZ-L9V6-2HES-OLVE','SN-YNSBXCUWXVEE','available',NULL,NULL,NULL,NULL,NULL,1,10,1,0,NULL,'2025-12-20 15:20:51','2025-12-20 15:20:51'),(4479,11,NULL,NULL,'8SQI-FTU3-N7X2-OIQA','SN-ZTZFUNDS6DMW','available',NULL,NULL,NULL,NULL,NULL,1,10,1,0,NULL,'2025-12-20 15:20:51','2025-12-20 15:20:51'),(4480,11,NULL,NULL,'L4MX-AMCR-Y59C-SPFM','SN-SFIVJAHNCZDJ','available',NULL,NULL,NULL,NULL,NULL,1,10,1,0,NULL,'2025-12-20 15:20:51','2025-12-20 15:20:51'),(4481,11,NULL,NULL,'JG0X-IIZI-LABV-FQRV','SN-YQCIFGXKLWRT','available',NULL,NULL,NULL,NULL,NULL,1,10,1,0,NULL,'2025-12-20 15:20:51','2025-12-20 15:20:51'),(4482,11,NULL,NULL,'K3VQ-YJSV-SVHM-RBGD','SN-JGB2ZO54WOTP','available',NULL,NULL,NULL,NULL,NULL,1,10,1,0,NULL,'2025-12-20 15:20:51','2025-12-20 15:20:51'),(4483,11,NULL,NULL,'VISX-PFQ3-XKPI-L0JV','SN-RF2DJTZE6PMC','available',NULL,NULL,NULL,NULL,NULL,1,10,1,0,NULL,'2025-12-20 15:20:51','2025-12-20 15:20:51'),(4484,11,NULL,NULL,'UL22-ISPH-SDIL-CQHQ','SN-Q1IXENOI1V7S','available',NULL,NULL,NULL,NULL,NULL,1,10,1,0,NULL,'2025-12-20 15:20:51','2025-12-20 15:20:51'),(4485,11,NULL,NULL,'OLCX-9JHA-F6G5-QDA2','SN-W9NH9GSALOKD','available',NULL,NULL,NULL,NULL,NULL,1,10,1,0,NULL,'2025-12-20 15:20:51','2025-12-20 15:20:51'),(4486,11,NULL,NULL,'YCSS-CX0Z-PYBE-DCBR','SN-ODAZR9YJYXFU','available',NULL,NULL,NULL,NULL,NULL,1,10,1,0,NULL,'2025-12-20 15:20:51','2025-12-20 15:20:51'),(4487,11,NULL,NULL,'MDGF-Z5NS-A3XI-A1DR','SN-UWQXVOVMNM1A','available',NULL,NULL,NULL,NULL,NULL,1,10,1,0,NULL,'2025-12-20 15:20:51','2025-12-20 15:20:51'),(4488,11,NULL,NULL,'P7I0-XEPV-HACM-NFFP','SN-I6NCTYYEWESF','available',NULL,NULL,NULL,NULL,NULL,1,10,1,0,NULL,'2025-12-20 15:20:51','2025-12-20 15:20:51'),(4489,11,NULL,NULL,'SPWZ-CCOP-NO09-5XK0','SN-NX6QS67AFKBR','available',NULL,NULL,NULL,NULL,NULL,1,10,1,0,NULL,'2025-12-20 15:20:51','2025-12-20 15:20:51'),(4490,11,NULL,NULL,'KQV7-VWIC-GVXZ-UH0W','SN-E91LBJ32VXXK','available',NULL,NULL,NULL,NULL,NULL,1,10,1,0,NULL,'2025-12-20 15:20:51','2025-12-20 15:20:51'),(4491,11,NULL,NULL,'9KEQ-EORG-T9TR-ARVS','SN-APJJ5DUGXHRB','available',NULL,NULL,NULL,NULL,NULL,1,10,1,0,NULL,'2025-12-20 15:20:51','2025-12-20 15:20:51'),(4492,11,NULL,NULL,'LXJS-VGH0-TOEN-WL7T','SN-PADQMILUPR8A','available',NULL,NULL,NULL,NULL,NULL,1,10,1,0,NULL,'2025-12-20 15:20:51','2025-12-20 15:20:51'),(4493,11,NULL,NULL,'TQ4T-CZFG-MGGN-SO0W','SN-VCVIJWFUM8EG','available',NULL,NULL,NULL,NULL,NULL,1,10,1,0,NULL,'2025-12-20 15:20:51','2025-12-20 15:20:51'),(4494,11,NULL,NULL,'WNGY-H2RQ-RFJH-GE1F','SN-U9YAAQSXQVFN','available',NULL,NULL,NULL,NULL,NULL,1,10,1,0,NULL,'2025-12-20 15:20:51','2025-12-20 15:20:51'),(4495,11,NULL,NULL,'IJJI-FV3M-YP5A-R2GO','SN-BTPV4GCSOXJO','available',NULL,NULL,NULL,NULL,NULL,1,10,1,0,NULL,'2025-12-20 15:20:51','2025-12-20 15:20:51'),(4496,11,NULL,NULL,'ODTH-ZJSB-1IEY-IVVP','SN-GJIE6T6CM2IQ','available',NULL,NULL,NULL,NULL,NULL,1,10,1,0,NULL,'2025-12-20 15:20:51','2025-12-20 15:20:51'),(4497,11,NULL,NULL,'XSQ0-JVRE-VAVT-OCKO','SN-ECP35WCZ6WZ5','available',NULL,NULL,NULL,NULL,NULL,1,10,1,0,NULL,'2025-12-20 15:20:51','2025-12-20 15:20:51'),(4498,11,NULL,NULL,'DEBQ-8DMD-J8XV-JGSA','SN-DQN9UCQJDYBF','available',NULL,NULL,NULL,NULL,NULL,1,10,1,0,NULL,'2025-12-20 15:20:51','2025-12-20 15:20:51'),(4499,11,NULL,NULL,'QAUZ-0H1I-1NSJ-0UT5','SN-ZOKQGCXKHKDW','available',NULL,NULL,NULL,NULL,NULL,1,10,1,0,NULL,'2025-12-20 15:20:51','2025-12-20 15:20:51'),(4500,11,NULL,NULL,'BQCN-PZB6-WYC1-0R7K','SN-BDQW9ADTJTEE','available',NULL,NULL,NULL,NULL,NULL,1,10,1,0,NULL,'2025-12-20 15:20:51','2025-12-20 15:20:51'),(4501,11,NULL,NULL,'YLJV-OE3P-PAPJ-ASII','SN-OOXNHNJ3UOY8','available',NULL,NULL,NULL,NULL,NULL,1,10,1,0,NULL,'2025-12-20 15:20:51','2025-12-20 15:20:51'),(4502,11,NULL,NULL,'FT0S-D9IX-AJGU-43KX','SN-2VF5HJRHVF2F','available',NULL,NULL,NULL,NULL,NULL,1,10,1,0,NULL,'2025-12-20 15:20:51','2025-12-20 15:20:51'),(4503,11,NULL,NULL,'RPQO-3IFV-CX9B-XQSI','SN-6OCQ4FLSXVRU','available',NULL,NULL,NULL,NULL,NULL,1,10,1,0,NULL,'2025-12-20 15:20:51','2025-12-20 15:20:51'),(4504,11,NULL,NULL,'2VBN-DMFG-SGVE-GX98','SN-12NSDBS6AWSN','available',NULL,NULL,NULL,NULL,NULL,1,10,1,0,NULL,'2025-12-20 15:20:51','2025-12-20 15:20:51'),(4505,11,NULL,NULL,'VIXR-770T-HUKX-JIRV','SN-GIVDC3G9EIHM','available',NULL,NULL,NULL,NULL,NULL,1,10,1,0,NULL,'2025-12-20 15:20:51','2025-12-20 15:20:51'),(4506,11,NULL,NULL,'WWLL-SCDU-KX6G-7UXU','SN-KB4FE5WIZPSE','available',NULL,NULL,NULL,NULL,NULL,1,10,1,0,NULL,'2025-12-20 15:20:51','2025-12-20 15:20:51'),(4507,11,NULL,NULL,'ZKW9-ETJV-O5OM-CNIT','SN-GNL6FCZ5AKJ4','available',NULL,NULL,NULL,NULL,NULL,1,10,1,0,NULL,'2025-12-20 15:20:51','2025-12-20 15:20:51'),(4508,11,NULL,NULL,'ALOR-A7WU-YMZK-Y8X6','SN-JLNA3E86C8M9','available',NULL,NULL,NULL,NULL,NULL,1,10,1,0,NULL,'2025-12-20 15:20:51','2025-12-20 15:20:51'),(4509,11,NULL,NULL,'LE7R-F14A-KWQQ-O9UV','SN-S19WAAHJM6J1','available',NULL,NULL,NULL,NULL,NULL,1,10,1,0,NULL,'2025-12-20 15:20:51','2025-12-20 15:20:51'),(4510,11,NULL,NULL,'PNHR-VB4S-C4HJ-QFJA','SN-UUT44VP4UXUL','available',NULL,NULL,NULL,NULL,NULL,1,10,1,0,NULL,'2025-12-20 15:20:51','2025-12-20 15:20:51'),(4511,11,NULL,NULL,'2PKB-8RLQ-P6GF-JAQO','SN-HFXWOW9LYHMU','available',NULL,NULL,NULL,NULL,NULL,1,10,1,0,NULL,'2025-12-20 15:20:51','2025-12-20 15:20:51'),(4512,11,NULL,NULL,'NX1X-9IQA-LKUB-JLJZ','SN-FK24GOEHBOZ3','available',NULL,NULL,NULL,NULL,NULL,1,10,1,0,NULL,'2025-12-20 15:20:51','2025-12-20 15:20:51'),(4513,11,NULL,NULL,'OFTU-XNKF-SNPO-XNHQ','SN-FAGITVIZLTRV','available',NULL,NULL,NULL,NULL,NULL,1,10,1,0,NULL,'2025-12-20 15:20:51','2025-12-20 15:20:51'),(4514,11,NULL,NULL,'NAYQ-SZEN-3RDJ-FORL','SN-BSMSARZNO9F5','available',NULL,NULL,NULL,NULL,NULL,1,10,1,0,NULL,'2025-12-20 15:20:51','2025-12-20 15:20:51'),(4515,11,NULL,NULL,'SDZQ-4NHE-E8KV-GIAL','SN-3ZBNNDUERHOC','available',NULL,NULL,NULL,NULL,NULL,1,10,1,0,NULL,'2025-12-20 15:20:51','2025-12-20 15:20:51'),(4516,11,NULL,NULL,'M2KD-OHWF-BH1K-3PKJ','SN-4KW6R7XCEUQ1','available',NULL,NULL,NULL,NULL,NULL,1,10,1,0,NULL,'2025-12-20 15:20:51','2025-12-20 15:20:51'),(4517,11,NULL,NULL,'7IJS-NMRD-7L8R-BEF3','SN-FVKDS3ZD0ITU','available',NULL,NULL,NULL,NULL,NULL,1,10,1,0,NULL,'2025-12-20 15:20:51','2025-12-20 15:20:51'),(4518,11,NULL,NULL,'LTQH-DFX8-FJVX-VLEU','SN-QLRE4ELQWKUK','available',NULL,NULL,NULL,NULL,NULL,1,10,1,0,NULL,'2025-12-20 15:20:51','2025-12-20 15:20:51'),(4519,11,NULL,NULL,'TLPU-VJ6X-Y97V-SISP','SN-QW2SZSDQZ9KB','available',NULL,NULL,NULL,NULL,NULL,1,10,1,0,NULL,'2025-12-20 15:20:51','2025-12-20 15:20:51'),(4520,11,NULL,NULL,'SW0O-WSCJ-EJY8-R3RR','SN-9IN63LQORSVC','available',NULL,NULL,NULL,NULL,NULL,1,10,1,0,NULL,'2025-12-20 15:20:51','2025-12-20 15:20:51'),(4521,11,NULL,NULL,'HCQ0-PE7C-PS1D-117Q','SN-4JDLGIXUNZ8L','available',NULL,NULL,NULL,NULL,NULL,1,10,1,0,NULL,'2025-12-20 15:20:51','2025-12-20 15:20:51'),(4522,11,NULL,NULL,'FT9F-DKPY-3GR5-MQ26','SN-FXGCEUAWFKYG','available',NULL,NULL,NULL,NULL,NULL,1,10,1,0,NULL,'2025-12-20 15:20:51','2025-12-20 15:20:51'),(4523,11,NULL,NULL,'EMYD-AM0F-N4YK-QZDF','SN-KRRTH8QNWTRM','available',NULL,NULL,NULL,NULL,NULL,1,10,1,0,NULL,'2025-12-20 15:20:51','2025-12-20 15:20:51'),(4524,11,NULL,NULL,'CXLV-A6TL-W1OD-NHNW','SN-KI7BWM01SNJ5','available',NULL,NULL,NULL,NULL,NULL,1,10,1,0,NULL,'2025-12-20 15:20:51','2025-12-20 15:20:51'),(4525,11,NULL,NULL,'YYQG-XSHH-XQAB-ND2G','SN-KOSC5LMWFPU1','available',NULL,NULL,NULL,NULL,NULL,1,10,1,0,NULL,'2025-12-20 15:20:51','2025-12-20 15:20:51'),(4526,11,NULL,NULL,'E04S-JUUO-CYMO-FOAQ','SN-CTXKUJAOCVNJ','available',NULL,NULL,NULL,NULL,NULL,1,10,1,0,NULL,'2025-12-20 15:20:51','2025-12-20 15:20:51'),(4527,11,NULL,NULL,'FZRQ-FVLW-URMU-DYT1','SN-IKOQPQG5P2KS','available',NULL,NULL,NULL,NULL,NULL,1,10,1,0,NULL,'2025-12-20 15:20:51','2025-12-20 15:20:51'),(4528,11,NULL,NULL,'SPMI-V3MP-XGZW-WHNX','SN-QF92I8MMQGLS','available',NULL,NULL,NULL,NULL,NULL,1,10,1,0,NULL,'2025-12-20 15:20:51','2025-12-20 15:20:51'),(4529,11,NULL,NULL,'EYNF-QMMD-Y2TA-ENV6','SN-BQ4PZ2D8ER9F','available',NULL,NULL,NULL,NULL,NULL,1,10,1,0,NULL,'2025-12-20 15:20:51','2025-12-20 15:20:51'),(4530,11,NULL,NULL,'58VA-TWFQ-FGGJ-YONE','SN-MD0G0MWTAH59','available',NULL,NULL,NULL,NULL,NULL,1,10,1,0,NULL,'2025-12-20 15:20:51','2025-12-20 15:20:51'),(4531,11,NULL,NULL,'PGXK-MEUN-OSP2-ZKWW','SN-M4ZW0ZMV80Y2','available',NULL,NULL,NULL,NULL,NULL,1,10,1,0,NULL,'2025-12-20 15:20:51','2025-12-20 15:20:51'),(4532,11,NULL,NULL,'YX6K-3MZC-K6X1-JPCP','SN-AKWY764MC5HR','available',NULL,NULL,NULL,NULL,NULL,1,10,1,0,NULL,'2025-12-20 15:20:51','2025-12-20 15:20:51'),(4533,11,NULL,NULL,'PIOE-LMAH-K5JS-7MN4','SN-B0VBAOBFU2IO','available',NULL,NULL,NULL,NULL,NULL,1,10,1,0,NULL,'2025-12-20 15:20:51','2025-12-20 15:20:51'),(4534,11,NULL,NULL,'3JYL-QIM0-IEEY-HSNC','SN-OT809NI1IMS9','available',NULL,NULL,NULL,NULL,NULL,1,10,1,0,NULL,'2025-12-20 15:20:51','2025-12-20 15:20:51'),(4535,11,NULL,NULL,'HNV6-HUF2-5K2V-HVR4','SN-QBC076MLI5PQ','available',NULL,NULL,NULL,NULL,NULL,1,10,1,0,NULL,'2025-12-20 15:20:51','2025-12-20 15:20:51'),(4536,11,NULL,NULL,'9AAO-KTTB-QWU9-PR0A','SN-59PKYPKHDTPB','available',NULL,NULL,NULL,NULL,NULL,1,10,1,0,NULL,'2025-12-20 15:20:51','2025-12-20 15:20:51'),(4537,11,NULL,NULL,'BCQA-TTZQ-KQVI-6OGO','SN-7HPNDDBFJJ78','available',NULL,NULL,NULL,NULL,NULL,1,10,1,0,NULL,'2025-12-20 15:20:51','2025-12-20 15:20:51'),(4538,11,NULL,NULL,'5HY2-T4UK-4NCQ-YLFC','SN-JWZD5P8KUGNL','available',NULL,NULL,NULL,NULL,NULL,1,10,1,0,NULL,'2025-12-20 15:20:51','2025-12-20 15:20:51'),(4539,11,NULL,NULL,'EHIH-CQGD-PISP-TZEP','SN-NOX4LVYLQBMG','available',NULL,NULL,NULL,NULL,NULL,1,10,1,0,NULL,'2025-12-20 15:20:51','2025-12-20 15:20:51'),(4540,11,NULL,NULL,'LEFL-8DJU-FMKJ-UGCU','SN-S4MMZGAFDQA6','available',NULL,NULL,NULL,NULL,NULL,1,10,1,0,NULL,'2025-12-20 15:20:51','2025-12-20 15:20:51'),(4541,11,NULL,NULL,'OWZ9-NEJV-A1ZE-LMUQ','SN-99EFAMHWTGWH','available',NULL,NULL,NULL,NULL,NULL,1,10,1,0,NULL,'2025-12-20 15:20:51','2025-12-20 15:20:51'),(4542,11,NULL,NULL,'VES7-55W4-QUBI-ZM6F','SN-XBR4MW4KTQYO','available',NULL,NULL,NULL,NULL,NULL,1,10,1,0,NULL,'2025-12-20 15:20:51','2025-12-20 15:20:51'),(4543,11,NULL,NULL,'KZN9-B3DP-OUUL-RQ4P','SN-NTC9NQ4QVMRC','available',NULL,NULL,NULL,NULL,NULL,1,10,1,0,NULL,'2025-12-20 15:20:51','2025-12-20 15:20:51'),(4544,11,NULL,NULL,'J5YJ-MI9L-CUTW-B0Q1','SN-EB6OPSONANRD','available',NULL,NULL,NULL,NULL,NULL,1,10,1,0,NULL,'2025-12-20 15:20:51','2025-12-20 15:20:51'),(4545,11,NULL,NULL,'YUBQ-MNWQ-UF4Z-FJ28','SN-ZK5BTYHRAM7U','available',NULL,NULL,NULL,NULL,NULL,1,10,1,0,NULL,'2025-12-20 15:20:51','2025-12-20 15:20:51'),(4546,11,NULL,NULL,'RBZ1-FOBB-AZQD-5H5T','SN-RF2LMVA5RKLY','available',NULL,NULL,NULL,NULL,NULL,1,10,1,0,NULL,'2025-12-20 15:20:51','2025-12-20 15:20:51'),(4547,11,NULL,NULL,'N35O-7P92-PRTD-PQCN','SN-J2TFRGDLXG9X','available',NULL,NULL,NULL,NULL,NULL,1,10,1,0,NULL,'2025-12-20 15:20:51','2025-12-20 15:20:51'),(4548,11,NULL,NULL,'IRCE-OOXD-V6R3-MJCB','SN-KTJGTWGK60R9','available',NULL,NULL,NULL,NULL,NULL,1,10,1,0,NULL,'2025-12-20 15:20:51','2025-12-20 15:20:51'),(4549,11,NULL,NULL,'AHJP-BTZ6-7TOI-4ZKX','SN-EXVIRP6APLKN','available',NULL,NULL,NULL,NULL,NULL,1,10,1,0,NULL,'2025-12-20 15:20:51','2025-12-20 15:20:51'),(4550,11,NULL,NULL,'N0J9-IUZ7-AUW7-WP6N','SN-QBBUF480JQPX','available',NULL,NULL,NULL,NULL,NULL,1,10,1,0,NULL,'2025-12-20 15:20:51','2025-12-20 15:20:51'),(4551,11,NULL,NULL,'9VXX-UBLV-YPJM-FR0I','SN-PBJHSYPA16SK','available',NULL,NULL,NULL,NULL,NULL,1,10,1,0,NULL,'2025-12-20 15:20:51','2025-12-20 15:20:51'),(4552,11,NULL,NULL,'WHCG-RAPF-PLNB-APSE','SN-DBEYT7LHINW4','available',NULL,NULL,NULL,NULL,NULL,1,10,1,0,NULL,'2025-12-20 15:20:51','2025-12-20 15:20:51'),(4553,11,NULL,NULL,'ODMB-8E0B-A33S-3YYM','SN-EKFSWAOL2XVY','available',NULL,NULL,NULL,NULL,NULL,1,10,1,0,NULL,'2025-12-20 15:20:51','2025-12-20 15:20:51'),(4554,11,NULL,NULL,'VA6Z-ST7G-7LFZ-BEGF','SN-TWX0JIZLCZJI','available',NULL,NULL,NULL,NULL,NULL,1,10,1,0,NULL,'2025-12-20 15:20:51','2025-12-20 15:20:51'),(4555,11,NULL,NULL,'UEG2-3PL0-MLRY-KSXP','SN-H4HXJQXND0PL','available',NULL,NULL,NULL,NULL,NULL,1,10,1,0,NULL,'2025-12-20 15:20:51','2025-12-20 15:20:51'),(4556,11,NULL,NULL,'E2AU-PQ82-JWPJ-VHP1','SN-KS2Q2VOA1RVM','available',NULL,NULL,NULL,NULL,NULL,1,10,1,0,NULL,'2025-12-20 15:20:51','2025-12-20 15:20:51'),(4557,11,NULL,NULL,'TECZ-KJRY-T5FB-ZINI','SN-ZPC1KILFQCVG','available',NULL,NULL,NULL,NULL,NULL,1,10,1,0,NULL,'2025-12-20 15:20:51','2025-12-20 15:20:51'),(4558,11,NULL,NULL,'DDWS-BLNC-LXXV-KPPG','SN-YY6YYIY5PYVN','available',NULL,NULL,NULL,NULL,NULL,1,10,1,0,NULL,'2025-12-20 15:20:51','2025-12-20 15:20:51'),(4559,11,NULL,NULL,'6U1N-EBOT-F46S-DGHG','SN-WZPSKFY7YHAR','available',NULL,NULL,NULL,NULL,NULL,1,10,1,0,NULL,'2025-12-20 15:20:51','2025-12-20 15:20:51'),(4560,11,NULL,NULL,'CHST-UM2Y-9VRR-TPEJ','SN-4YMXB20FMFPU','available',NULL,NULL,NULL,NULL,NULL,1,10,1,0,NULL,'2025-12-20 15:20:51','2025-12-20 15:20:51'),(4561,11,NULL,NULL,'CQDQ-BBKN-JL8K-TPPP','SN-9V8XH39QAVD6','available',NULL,NULL,NULL,NULL,NULL,1,10,1,0,NULL,'2025-12-20 15:20:51','2025-12-20 15:20:51'),(4562,11,NULL,NULL,'CGCB-WOD7-WQJL-AAV8','SN-V79X9K64NCUG','available',NULL,NULL,NULL,NULL,NULL,1,10,1,0,NULL,'2025-12-20 15:20:51','2025-12-20 15:20:51'),(4563,11,NULL,NULL,'KEDE-DG80-PPNK-OIDD','SN-HWGFO1ZDVXYO','available',NULL,NULL,NULL,NULL,NULL,1,10,1,0,NULL,'2025-12-20 15:20:51','2025-12-20 15:20:51'),(4564,11,NULL,NULL,'ONJT-JKFA-GTN5-P0K9','SN-EEABAG3M7CWB','available',NULL,NULL,NULL,NULL,NULL,1,10,1,0,NULL,'2025-12-20 15:20:51','2025-12-20 15:20:51'),(4565,11,NULL,NULL,'DW9V-3WUK-QFG3-EFPC','SN-RHOGV7OVANS3','available',NULL,NULL,NULL,NULL,NULL,1,10,1,0,NULL,'2025-12-20 15:20:51','2025-12-20 15:20:51'),(4566,11,NULL,NULL,'OKRV-G36H-F1FB-AVIB','SN-UA68VO75CK19','available',NULL,NULL,NULL,NULL,NULL,1,10,1,0,NULL,'2025-12-20 15:20:51','2025-12-20 15:20:51'),(4567,11,NULL,NULL,'JY69-JGNJ-F1HC-ZNXQ','SN-E8F58TNMPV2F','available',NULL,NULL,NULL,NULL,NULL,1,10,1,0,NULL,'2025-12-20 15:20:51','2025-12-20 15:20:51'),(4568,11,NULL,NULL,'GDAS-21WO-JEP2-5V7Z','SN-RLFOKAXONZ9Z','available',NULL,NULL,NULL,NULL,NULL,1,10,1,0,NULL,'2025-12-20 15:20:51','2025-12-20 15:20:51'),(4569,11,NULL,NULL,'4DSU-NFI8-MZIO-2SUN','SN-WSM1BR5SR0YX','available',NULL,NULL,NULL,NULL,NULL,1,10,1,0,NULL,'2025-12-20 15:20:51','2025-12-20 15:20:51'),(4570,11,NULL,NULL,'QOMK-XXXJ-IAO2-UFB0','SN-L998GQLYPPC0','available',NULL,NULL,NULL,NULL,NULL,1,10,1,0,NULL,'2025-12-20 15:20:51','2025-12-20 15:20:51'),(4571,11,NULL,NULL,'TRZ9-R1BI-MB34-7T1P','SN-VNE8ENP6J710','available',NULL,NULL,NULL,NULL,NULL,1,10,1,0,NULL,'2025-12-20 15:20:51','2025-12-20 15:20:51'),(4572,11,NULL,NULL,'JARI-V8PH-EADR-LJ4C','SN-FGDWB7FEB2ZZ','available',NULL,NULL,NULL,NULL,NULL,1,10,1,0,NULL,'2025-12-20 15:20:51','2025-12-20 15:20:51'),(4573,11,NULL,NULL,'9TF8-ZJM2-0UII-3BTZ','SN-A1YRDY1DERO6','available',NULL,NULL,NULL,NULL,NULL,1,10,1,0,NULL,'2025-12-20 15:20:51','2025-12-20 15:20:51'),(4574,11,NULL,NULL,'BJT8-RZD7-LL4X-SCXM','SN-XKJ4LS3SQOFT','available',NULL,NULL,NULL,NULL,NULL,1,10,1,0,NULL,'2025-12-20 15:20:51','2025-12-20 15:20:51'),(4575,11,NULL,NULL,'M0UV-6NXH-XJ9D-IIO2','SN-ITWRPBJINI9X','available',NULL,NULL,NULL,NULL,NULL,1,10,1,0,NULL,'2025-12-20 15:20:51','2025-12-20 15:20:51'),(4576,11,NULL,NULL,'7JMU-JXYL-CHGD-OQ6N','SN-82TJAW5NIBRA','available',NULL,NULL,NULL,NULL,NULL,1,10,1,0,NULL,'2025-12-20 15:20:51','2025-12-20 15:20:51'),(4577,11,NULL,NULL,'UC1O-HBBJ-IQCF-FWAM','SN-GLKQIZS8MBUG','available',NULL,NULL,NULL,NULL,NULL,1,10,1,0,NULL,'2025-12-20 15:20:51','2025-12-20 15:20:51'),(4578,11,NULL,NULL,'GVS7-GXXW-DWLF-IDRV','SN-Y56K4JS6XSUH','available',NULL,NULL,NULL,NULL,NULL,1,10,1,0,NULL,'2025-12-20 15:20:51','2025-12-20 15:20:51'),(4579,11,NULL,NULL,'0MGA-9KOE-GXIX-N00H','SN-VOPDOUACJBV8','available',NULL,NULL,NULL,NULL,NULL,1,10,1,0,NULL,'2025-12-20 15:20:51','2025-12-20 15:20:51'),(4580,11,NULL,NULL,'ISZX-988B-IKJE-BJ5X','SN-0MVYSAJHRZMT','available',NULL,NULL,NULL,NULL,NULL,1,10,1,0,NULL,'2025-12-20 15:20:51','2025-12-20 15:20:51'),(4581,11,NULL,NULL,'JGXE-KVZU-26PA-NUOL','SN-DF3PLME9DBRO','available',NULL,NULL,NULL,NULL,NULL,1,10,1,0,NULL,'2025-12-20 15:20:51','2025-12-20 15:20:51'),(4582,11,NULL,NULL,'SYAH-HMZV-CPGW-XAZF','SN-SWQ2MXWJWBGY','available',NULL,NULL,NULL,NULL,NULL,1,10,1,0,NULL,'2025-12-20 15:20:51','2025-12-20 15:20:51'),(4583,11,NULL,NULL,'TUDU-7KPE-ZAUC-MAIK','SN-C2RPU4BHPLKX','available',NULL,NULL,NULL,NULL,NULL,1,10,1,0,NULL,'2025-12-20 15:20:51','2025-12-20 15:20:51'),(4584,11,NULL,NULL,'V0WR-TBLW-BFIQ-HNEJ','SN-QP0N7TG4K86J','available',NULL,NULL,NULL,NULL,NULL,1,10,1,0,NULL,'2025-12-20 15:20:51','2025-12-20 15:20:51'),(4585,11,NULL,NULL,'GDNP-CAGQ-VK1D-MTHS','SN-R91VBEKPYDOZ','available',NULL,NULL,NULL,NULL,NULL,1,10,1,0,NULL,'2025-12-20 15:20:51','2025-12-20 15:20:51'),(4586,11,NULL,NULL,'CPKS-LQAX-3RQ1-I3CI','SN-LIVRRYLVTZJV','available',NULL,NULL,NULL,NULL,NULL,1,10,1,0,NULL,'2025-12-20 15:20:51','2025-12-20 15:20:51'),(4587,11,NULL,NULL,'BP5T-NV47-OGNJ-9QWX','SN-LNAM6XWDKHXZ','available',NULL,NULL,NULL,NULL,NULL,1,10,1,0,NULL,'2025-12-20 15:20:51','2025-12-20 15:20:51'),(4588,11,NULL,NULL,'JUJN-F4YT-WDJO-DQBZ','SN-2U9IS0MKSU2P','available',NULL,NULL,NULL,NULL,NULL,1,10,1,0,NULL,'2025-12-20 15:20:51','2025-12-20 15:20:51'),(4589,11,NULL,NULL,'DJ5Q-XSLF-UC7M-EEDU','SN-JNL9QLOIK6QG','available',NULL,NULL,NULL,NULL,NULL,1,10,1,0,NULL,'2025-12-20 15:20:51','2025-12-20 15:20:51'),(4590,11,NULL,NULL,'706O-67O5-H8OC-CLB6','SN-48I0RRRYJG4O','available',NULL,NULL,NULL,NULL,NULL,1,10,1,0,NULL,'2025-12-20 15:20:51','2025-12-20 15:20:51'),(4591,11,NULL,NULL,'WFT6-EZJH-VEFV-I9QC','SN-GC4QDAVEQQJ4','available',NULL,NULL,NULL,NULL,NULL,1,10,1,0,NULL,'2025-12-20 15:20:51','2025-12-20 15:20:51'),(4592,11,NULL,NULL,'B7LI-U7OL-QB9M-BOZB','SN-IYYOQGED7S7P','available',NULL,NULL,NULL,NULL,NULL,1,10,1,0,NULL,'2025-12-20 15:20:51','2025-12-20 15:20:51'),(4593,11,NULL,NULL,'WC50-JMVH-JNLK-FVNX','SN-IG3TJF7IVE0S','available',NULL,NULL,NULL,NULL,NULL,1,10,1,0,NULL,'2025-12-20 15:20:51','2025-12-20 15:20:51'),(4594,11,NULL,NULL,'ZUVE-KM1J-43AZ-RBOQ','SN-QCNEXYCRLCQL','available',NULL,NULL,NULL,NULL,NULL,1,10,1,0,NULL,'2025-12-20 15:20:51','2025-12-20 15:20:51'),(4595,11,NULL,NULL,'9HTB-NQFO-JIAV-ELAX','SN-E7NQY6VHKGSK','available',NULL,NULL,NULL,NULL,NULL,1,10,1,0,NULL,'2025-12-20 15:20:51','2025-12-20 15:20:51'),(4596,11,NULL,NULL,'A4VZ-5AP8-R7TZ-AC8Y','SN-FCS4CFQTPX8U','available',NULL,NULL,NULL,NULL,NULL,1,10,1,0,NULL,'2025-12-20 15:20:51','2025-12-20 15:20:51'),(4597,11,NULL,NULL,'RC3R-PBDC-J5T1-AQSS','SN-RRSAOTKFQVP5','available',NULL,NULL,NULL,NULL,NULL,1,10,1,0,NULL,'2025-12-20 15:20:51','2025-12-20 15:20:51'),(4598,11,NULL,NULL,'WUJY-FTDZ-6ME1-UIED','SN-NLI4XCBBAL7S','available',NULL,NULL,NULL,NULL,NULL,1,10,1,0,NULL,'2025-12-20 15:20:51','2025-12-20 15:20:51'),(4599,11,NULL,NULL,'L423-53L3-EV8A-4TQ6','SN-KRSWCO2SNVKA','available',NULL,NULL,NULL,NULL,NULL,1,10,1,0,NULL,'2025-12-20 15:20:51','2025-12-20 15:20:51'),(4600,11,NULL,NULL,'CLVV-ANBC-VCOD-9KSM','SN-8V5KFTTAC3Q3','available',NULL,NULL,NULL,NULL,NULL,1,10,1,0,NULL,'2025-12-20 15:20:51','2025-12-20 15:20:51'),(4601,11,NULL,NULL,'A8GR-196I-F7SS-SHWS','SN-HLFUE7BSRLNW','available',NULL,NULL,NULL,NULL,NULL,1,10,1,0,NULL,'2025-12-20 15:20:51','2025-12-20 15:20:51'),(4602,11,NULL,NULL,'KOKK-Q4NQ-HTNB-NSD5','SN-CZL4KCITDPJ1','available',NULL,NULL,NULL,NULL,NULL,1,10,1,0,NULL,'2025-12-20 15:20:51','2025-12-20 15:20:51'),(4603,11,NULL,NULL,'M7NC-6OMD-0FUG-BOF3','SN-WG4YRZNBGKIZ','available',NULL,NULL,NULL,NULL,NULL,1,10,1,0,NULL,'2025-12-20 15:20:51','2025-12-20 15:20:51'),(4604,11,NULL,NULL,'N57D-VUQR-N3HH-RVJC','SN-MNTV4V7UWJGM','available',NULL,NULL,NULL,NULL,NULL,1,10,1,0,NULL,'2025-12-20 15:20:51','2025-12-20 15:20:51'),(4605,11,NULL,NULL,'PME0-IEMY-GEAS-0L1B','SN-ZQSFFQVPGZA8','available',NULL,NULL,NULL,NULL,NULL,1,10,1,0,NULL,'2025-12-20 15:20:51','2025-12-20 15:20:51'),(4606,11,NULL,NULL,'AJWS-WHX7-DPMQ-0DGP','SN-MWMIQHECKSTV','available',NULL,NULL,NULL,NULL,NULL,1,10,1,0,NULL,'2025-12-20 15:20:51','2025-12-20 15:20:51'),(4607,11,NULL,NULL,'3HLK-FAYU-Q2VK-HUIJ','SN-6PPE0GEESHHB','available',NULL,NULL,NULL,NULL,NULL,1,10,1,0,NULL,'2025-12-20 15:20:51','2025-12-20 15:20:51'),(4608,11,NULL,NULL,'5VPP-UUCH-C4T7-VOSJ','SN-JDUYWXASTK1V','available',NULL,NULL,NULL,NULL,NULL,1,10,1,0,NULL,'2025-12-20 15:20:51','2025-12-20 15:20:51'),(4609,11,NULL,NULL,'WUWY-7NJH-VXIF-GRQE','SN-PNCQXDE7RGMC','available',NULL,NULL,NULL,NULL,NULL,1,10,1,0,NULL,'2025-12-20 15:20:51','2025-12-20 15:20:51'),(4610,11,NULL,NULL,'N5TO-SMC6-ZGCO-W7WY','SN-55JZBXIY7RSH','available',NULL,NULL,NULL,NULL,NULL,1,10,1,0,NULL,'2025-12-20 15:20:51','2025-12-20 15:20:51'),(4611,11,NULL,NULL,'57EE-JMWG-DRZN-VJJQ','SN-NNNQ5W9FV1CX','available',NULL,NULL,NULL,NULL,NULL,1,10,1,0,NULL,'2025-12-20 15:20:51','2025-12-20 15:20:51'),(4612,11,NULL,NULL,'ZX8M-JTEX-HNS7-8QSR','SN-TCSH4FD8USDR','available',NULL,NULL,NULL,NULL,NULL,1,10,1,0,NULL,'2025-12-20 15:20:51','2025-12-20 15:20:51'),(4613,11,NULL,NULL,'7YGQ-HOYH-E9K5-YQMU','SN-4KHDSOJNUWSS','available',NULL,NULL,NULL,NULL,NULL,1,10,1,0,NULL,'2025-12-20 15:20:51','2025-12-20 15:20:51'),(4614,11,NULL,NULL,'9U9Z-H5SA-5LFY-A6IF','SN-MFAIWVRHRNEB','available',NULL,NULL,NULL,NULL,NULL,1,10,1,0,NULL,'2025-12-20 15:20:51','2025-12-20 15:20:51'),(4615,11,NULL,NULL,'EEUJ-OUFC-RGHL-ZZQU','SN-VIGWPHYWM4TI','available',NULL,NULL,NULL,NULL,NULL,1,10,1,0,NULL,'2025-12-20 15:20:51','2025-12-20 15:20:51'),(4616,11,NULL,NULL,'72HI-YJXN-VVIK-S6M8','SN-2RLDYHYNHVOB','available',NULL,NULL,NULL,NULL,NULL,1,10,1,0,NULL,'2025-12-20 15:20:51','2025-12-20 15:20:51'),(4617,11,NULL,NULL,'WTCM-DSIP-AMQO-IH0N','SN-9QN2IVE9EQQB','available',NULL,NULL,NULL,NULL,NULL,1,10,1,0,NULL,'2025-12-20 15:20:51','2025-12-20 15:20:51'),(4618,11,NULL,NULL,'EH7S-J8HY-5U54-XT4Y','SN-LYAYNDMKYUJC','available',NULL,NULL,NULL,NULL,NULL,1,10,1,0,NULL,'2025-12-20 15:20:51','2025-12-20 15:20:51'),(4619,11,NULL,NULL,'REQQ-GDG7-UGOA-5MLE','SN-DXRPY22WZBYD','available',NULL,NULL,NULL,NULL,NULL,1,10,1,0,NULL,'2025-12-20 15:20:51','2025-12-20 15:20:51'),(4620,11,NULL,NULL,'2WSJ-MPAV-6RHY-BAOW','SN-RHLMBCNHSTVR','available',NULL,NULL,NULL,NULL,NULL,1,10,1,0,NULL,'2025-12-20 15:20:51','2025-12-20 15:20:51'),(4621,11,NULL,NULL,'PQ6X-UI8A-JNPG-D3XR','SN-PE23ANJNGZUF','available',NULL,NULL,NULL,NULL,NULL,1,10,1,0,NULL,'2025-12-20 15:20:51','2025-12-20 15:20:51'),(4622,11,NULL,NULL,'CZWR-A3KI-PU1H-0H6V','SN-OKFPRGHM1HTE','available',NULL,NULL,NULL,NULL,NULL,1,10,1,0,NULL,'2025-12-20 15:20:51','2025-12-20 15:20:51'),(4623,11,NULL,NULL,'NKAP-H1R9-OWIA-ZK9M','SN-HL4FUFFAISMS','available',NULL,NULL,NULL,NULL,NULL,1,10,1,0,NULL,'2025-12-20 15:20:51','2025-12-20 15:20:51'),(4624,11,NULL,NULL,'QS2Y-KNOX-RGXU-4XRK','SN-4NQQZWWAG6CQ','available',NULL,NULL,NULL,NULL,NULL,1,10,1,0,NULL,'2025-12-20 15:20:51','2025-12-20 15:20:51'),(4625,11,NULL,NULL,'X9JR-NS63-VZAV-4KSB','SN-DANHQUP9BDCB','available',NULL,NULL,NULL,NULL,NULL,1,10,1,0,NULL,'2025-12-20 15:20:51','2025-12-20 15:20:51'),(4626,11,NULL,NULL,'J1N7-QMQD-7NWG-6O7T','SN-Y8ZBOUHIPDIU','available',NULL,NULL,NULL,NULL,NULL,1,10,1,0,NULL,'2025-12-20 15:20:51','2025-12-20 15:20:51'),(4627,11,NULL,NULL,'NHP7-6XNT-EACL-OKLF','SN-MGSDZR6VP65W','available',NULL,NULL,NULL,NULL,NULL,1,10,1,0,NULL,'2025-12-20 15:20:51','2025-12-20 15:20:51'),(4628,11,NULL,NULL,'ZARL-ZXIE-2DVQ-IWAP','SN-DKOHQVEI99SA','available',NULL,NULL,NULL,NULL,NULL,1,10,1,0,NULL,'2025-12-20 15:20:51','2025-12-20 15:20:51'),(4629,11,NULL,NULL,'4S8O-CGPT-YXHB-VKTQ','SN-H76TCGCQKKWD','available',NULL,NULL,NULL,NULL,NULL,1,10,1,0,NULL,'2025-12-20 15:20:51','2025-12-20 15:20:51'),(4630,11,NULL,NULL,'FZ0Q-ERI4-KNAN-WZNR','SN-JLUHP5EDLWUI','available',NULL,NULL,NULL,NULL,NULL,1,10,1,0,NULL,'2025-12-20 15:20:51','2025-12-20 15:20:51'),(4631,11,NULL,NULL,'B9PQ-XU26-H9DZ-PSOV','SN-LNW61EJX7YBX','available',NULL,NULL,NULL,NULL,NULL,1,10,1,0,NULL,'2025-12-20 15:20:51','2025-12-20 15:20:51'),(4632,11,NULL,NULL,'TQXT-JLZQ-UAXW-9Q7K','SN-BPWP47VMGRTI','available',NULL,NULL,NULL,NULL,NULL,1,10,1,0,NULL,'2025-12-20 15:20:51','2025-12-20 15:20:51'),(4633,11,NULL,NULL,'YDDB-RXJO-AUAT-D1YT','SN-KJ0IBJ2NIB7M','available',NULL,NULL,NULL,NULL,NULL,1,10,1,0,NULL,'2025-12-20 15:20:51','2025-12-20 15:20:51'),(4634,11,NULL,NULL,'XWKN-N8LI-ZSKG-PISD','SN-W0QXVAXB4BRE','available',NULL,NULL,NULL,NULL,NULL,1,10,1,0,NULL,'2025-12-20 15:20:51','2025-12-20 15:20:51'),(4635,11,NULL,NULL,'OLAK-BMYZ-ETEB-CG3Q','SN-2Q9WDG6AGE9A','available',NULL,NULL,NULL,NULL,NULL,1,10,1,0,NULL,'2025-12-20 15:20:51','2025-12-20 15:20:51'),(4636,11,NULL,NULL,'ESOA-ZAKH-J4SL-QLIJ','SN-EVO04AGOCVGF','available',NULL,NULL,NULL,NULL,NULL,1,10,1,0,NULL,'2025-12-20 15:20:51','2025-12-20 15:20:51'),(4637,11,NULL,NULL,'GGRB-BETV-ZULF-YHWR','SN-QMJSDMLMEAXR','available',NULL,NULL,NULL,NULL,NULL,1,10,1,0,NULL,'2025-12-20 15:20:51','2025-12-20 15:20:51'),(4638,11,NULL,NULL,'TJ2N-EURE-JHRN-DZJ8','SN-1EHXRSVHY96B','available',NULL,NULL,NULL,NULL,NULL,1,10,1,0,NULL,'2025-12-20 15:20:51','2025-12-20 15:20:51'),(4639,11,NULL,NULL,'QCQC-DLNP-3CJ4-BMYY','SN-CJQYYAR8ASMO','available',NULL,NULL,NULL,NULL,NULL,1,10,1,0,NULL,'2025-12-20 15:20:51','2025-12-20 15:20:51'),(4640,11,NULL,NULL,'BHRI-NM9O-SCZ1-OTWT','SN-ES2W4XOUHHJ5','available',NULL,NULL,NULL,NULL,NULL,1,10,1,0,NULL,'2025-12-20 15:20:51','2025-12-20 15:20:51'),(4641,11,NULL,NULL,'BWRC-MOXF-EN0L-WRCN','SN-E6BDPYNRYDEK','available',NULL,NULL,NULL,NULL,NULL,1,10,1,0,NULL,'2025-12-20 15:20:51','2025-12-20 15:20:51'),(4642,11,NULL,NULL,'GVM2-MYXN-7KN5-SLBD','SN-P0VHHAWBHPYP','available',NULL,NULL,NULL,NULL,NULL,1,10,1,0,NULL,'2025-12-20 15:20:51','2025-12-20 15:20:51'),(4643,11,NULL,NULL,'C5RW-V8KA-RXDH-TRQM','SN-KAVN36I7HNEB','available',NULL,NULL,NULL,NULL,NULL,1,10,1,0,NULL,'2025-12-20 15:20:51','2025-12-20 15:20:51'),(4644,11,NULL,NULL,'E1WS-NX4E-IRMK-2B2O','SN-SAZCDEKU5GRG','available',NULL,NULL,NULL,NULL,NULL,1,10,1,0,NULL,'2025-12-20 15:20:51','2025-12-20 15:20:51'),(4645,11,NULL,NULL,'SXSN-IYOK-MYMW-HC8T','SN-EHVJZTURYNJ4','available',NULL,NULL,NULL,NULL,NULL,1,10,1,0,NULL,'2025-12-20 15:20:51','2025-12-20 15:20:51'),(4646,11,NULL,NULL,'0JNC-BGPZ-NG5B-B03F','SN-GRNDRAJUD1SH','available',NULL,NULL,NULL,NULL,NULL,1,10,1,0,NULL,'2025-12-20 15:20:51','2025-12-20 15:20:51'),(4647,11,NULL,NULL,'J5O8-ZIKQ-CJPS-UEII','SN-ZTQWBND5ZPBR','available',NULL,NULL,NULL,NULL,NULL,1,10,1,0,NULL,'2025-12-20 15:20:51','2025-12-20 15:20:51'),(4648,11,NULL,NULL,'3AP6-WSFZ-HQOK-3D7G','SN-IWZAVGZGGO1B','available',NULL,NULL,NULL,NULL,NULL,1,10,1,0,NULL,'2025-12-20 15:20:51','2025-12-20 15:20:51'),(4649,11,NULL,NULL,'CESR-LQVS-K6TE-9AFV','SN-ATQXYR05UME0','available',NULL,NULL,NULL,NULL,NULL,1,10,1,0,NULL,'2025-12-20 15:20:51','2025-12-20 15:20:51'),(4650,11,NULL,NULL,'RKYL-V8F7-Y3V3-WS8Z','SN-MZCLMCCDMSWS','available',NULL,NULL,NULL,NULL,NULL,1,10,1,0,NULL,'2025-12-20 15:20:51','2025-12-20 15:20:51'),(4651,11,NULL,NULL,'Q6CA-H2DF-KCHM-2SMO','SN-W0XOEJ3J53HN','available',NULL,NULL,NULL,NULL,NULL,1,10,1,0,NULL,'2025-12-20 15:20:51','2025-12-20 15:20:51'),(4652,11,NULL,NULL,'GW2O-UW2A-SDNS-860G','SN-QEZCCICMGOSR','available',NULL,NULL,NULL,NULL,NULL,1,10,1,0,NULL,'2025-12-20 15:20:51','2025-12-20 15:20:51'),(4653,11,NULL,NULL,'QAQT-BTZJ-P3X0-OWZW','SN-WMXZIHICCLYF','available',NULL,NULL,NULL,NULL,NULL,1,10,1,0,NULL,'2025-12-20 15:20:51','2025-12-20 15:20:51'),(4654,11,NULL,NULL,'CAVG-3OJU-1HIG-CGNN','SN-RRA0Y8BQEKJ0','available',NULL,NULL,NULL,NULL,NULL,1,10,1,0,NULL,'2025-12-20 15:20:51','2025-12-20 15:20:51'),(4655,11,NULL,NULL,'3ZHI-WMUN-Y9RC-HFE8','SN-UNDB2FZWV3DX','available',NULL,NULL,NULL,NULL,NULL,1,10,1,0,NULL,'2025-12-20 15:20:51','2025-12-20 15:20:51'),(4656,11,NULL,NULL,'EVDY-HBJJ-GSWM-YF8R','SN-AW1ZFSHHLVWB','available',NULL,NULL,NULL,NULL,NULL,1,10,1,0,NULL,'2025-12-20 15:20:51','2025-12-20 15:20:51'),(4657,11,NULL,NULL,'WILX-AZMY-QFSI-O3HK','SN-RQ7NUFIU3P2P','available',NULL,NULL,NULL,NULL,NULL,1,10,1,0,NULL,'2025-12-20 15:20:51','2025-12-20 15:20:51'),(4658,11,NULL,NULL,'77PR-YRNR-997T-Y2WK','SN-ZQCDOIWILCRY','available',NULL,NULL,NULL,NULL,NULL,1,10,1,0,NULL,'2025-12-20 15:20:51','2025-12-20 15:20:51'),(4659,11,NULL,NULL,'SGJ7-PEYG-LARA-KRWA','SN-BSKI9DA4ZDP6','available',NULL,NULL,NULL,NULL,NULL,1,10,1,0,NULL,'2025-12-20 15:20:51','2025-12-20 15:20:51'),(4660,11,NULL,NULL,'XZGX-TUYB-JXSC-LMDF','SN-GPWB2QQ550ZR','available',NULL,NULL,NULL,NULL,NULL,1,10,1,0,NULL,'2025-12-20 15:20:51','2025-12-20 15:20:51'),(4661,11,NULL,NULL,'H7XW-COP5-LRWN-1ZSG','SN-WY6QYBQFFDTH','available',NULL,NULL,NULL,NULL,NULL,1,10,1,0,NULL,'2025-12-20 15:20:51','2025-12-20 15:20:51'),(4662,11,NULL,NULL,'JRN3-PEEN-QZR9-NISA','SN-7IQO0AGHZPJK','available',NULL,NULL,NULL,NULL,NULL,1,10,1,0,NULL,'2025-12-20 15:20:51','2025-12-20 15:20:51'),(4663,11,NULL,NULL,'FGAR-NZ5I-ANXR-GKON','SN-JNCX5VZAZIOW','available',NULL,NULL,NULL,NULL,NULL,1,10,1,0,NULL,'2025-12-20 15:20:51','2025-12-20 15:20:51'),(4664,11,NULL,NULL,'GZSV-RRGC-37SB-F8HV','SN-EP5XFJAL7KXZ','available',NULL,NULL,NULL,NULL,NULL,1,10,1,0,NULL,'2025-12-20 15:20:51','2025-12-20 15:20:51'),(4665,11,NULL,NULL,'K8PL-YXMM-JHWE-ROEH','SN-Q3RWA2LGR91B','available',NULL,NULL,NULL,NULL,NULL,1,10,1,0,NULL,'2025-12-20 15:20:51','2025-12-20 15:20:51'),(4666,11,NULL,NULL,'3BJD-IUC1-RF10-30DL','SN-7NUMSPNLSFEU','available',NULL,NULL,NULL,NULL,NULL,1,10,1,0,NULL,'2025-12-20 15:20:51','2025-12-20 15:20:51'),(4667,11,NULL,NULL,'KKJQ-SL2K-3TQD-3QV0','SN-A2QILNW8M6KJ','available',NULL,NULL,NULL,NULL,NULL,1,10,1,0,NULL,'2025-12-20 15:20:51','2025-12-20 15:20:51'),(4668,11,NULL,NULL,'3ML8-JXR7-DELA-2TWC','SN-H4HSYSCKQLXM','available',NULL,NULL,NULL,NULL,NULL,1,10,1,0,NULL,'2025-12-20 15:20:51','2025-12-20 15:20:51'),(4669,11,NULL,NULL,'DWMX-9MUJ-K2P7-JO64','SN-XQ0ZTGKFVN3G','available',NULL,NULL,NULL,NULL,NULL,1,10,1,0,NULL,'2025-12-20 15:20:51','2025-12-20 15:20:51'),(4670,11,NULL,NULL,'RF00-QMAC-QRT9-CAUP','SN-73QHHT44BF1S','available',NULL,NULL,NULL,NULL,NULL,1,10,1,0,NULL,'2025-12-20 15:20:51','2025-12-20 15:20:51'),(4671,11,NULL,NULL,'LVJR-RWLF-3UTI-JBKC','SN-AH6IGYJJGNIW','available',NULL,NULL,NULL,NULL,NULL,1,10,1,0,NULL,'2025-12-20 15:20:51','2025-12-20 15:20:51'),(4672,11,NULL,NULL,'WLWQ-XWCS-UB4Y-69ZW','SN-GGRMWBF6G3HS','available',NULL,NULL,NULL,NULL,NULL,1,10,1,0,NULL,'2025-12-20 15:20:51','2025-12-20 15:20:51'),(4673,11,NULL,NULL,'BS1E-WT9M-7S8G-6N7J','SN-5PPEPPMPROGH','available',NULL,NULL,NULL,NULL,NULL,1,10,1,0,NULL,'2025-12-20 15:20:51','2025-12-20 15:20:51'),(4674,11,NULL,NULL,'FKRL-GCQ6-R3JI-KOMD','SN-5YA1H5AMAV0R','available',NULL,NULL,NULL,NULL,NULL,1,10,1,0,NULL,'2025-12-20 15:20:51','2025-12-20 15:20:51'),(4675,11,NULL,NULL,'QE24-DCXH-N12C-OQ4Q','SN-VEIJ0T8XBWT5','available',NULL,NULL,NULL,NULL,NULL,1,10,1,0,NULL,'2025-12-20 15:20:51','2025-12-20 15:20:51'),(4676,11,NULL,NULL,'RZ4Z-886K-MJMZ-6HY3','SN-JE484HDFISJN','available',NULL,NULL,NULL,NULL,NULL,1,10,1,0,NULL,'2025-12-20 15:20:51','2025-12-20 15:20:51'),(4677,11,NULL,NULL,'9J3Q-1ZJB-KLVO-NFQA','SN-DPP7U1CIGLIX','available',NULL,NULL,NULL,NULL,NULL,1,10,1,0,NULL,'2025-12-20 15:20:51','2025-12-20 15:20:51'),(4678,11,NULL,NULL,'JVAN-JP3D-BPBB-YZFV','SN-2IUFZRVGNOHU','available',NULL,NULL,NULL,NULL,NULL,1,10,1,0,NULL,'2025-12-20 15:20:51','2025-12-20 15:20:51'),(4679,11,NULL,NULL,'0VG4-PKIZ-UHAY-YLVR','SN-RFMQEDMAEGAY','available',NULL,NULL,NULL,NULL,NULL,1,10,1,0,NULL,'2025-12-20 15:20:51','2025-12-20 15:20:51'),(4680,11,NULL,NULL,'2OZ1-Y6HI-WFOH-AGUK','SN-BW4YQSHFUO56','available',NULL,NULL,NULL,NULL,NULL,1,10,1,0,NULL,'2025-12-20 15:20:51','2025-12-20 15:20:51'),(4681,11,NULL,NULL,'JCYX-QVYM-YNBT-DBLU','SN-106LC86MHBV7','available',NULL,NULL,NULL,NULL,NULL,1,10,1,0,NULL,'2025-12-20 15:20:51','2025-12-20 15:20:51'),(4682,11,NULL,NULL,'VR1O-EZAB-IAA3-KZOR','SN-AAKZAXZVK6JE','available',NULL,NULL,NULL,NULL,NULL,1,10,1,0,NULL,'2025-12-20 15:20:51','2025-12-20 15:20:51'),(4683,11,NULL,NULL,'PZJ5-HCAD-OKYZ-CXDB','SN-AUJENG14MJBA','available',NULL,NULL,NULL,NULL,NULL,1,10,1,0,NULL,'2025-12-20 15:20:51','2025-12-20 15:20:51'),(4684,11,NULL,NULL,'XUFZ-STDB-YXRK-FQ8S','SN-STCOJZB4I9ZV','available',NULL,NULL,NULL,NULL,NULL,1,10,1,0,NULL,'2025-12-20 15:20:51','2025-12-20 15:20:51'),(4685,11,NULL,NULL,'CDUN-Q52T-0TG4-NVCB','SN-X2LQ1OCNNIO4','available',NULL,NULL,NULL,NULL,NULL,1,10,1,0,NULL,'2025-12-20 15:20:51','2025-12-20 15:20:51'),(4686,11,NULL,NULL,'6ZAY-1453-7TKA-7MQF','SN-WHL6ZNPBSOMX','available',NULL,NULL,NULL,NULL,NULL,1,10,1,0,NULL,'2025-12-20 15:20:51','2025-12-20 15:20:51'),(4687,11,NULL,NULL,'T33N-CJE7-JNZF-OAFJ','SN-DHYIMWN9GPFB','available',NULL,NULL,NULL,NULL,NULL,1,10,1,0,NULL,'2025-12-20 15:20:51','2025-12-20 15:20:51'),(4688,11,NULL,NULL,'MBKQ-VPXG-M1LG-ARDB','SN-MTMV7H2LAKP4','available',NULL,NULL,NULL,NULL,NULL,1,10,1,0,NULL,'2025-12-20 15:20:51','2025-12-20 15:20:51'),(4689,11,NULL,NULL,'0COF-AI8O-XTFC-IXB0','SN-RJDUDVYXT7ZV','available',NULL,NULL,NULL,NULL,NULL,1,10,1,0,NULL,'2025-12-20 15:20:51','2025-12-20 15:20:51'),(4690,11,NULL,NULL,'WH16-S98K-WOCD-VH3Y','SN-PW2ENBDNYDEC','available',NULL,NULL,NULL,NULL,NULL,1,10,1,0,NULL,'2025-12-20 15:20:51','2025-12-20 15:20:51'),(4691,11,NULL,NULL,'UVB7-3MLR-9DTA-ZSPW','SN-DN8BOPIUCN86','available',NULL,NULL,NULL,NULL,NULL,1,10,1,0,NULL,'2025-12-20 15:20:51','2025-12-20 15:20:51'),(4692,11,NULL,NULL,'CUR7-DSGG-7RNV-G34Y','SN-XCYEKDMKPZ5B','available',NULL,NULL,NULL,NULL,NULL,1,10,1,0,NULL,'2025-12-20 15:20:51','2025-12-20 15:20:51'),(4693,11,NULL,NULL,'NEXP-AJY2-NTE9-6AJT','SN-6JABCJLCRGPW','available',NULL,NULL,NULL,NULL,NULL,1,10,1,0,NULL,'2025-12-20 15:20:51','2025-12-20 15:20:51'),(4694,11,NULL,NULL,'0BOP-ZQ5V-9O0B-SEOX','SN-PVWMDUVAKRC0','available',NULL,NULL,NULL,NULL,NULL,1,10,1,0,NULL,'2025-12-20 15:20:51','2025-12-20 15:20:51'),(4695,11,NULL,NULL,'5BEM-YV6S-J0JV-BRWZ','SN-E7FTOMFDHSU3','available',NULL,NULL,NULL,NULL,NULL,1,10,1,0,NULL,'2025-12-20 15:20:51','2025-12-20 15:20:51'),(4696,11,NULL,NULL,'GVP3-TPPI-OAFP-YDDC','SN-KZSYC08WZHE7','available',NULL,NULL,NULL,NULL,NULL,1,10,1,0,NULL,'2025-12-20 15:20:51','2025-12-20 15:20:51'),(4697,11,NULL,NULL,'HSCH-0WBR-JQX3-KBEC','SN-5TKFVWYAWZIH','available',NULL,NULL,NULL,NULL,NULL,1,10,1,0,NULL,'2025-12-20 15:20:51','2025-12-20 15:20:51'),(4698,11,NULL,NULL,'E45U-XVOM-6A9Y-ZPDE','SN-7ABPENE3IQIN','available',NULL,NULL,NULL,NULL,NULL,1,10,1,0,NULL,'2025-12-20 15:20:51','2025-12-20 15:20:51'),(4699,11,NULL,NULL,'UZLO-65US-FFQL-WOVS','SN-YBUTAYUUT9KH','available',NULL,NULL,NULL,NULL,NULL,1,10,1,0,NULL,'2025-12-20 15:20:51','2025-12-20 15:20:51'),(4700,11,NULL,NULL,'EHWT-I7ER-RAA8-7YLH','SN-DGAPGYC3K0QG','available',NULL,NULL,NULL,NULL,NULL,1,10,1,0,NULL,'2025-12-20 15:20:51','2025-12-20 15:20:51'),(4701,11,NULL,NULL,'SWCA-NWZX-NM1T-ZTGE','SN-WW7L96AHQTXD','available',NULL,NULL,NULL,NULL,NULL,1,10,1,0,NULL,'2025-12-20 15:20:51','2025-12-20 15:20:51'),(4702,11,NULL,NULL,'JRJP-KKGM-QXKS-VYV2','SN-GMIK51NRRC4L','available',NULL,NULL,NULL,NULL,NULL,1,10,1,0,NULL,'2025-12-20 15:20:51','2025-12-20 15:20:51'),(4703,11,NULL,NULL,'AIMC-RJFQ-XSTR-DVS9','SN-VV4XWM02SWDO','available',NULL,NULL,NULL,NULL,NULL,1,10,1,0,NULL,'2025-12-20 15:20:51','2025-12-20 15:20:51'),(4704,11,NULL,NULL,'DDCU-GXLY-XPWL-OZE8','SN-I5ND8ULSQQFA','available',NULL,NULL,NULL,NULL,NULL,1,10,1,0,NULL,'2025-12-20 15:20:51','2025-12-20 15:20:51'),(4705,11,NULL,NULL,'G71R-3C6I-GJCN-BKJZ','SN-N9EEQWPIU4ZB','available',NULL,NULL,NULL,NULL,NULL,1,10,1,0,NULL,'2025-12-20 15:20:51','2025-12-20 15:20:51'),(4706,11,NULL,NULL,'4B0L-XWIQ-YWJD-LHL6','SN-XC5LQ451KEQJ','available',NULL,NULL,NULL,NULL,NULL,1,10,1,0,NULL,'2025-12-20 15:20:51','2025-12-20 15:20:51'),(4707,11,NULL,NULL,'XTYN-1KF8-GXTG-CESQ','SN-E4YSM07CPKK6','available',NULL,NULL,NULL,NULL,NULL,1,10,1,0,NULL,'2025-12-20 15:20:51','2025-12-20 15:20:51'),(4708,11,NULL,NULL,'CF2F-OTVM-XYT0-YC5Y','SN-LTKUCOWKQ2UM','available',NULL,NULL,NULL,NULL,NULL,1,10,1,0,NULL,'2025-12-20 15:20:51','2025-12-20 15:20:51'),(4709,11,NULL,NULL,'LGBH-6EBT-KND1-5Q6G','SN-YQUYCUUYZA1D','available',NULL,NULL,NULL,NULL,NULL,1,10,1,0,NULL,'2025-12-20 15:20:51','2025-12-20 15:20:51'),(4710,11,NULL,NULL,'RDC8-JZYU-BO5C-ECGS','SN-FGYXX5F3LREC','available',NULL,NULL,NULL,NULL,NULL,1,10,1,0,NULL,'2025-12-20 15:20:51','2025-12-20 15:20:51'),(4711,11,NULL,NULL,'LASG-NEJ7-YFOY-ODHF','SN-5SCP6DJ1W29P','available',NULL,NULL,NULL,NULL,NULL,1,10,1,0,NULL,'2025-12-20 15:20:51','2025-12-20 15:20:51'),(4712,11,NULL,NULL,'IADN-3ZYH-9XDP-IGC2','SN-Q3ON39ELRFBN','available',NULL,NULL,NULL,NULL,NULL,1,10,1,0,NULL,'2025-12-20 15:20:51','2025-12-20 15:20:51'),(4713,11,NULL,NULL,'Y9QO-NGF7-OKHV-DMNX','SN-LEC7EFAMSQ5Z','available',NULL,NULL,NULL,NULL,NULL,1,10,1,0,NULL,'2025-12-20 15:20:51','2025-12-20 15:20:51'),(4714,11,NULL,NULL,'NSHQ-REGJ-MNVR-5BOS','SN-MLKK0DXEVICR','available',NULL,NULL,NULL,NULL,NULL,1,10,1,0,NULL,'2025-12-20 15:20:51','2025-12-20 15:20:51'),(4715,11,NULL,NULL,'RSNF-XCYF-LUOW-LUJ1','SN-DBERYXT9UIJO','available',NULL,NULL,NULL,NULL,NULL,1,10,1,0,NULL,'2025-12-20 15:20:51','2025-12-20 15:20:51'),(4716,11,NULL,NULL,'IA4E-CXGX-3AEZ-RZM6','SN-X4J0KR3ITQPT','available',NULL,NULL,NULL,NULL,NULL,1,10,1,0,NULL,'2025-12-20 15:20:51','2025-12-20 15:20:51'),(4717,11,NULL,NULL,'WBF8-5D7C-OQAE-GBQX','SN-RTO9BIGM4UEN','available',NULL,NULL,NULL,NULL,NULL,1,10,1,0,NULL,'2025-12-20 15:20:51','2025-12-20 15:20:51'),(4718,11,NULL,NULL,'C9OP-EX74-KYUK-EEBD','SN-YOQGYDEXMZEO','available',NULL,NULL,NULL,NULL,NULL,1,10,1,0,NULL,'2025-12-20 15:20:51','2025-12-20 15:20:51'),(4719,11,NULL,NULL,'PSED-3J0J-BGV1-KQH2','SN-UKRAMK1OCNAW','available',NULL,NULL,NULL,NULL,NULL,1,10,1,0,NULL,'2025-12-20 15:20:51','2025-12-20 15:20:51'),(4720,11,NULL,NULL,'GE4J-KJKR-VG1B-PWNC','SN-DUU3Y6NOA6TB','available',NULL,NULL,NULL,NULL,NULL,1,10,1,0,NULL,'2025-12-20 15:20:51','2025-12-20 15:20:51'),(4721,11,NULL,NULL,'YLGS-DQ8O-BZN0-OIT3','SN-G6JKTD7PFOTJ','available',NULL,NULL,NULL,NULL,NULL,1,10,1,0,NULL,'2025-12-20 15:20:51','2025-12-20 15:20:51'),(4722,11,NULL,NULL,'YJX5-DDSL-FPMS-GEAN','SN-E42EZBJL4CTG','available',NULL,NULL,NULL,NULL,NULL,1,10,1,0,NULL,'2025-12-20 15:20:51','2025-12-20 15:20:51'),(4723,11,NULL,NULL,'JMXX-MGGC-2AXO-PLY9','SN-JUEOSFDHVV7L','available',NULL,NULL,NULL,NULL,NULL,1,10,1,0,NULL,'2025-12-20 15:20:51','2025-12-20 15:20:51'),(4724,11,NULL,NULL,'OFTL-BQE9-XSHU-DRAK','SN-NPN27PACQ0ED','available',NULL,NULL,NULL,NULL,NULL,1,10,1,0,NULL,'2025-12-20 15:20:51','2025-12-20 15:20:51'),(4725,11,NULL,NULL,'JGD3-SZL8-E2YV-BFDR','SN-XTQDKA6IERIE','available',NULL,NULL,NULL,NULL,NULL,1,10,1,0,NULL,'2025-12-20 15:20:51','2025-12-20 15:20:51'),(4726,11,NULL,NULL,'Q7GE-KCXQ-9K85-HWFV','SN-NIG0MSA0PIHY','available',NULL,NULL,NULL,NULL,NULL,1,10,1,0,NULL,'2025-12-20 15:20:51','2025-12-20 15:20:51'),(4727,11,NULL,NULL,'RM4Y-WKOM-YEDS-SHPH','SN-VIM0IETZXEST','available',NULL,NULL,NULL,NULL,NULL,1,10,1,0,NULL,'2025-12-20 15:20:51','2025-12-20 15:20:51'),(4728,11,NULL,NULL,'JMBC-CDBV-P2LG-BTTI','SN-OTPVHVQMISEB','available',NULL,NULL,NULL,NULL,NULL,1,10,1,0,NULL,'2025-12-20 15:20:51','2025-12-20 15:20:51'),(4729,11,NULL,NULL,'VR33-LHAP-4SZ8-PNZF','SN-CBYRYCX4OSLC','available',NULL,NULL,NULL,NULL,NULL,1,10,1,0,NULL,'2025-12-20 15:20:52','2025-12-20 15:20:52'),(4730,11,NULL,NULL,'GEOL-YCIP-SCMC-COVE','SN-1J8EMK3EXR8F','available',NULL,NULL,NULL,NULL,NULL,1,10,1,0,NULL,'2025-12-20 15:20:52','2025-12-20 15:20:52'),(4731,11,NULL,NULL,'BODZ-OUPN-VPAM-W2H4','SN-Q3TODWM25VEY','available',NULL,NULL,NULL,NULL,NULL,1,10,1,0,NULL,'2025-12-20 15:20:52','2025-12-20 15:20:52'),(4732,11,NULL,NULL,'VJ8L-V5K1-OIKQ-PPN1','SN-J0VQPHULVUL2','available',NULL,NULL,NULL,NULL,NULL,1,10,1,0,NULL,'2025-12-20 15:20:52','2025-12-20 15:20:52'),(4733,11,NULL,NULL,'SMKL-MNCL-NV7N-I7YS','SN-VUDJCRG38RTP','available',NULL,NULL,NULL,NULL,NULL,1,10,1,0,NULL,'2025-12-20 15:20:52','2025-12-20 15:20:52'),(4734,11,NULL,NULL,'FYHX-CLAO-HIYR-HP7T','SN-LXVQLTPUZ4FU','available',NULL,NULL,NULL,NULL,NULL,1,10,1,0,NULL,'2025-12-20 15:20:52','2025-12-20 15:20:52'),(4735,11,NULL,NULL,'LO5S-ARRR-2FJX-AYQC','SN-VG9J8R5NZGAA','available',NULL,NULL,NULL,NULL,NULL,1,10,1,0,NULL,'2025-12-20 15:20:52','2025-12-20 15:20:52'),(4736,11,NULL,NULL,'8E1D-FB4X-TKEX-NMQ2','SN-9BOP8UIHJPAQ','available',NULL,NULL,NULL,NULL,NULL,1,10,1,0,NULL,'2025-12-20 15:20:52','2025-12-20 15:20:52'),(4737,11,NULL,NULL,'ESQN-J342-UXLW-GUU8','SN-QWFPWSAMNF6E','available',NULL,NULL,NULL,NULL,NULL,1,10,1,0,NULL,'2025-12-20 15:20:52','2025-12-20 15:20:52'),(4738,11,NULL,NULL,'DUYV-UZCF-FSI9-OTQR','SN-YUQZ2WL0YAIH','available',NULL,NULL,NULL,NULL,NULL,1,10,1,0,NULL,'2025-12-20 15:20:52','2025-12-20 15:20:52'),(4739,11,NULL,NULL,'TPHG-DD5G-VHOD-NURE','SN-G25U7ILTNRRG','available',NULL,NULL,NULL,NULL,NULL,1,10,1,0,NULL,'2025-12-20 15:20:52','2025-12-20 15:20:52'),(4740,11,NULL,NULL,'YAUJ-RD7F-Q7CF-7LFI','SN-DCLYTHVW9AN2','available',NULL,NULL,NULL,NULL,NULL,1,10,1,0,NULL,'2025-12-20 15:20:52','2025-12-20 15:20:52'),(4741,11,NULL,NULL,'V8U6-VQDL-SAIP-EOWX','SN-79OGEWRFEA1B','available',NULL,NULL,NULL,NULL,NULL,1,10,1,0,NULL,'2025-12-20 15:20:52','2025-12-20 15:20:52'),(4742,11,NULL,NULL,'JRWJ-N7J8-DBVS-HQW7','SN-HRX6IZPHWTBR','available',NULL,NULL,NULL,NULL,NULL,1,10,1,0,NULL,'2025-12-20 15:20:52','2025-12-20 15:20:52'),(4743,11,NULL,NULL,'5CX8-QNR5-PP8G-WLL8','SN-9YMJAIHHNZQ0','available',NULL,NULL,NULL,NULL,NULL,1,10,1,0,NULL,'2025-12-20 15:20:52','2025-12-20 15:20:52'),(4744,11,NULL,NULL,'EDO3-JJNV-5SWK-EJVO','SN-WOJ5ST0IRSSE','available',NULL,NULL,NULL,NULL,NULL,1,10,1,0,NULL,'2025-12-20 15:20:52','2025-12-20 15:20:52'),(4745,11,NULL,NULL,'41NF-BCYI-BHEX-HEHD','SN-3A0GT5U7JCQX','available',NULL,NULL,NULL,NULL,NULL,1,10,1,0,NULL,'2025-12-20 15:20:52','2025-12-20 15:20:52'),(4746,11,NULL,NULL,'MKU9-UYFM-BZFY-IMK3','SN-TOPBQINAAUWR','available',NULL,NULL,NULL,NULL,NULL,1,10,1,0,NULL,'2025-12-20 15:20:52','2025-12-20 15:20:52'),(4747,11,NULL,NULL,'TJ0F-7GBS-D2F3-3QUC','SN-HST9QP8RE9SP','available',NULL,NULL,NULL,NULL,NULL,1,10,1,0,NULL,'2025-12-20 15:20:52','2025-12-20 15:20:52'),(4748,11,NULL,NULL,'LF07-QGYN-82DL-DP8Q','SN-2K016BBYOITZ','available',NULL,NULL,NULL,NULL,NULL,1,10,1,0,NULL,'2025-12-20 15:20:52','2025-12-20 15:20:52'),(4749,11,NULL,NULL,'IKNQ-WD67-D4MO-NODO','SN-ED1YV5CTAD5L','available',NULL,NULL,NULL,NULL,NULL,1,10,1,0,NULL,'2025-12-20 15:20:52','2025-12-20 15:20:52'),(4750,11,NULL,NULL,'D4ZA-IDPL-S4EJ-0RZ2','SN-AHKYKI8DHVLA','available',NULL,NULL,NULL,NULL,NULL,1,10,1,0,NULL,'2025-12-20 15:20:52','2025-12-20 15:20:52'),(4751,11,NULL,NULL,'WEAG-QOUF-7ICX-PXT3','SN-W9HC5UCJRJKQ','available',NULL,NULL,NULL,NULL,NULL,1,10,1,0,NULL,'2025-12-20 15:20:52','2025-12-20 15:20:52'),(4752,11,NULL,NULL,'DOQV-7XHD-VIRD-PTRI','SN-OYZIJ005V0AK','available',NULL,NULL,NULL,NULL,NULL,1,10,1,0,NULL,'2025-12-20 15:20:52','2025-12-20 15:20:52'),(4753,11,NULL,NULL,'HE5E-GE62-KW78-HXZE','SN-MVEW61CVUCFM','available',NULL,NULL,NULL,NULL,NULL,1,10,1,0,NULL,'2025-12-20 15:20:52','2025-12-20 15:20:52'),(4754,11,NULL,NULL,'BYUF-ZZRJ-IWTK-B2LB','SN-65UTXBNR1R2H','available',NULL,NULL,NULL,NULL,NULL,1,10,1,0,NULL,'2025-12-20 15:20:52','2025-12-20 15:20:52'),(4755,11,NULL,NULL,'MZVJ-A8SN-I55H-XKNJ','SN-G3KGQNEQCO6G','available',NULL,NULL,NULL,NULL,NULL,1,10,1,0,NULL,'2025-12-20 15:20:52','2025-12-20 15:20:52'),(4756,11,NULL,NULL,'XKZL-ZENC-SAS7-YXUT','SN-N5RXLWMOGHHU','available',NULL,NULL,NULL,NULL,NULL,1,10,1,0,NULL,'2025-12-20 15:20:52','2025-12-20 15:20:52'),(4757,11,NULL,NULL,'RSIG-RDTJ-KNCP-892H','SN-YQ5XV9BZHUNT','available',NULL,NULL,NULL,NULL,NULL,1,10,1,0,NULL,'2025-12-20 15:20:52','2025-12-20 15:20:52'),(4758,11,NULL,NULL,'PTIB-OYSX-F0L6-5I0T','SN-GHEILOU4A3FK','available',NULL,NULL,NULL,NULL,NULL,1,10,1,0,NULL,'2025-12-20 15:20:52','2025-12-20 15:20:52'),(4759,11,NULL,NULL,'LXCS-RY3O-ZDRA-9MHR','SN-2YQHX80SDYUU','available',NULL,NULL,NULL,NULL,NULL,1,10,1,0,NULL,'2025-12-20 15:20:52','2025-12-20 15:20:52'),(4760,11,NULL,NULL,'BIHI-WVRY-7JEO-WZRC','SN-KQ0LCIU3SF4Q','available',NULL,NULL,NULL,NULL,NULL,1,10,1,0,NULL,'2025-12-20 15:20:52','2025-12-20 15:20:52'),(4761,11,NULL,NULL,'MWX0-31NP-AOEB-3X7Z','SN-AFWPX9YLTOJU','available',NULL,NULL,NULL,NULL,NULL,1,10,1,0,NULL,'2025-12-20 15:20:52','2025-12-20 15:20:52'),(4762,11,NULL,NULL,'VBYX-OMRH-W6CM-MLE9','SN-6ROGJF7N9QVN','available',NULL,NULL,NULL,NULL,NULL,1,10,1,0,NULL,'2025-12-20 15:20:52','2025-12-20 15:20:52'),(4763,11,NULL,NULL,'6VGV-W5Q4-W65L-PEL6','SN-PA8NI9SUUYCK','available',NULL,NULL,NULL,NULL,NULL,1,10,1,0,NULL,'2025-12-20 15:20:52','2025-12-20 15:20:52'),(4764,11,NULL,NULL,'KOB9-KVV8-EBXH-Q8OG','SN-QFY1BAUERGRR','available',NULL,NULL,NULL,NULL,NULL,1,10,1,0,NULL,'2025-12-20 15:20:52','2025-12-20 15:20:52'),(4765,11,NULL,NULL,'GTOG-EOPH-MXEA-UY31','SN-S8YLMKLPRNH2','available',NULL,NULL,NULL,NULL,NULL,1,10,1,0,NULL,'2025-12-20 15:20:52','2025-12-20 15:20:52'),(4766,11,NULL,NULL,'F8QW-8H6U-KXLJ-Y1ZA','SN-PBWFK7GNLOQN','available',NULL,NULL,NULL,NULL,NULL,1,10,1,0,NULL,'2025-12-20 15:20:52','2025-12-20 15:20:52'),(4767,11,NULL,NULL,'BWZU-WCV6-RMXS-KVRY','SN-WC3FE5F6B6YT','available',NULL,NULL,NULL,NULL,NULL,1,10,1,0,NULL,'2025-12-20 15:20:52','2025-12-20 15:20:52'),(4768,11,NULL,NULL,'XC0U-Y6OB-3DYM-GYQC','SN-GT78VVBT6CM0','available',NULL,NULL,NULL,NULL,NULL,1,10,1,0,NULL,'2025-12-20 15:20:52','2025-12-20 15:20:52'),(4769,11,NULL,NULL,'5E2B-ADWA-LZYV-DV4H','SN-YVSWNXS1W2TY','available',NULL,NULL,NULL,NULL,NULL,1,10,1,0,NULL,'2025-12-20 15:20:52','2025-12-20 15:20:52'),(4770,11,NULL,NULL,'PQKP-POVX-Q4WV-ELD2','SN-ZLKRBV742FSF','available',NULL,NULL,NULL,NULL,NULL,1,10,1,0,NULL,'2025-12-20 15:20:52','2025-12-20 15:20:52'),(4771,11,NULL,NULL,'HCET-OI7R-R9YV-JO5J','SN-5STIRPVZTKIE','available',NULL,NULL,NULL,NULL,NULL,1,10,1,0,NULL,'2025-12-20 15:20:52','2025-12-20 15:20:52'),(4772,11,NULL,NULL,'TTYP-NCTX-D1AX-PUPF','SN-D2SNVEZJZXSX','available',NULL,NULL,NULL,NULL,NULL,1,10,1,0,NULL,'2025-12-20 15:20:52','2025-12-20 15:20:52'),(4773,11,NULL,NULL,'LI8X-75HX-0IUV-QPYB','SN-MPGUDZ5CZSSE','available',NULL,NULL,NULL,NULL,NULL,1,10,1,0,NULL,'2025-12-20 15:20:52','2025-12-20 15:20:52'),(4774,11,NULL,NULL,'QEWH-ZETA-JMVK-J1D3','SN-RBBJSYZ244K6','available',NULL,NULL,NULL,NULL,NULL,1,10,1,0,NULL,'2025-12-20 15:20:52','2025-12-20 15:20:52'),(4775,11,NULL,NULL,'XXZI-N3FC-FBE4-QZBT','SN-JFBWQYNCKGMU','available',NULL,NULL,NULL,NULL,NULL,1,10,1,0,NULL,'2025-12-20 15:20:52','2025-12-20 15:20:52'),(4776,11,NULL,NULL,'GCTH-Z9VI-DEXV-V8YI','SN-TWDMXBZWZHTE','available',NULL,NULL,NULL,NULL,NULL,1,10,1,0,NULL,'2025-12-20 15:20:52','2025-12-20 15:20:52'),(4777,11,NULL,NULL,'QPOP-XXET-JGLM-NIU0','SN-OXIUCR9XM03B','available',NULL,NULL,NULL,NULL,NULL,1,10,1,0,NULL,'2025-12-20 15:20:52','2025-12-20 15:20:52'),(4778,11,NULL,NULL,'8FFR-VLDG-UIKJ-MEW9','SN-C2PNES2MLQI6','available',NULL,NULL,NULL,NULL,NULL,1,10,1,0,NULL,'2025-12-20 15:20:52','2025-12-20 15:20:52'),(4779,11,NULL,NULL,'Y0QL-XBCT-9LRU-VZHT','SN-4V2IZPR8KIN9','available',NULL,NULL,NULL,NULL,NULL,1,10,1,0,NULL,'2025-12-20 15:20:52','2025-12-20 15:20:52'),(4780,11,NULL,NULL,'M1T7-GOW9-KSGC-QDMT','SN-JJHAB9CGFAI1','available',NULL,NULL,NULL,NULL,NULL,1,10,1,0,NULL,'2025-12-20 15:20:52','2025-12-20 15:20:52'),(4781,11,NULL,NULL,'ENAK-PY8Y-FWP6-KFUA','SN-A3BFMLA9VJA9','available',NULL,NULL,NULL,NULL,NULL,1,10,1,0,NULL,'2025-12-20 15:20:52','2025-12-20 15:20:52'),(4782,11,NULL,NULL,'BLHR-47XO-AXM3-KQ54','SN-DRESRKFF6C6A','available',NULL,NULL,NULL,NULL,NULL,1,10,1,0,NULL,'2025-12-20 15:20:52','2025-12-20 15:20:52'),(4783,11,NULL,NULL,'N43X-UEF6-BZKC-968N','SN-7XUNNXS1ADEP','available',NULL,NULL,NULL,NULL,NULL,1,10,1,0,NULL,'2025-12-20 15:20:52','2025-12-20 15:20:52'),(4784,11,NULL,NULL,'NQUP-IIHN-OX08-MEZO','SN-XTTYXRDNPFKE','available',NULL,NULL,NULL,NULL,NULL,1,10,1,0,NULL,'2025-12-20 15:20:52','2025-12-20 15:20:52'),(4785,11,NULL,NULL,'0Z69-UTBO-E6EZ-M1PE','SN-V5YA1EA1WJKC','available',NULL,NULL,NULL,NULL,NULL,1,10,1,0,NULL,'2025-12-20 15:20:52','2025-12-20 15:20:52'),(4786,11,NULL,NULL,'GAGS-ITVT-PA5E-KVOA','SN-RL8DSPHWJPOX','available',NULL,NULL,NULL,NULL,NULL,1,10,1,0,NULL,'2025-12-20 15:20:52','2025-12-20 15:20:52'),(4787,11,NULL,NULL,'DNDA-IPKH-LJXV-061K','SN-ENKRILZKNZCY','available',NULL,NULL,NULL,NULL,NULL,1,10,1,0,NULL,'2025-12-20 15:20:52','2025-12-20 15:20:52'),(4788,11,NULL,NULL,'SPGP-1CFM-1NU5-ZCM5','SN-38QKVOHCYXOP','available',NULL,NULL,NULL,NULL,NULL,1,10,1,0,NULL,'2025-12-20 15:20:52','2025-12-20 15:20:52'),(4789,11,NULL,NULL,'JHPR-AAL6-SG1M-TQQP','SN-G9IILUFU2LRZ','available',NULL,NULL,NULL,NULL,NULL,1,10,1,0,NULL,'2025-12-20 15:20:52','2025-12-20 15:20:52'),(4790,11,NULL,NULL,'2WUJ-1BJZ-0Z4T-K0CH','SN-0TGVLVXNRZNT','available',NULL,NULL,NULL,NULL,NULL,1,10,1,0,NULL,'2025-12-20 15:20:52','2025-12-20 15:20:52'),(4791,11,NULL,NULL,'RUR9-XU5B-UP7Z-5Z4B','SN-7TQ7D2LIRALN','available',NULL,NULL,NULL,NULL,NULL,1,10,1,0,NULL,'2025-12-20 15:20:52','2025-12-20 15:20:52'),(4792,11,NULL,NULL,'YMEM-XBEE-VTOC-GNPL','SN-XGLQQ7GSBHJ0','available',NULL,NULL,NULL,NULL,NULL,1,10,1,0,NULL,'2025-12-20 15:20:52','2025-12-20 15:20:52'),(4793,11,NULL,NULL,'XJXB-5SJF-FENH-X4IY','SN-4XOEALC2GI12','available',NULL,NULL,NULL,NULL,NULL,1,10,1,0,NULL,'2025-12-20 15:20:52','2025-12-20 15:20:52'),(4794,11,NULL,NULL,'KGNT-2OZU-H5IN-R4UA','SN-DPBLHIER9HY3','available',NULL,NULL,NULL,NULL,NULL,1,10,1,0,NULL,'2025-12-20 15:20:52','2025-12-20 15:20:52'),(4795,11,NULL,NULL,'NBAQ-U7UH-BJLX-DHFM','SN-8DVDFXLXYT8H','available',NULL,NULL,NULL,NULL,NULL,1,10,1,0,NULL,'2025-12-20 15:20:52','2025-12-20 15:20:52'),(4796,11,NULL,NULL,'0MT4-SSXK-FUO1-J1UW','SN-U3JX6XRQEOLN','available',NULL,NULL,NULL,NULL,NULL,1,10,1,0,NULL,'2025-12-20 15:20:52','2025-12-20 15:20:52'),(4797,11,NULL,NULL,'QCGK-JGEH-OTK5-4CCW','SN-S7O0W3WPXERT','available',NULL,NULL,NULL,NULL,NULL,1,10,1,0,NULL,'2025-12-20 15:20:52','2025-12-20 15:20:52'),(4798,11,NULL,NULL,'SZEU-6ULX-SFGO-UOZR','SN-DSFRPVBFL1AS','available',NULL,NULL,NULL,NULL,NULL,1,10,1,0,NULL,'2025-12-20 15:20:52','2025-12-20 15:20:52'),(4799,11,NULL,NULL,'6V2W-GXOT-PWIS-1DFY','SN-1N2LLXOGDPAL','available',NULL,NULL,NULL,NULL,NULL,1,10,1,0,NULL,'2025-12-20 15:20:52','2025-12-20 15:20:52'),(4800,11,NULL,NULL,'VSQI-SZBR-WWMP-WQUS','SN-PIIORKUJQYDX','available',NULL,NULL,NULL,NULL,NULL,1,10,1,0,NULL,'2025-12-20 15:20:52','2025-12-20 15:20:52'),(4801,11,NULL,NULL,'UACU-IYR0-4QIR-EJUP','SN-7YYZYRNJNM3H','available',NULL,NULL,NULL,NULL,NULL,1,10,1,0,NULL,'2025-12-20 15:20:52','2025-12-20 15:20:52'),(4802,11,NULL,NULL,'AWIO-GZ6Q-6MDW-NZ9L','SN-5P7AOESADT5N','available',NULL,NULL,NULL,NULL,NULL,1,10,1,0,NULL,'2025-12-20 15:20:52','2025-12-20 15:20:52'),(4803,11,NULL,NULL,'TMLL-YOBD-0UYH-MAI0','SN-LMRMXXBECZMQ','available',NULL,NULL,NULL,NULL,NULL,1,10,1,0,NULL,'2025-12-20 15:20:52','2025-12-20 15:20:52'),(4804,11,NULL,NULL,'ZHIL-ZQR2-WZB5-N2LK','SN-57FEQND04PDC','available',NULL,NULL,NULL,NULL,NULL,1,10,1,0,NULL,'2025-12-20 15:20:52','2025-12-20 15:20:52'),(4805,11,NULL,NULL,'MN1V-0HN7-ZY1L-ULDG','SN-Z3SKZ1LHOCZ9','available',NULL,NULL,NULL,NULL,NULL,1,10,1,0,NULL,'2025-12-20 15:20:52','2025-12-20 15:20:52'),(4806,11,NULL,NULL,'TZLM-VJAL-LFZA-RDN0','SN-UJEQW7F6TACL','available',NULL,NULL,NULL,NULL,NULL,1,10,1,0,NULL,'2025-12-20 15:20:52','2025-12-20 15:20:52'),(4807,11,NULL,NULL,'3CPL-C5HW-ANSC-UDYW','SN-ASYAX7NOJDNE','available',NULL,NULL,NULL,NULL,NULL,1,10,1,0,NULL,'2025-12-20 15:20:52','2025-12-20 15:20:52'),(4808,11,NULL,NULL,'XWGA-EE9M-N5ZQ-QJHF','SN-PB1IPKXRXRHX','available',NULL,NULL,NULL,NULL,NULL,1,10,1,0,NULL,'2025-12-20 15:20:52','2025-12-20 15:20:52'),(4809,11,NULL,NULL,'WWAM-595M-ZGHH-JJS0','SN-W7SR21Q7RH5H','available',NULL,NULL,NULL,NULL,NULL,1,10,1,0,NULL,'2025-12-20 15:20:52','2025-12-20 15:20:52'),(4810,11,NULL,NULL,'ZFME-YYAN-BCXE-5URT','SN-KZKOOAT6JT9O','available',NULL,NULL,NULL,NULL,NULL,1,10,1,0,NULL,'2025-12-20 15:20:52','2025-12-20 15:20:52'),(4811,11,NULL,NULL,'0Q95-O1EW-CDV7-O2IK','SN-QPJFZH7KWQDI','available',NULL,NULL,NULL,NULL,NULL,1,10,1,0,NULL,'2025-12-20 15:20:52','2025-12-20 15:20:52'),(4812,11,NULL,NULL,'5WDG-MU7P-MCNZ-1DGH','SN-MHDAKPMPD17K','available',NULL,NULL,NULL,NULL,NULL,1,10,1,0,NULL,'2025-12-20 15:20:52','2025-12-20 15:20:52'),(4813,11,NULL,NULL,'BXEN-RBCT-DYCU-LG9D','SN-DC9YWHPIAKVF','available',NULL,NULL,NULL,NULL,NULL,1,10,1,0,NULL,'2025-12-20 15:20:52','2025-12-20 15:20:52'),(4814,11,NULL,NULL,'DSON-7GM2-HCYI-X09M','SN-VW7IM6UCDQY4','available',NULL,NULL,NULL,NULL,NULL,1,10,1,0,NULL,'2025-12-20 15:20:52','2025-12-20 15:20:52'),(4815,11,NULL,NULL,'1SVF-W6S5-6EPM-QPWP','SN-3PB6MTT3WZJ0','available',NULL,NULL,NULL,NULL,NULL,1,10,1,0,NULL,'2025-12-20 15:20:52','2025-12-20 15:20:52'),(4816,11,NULL,NULL,'GETY-M3RQ-WSGN-AQBB','SN-EC6PG1SAAJT9','available',NULL,NULL,NULL,NULL,NULL,1,10,1,0,NULL,'2025-12-20 15:20:52','2025-12-20 15:20:52'),(4817,11,NULL,NULL,'JIMH-WA7L-AFIS-4OMV','SN-0CF6WR8JC8LS','available',NULL,NULL,NULL,NULL,NULL,1,10,1,0,NULL,'2025-12-20 15:20:52','2025-12-20 15:20:52'),(4818,11,NULL,NULL,'71NX-OTVO-0F0B-L4HJ','SN-O1LYOB5PYM1H','available',NULL,NULL,NULL,NULL,NULL,1,10,1,0,NULL,'2025-12-20 15:20:52','2025-12-20 15:20:52'),(4819,11,NULL,NULL,'AZS4-AAHH-Q0WD-W986','SN-OR7VC9KZIP5T','available',NULL,NULL,NULL,NULL,NULL,1,10,1,0,NULL,'2025-12-20 15:20:52','2025-12-20 15:20:52'),(4820,11,NULL,NULL,'OWBN-EGHC-0GCT-R6XV','SN-T76A19FF1TSQ','available',NULL,NULL,NULL,NULL,NULL,1,10,1,0,NULL,'2025-12-20 15:20:52','2025-12-20 15:20:52'),(4821,11,NULL,NULL,'XA1Q-OFSB-DNVN-VBW4','SN-SRTLK1UH94CA','available',NULL,NULL,NULL,NULL,NULL,1,10,1,0,NULL,'2025-12-20 15:20:52','2025-12-20 15:20:52'),(4822,11,NULL,NULL,'KLGV-V6DF-KI0C-ADDS','SN-LP19QC1RENV3','available',NULL,NULL,NULL,NULL,NULL,1,10,1,0,NULL,'2025-12-20 15:20:52','2025-12-20 15:20:52'),(4823,11,NULL,NULL,'QIU1-SNKT-SLUM-5FSH','SN-DDIOD93GJ85F','available',NULL,NULL,NULL,NULL,NULL,1,10,1,0,NULL,'2025-12-20 15:20:52','2025-12-20 15:20:52'),(4824,11,NULL,NULL,'C2T1-HKUF-JII4-F72E','SN-EX1W4KP84C7C','available',NULL,NULL,NULL,NULL,NULL,1,10,1,0,NULL,'2025-12-20 15:20:52','2025-12-20 15:20:52'),(4825,11,NULL,NULL,'CHOB-8KJT-CQPV-0YNR','SN-TSFUITYVNQDM','available',NULL,NULL,NULL,NULL,NULL,1,10,1,0,NULL,'2025-12-20 15:20:52','2025-12-20 15:20:52'),(4826,11,NULL,NULL,'JY91-QKHT-RLVQ-SDH8','SN-2GD7VTVIC2WZ','available',NULL,NULL,NULL,NULL,NULL,1,10,1,0,NULL,'2025-12-20 15:20:52','2025-12-20 15:20:52'),(4827,11,NULL,NULL,'IRRG-OQGC-OYIV-NGFH','SN-JXEMUWQCZA0Y','available',NULL,NULL,NULL,NULL,NULL,1,10,1,0,NULL,'2025-12-20 15:20:52','2025-12-20 15:20:52'),(4828,11,NULL,NULL,'3WPO-EQZI-U3VD-BHVM','SN-JLQDOULT2OOM','available',NULL,NULL,NULL,NULL,NULL,1,10,1,0,NULL,'2025-12-20 15:20:52','2025-12-20 15:20:52'),(4829,11,NULL,NULL,'OEIF-B34F-LTJB-GDOC','SN-UFOGQQ7HRPBZ','available',NULL,NULL,NULL,NULL,NULL,1,10,1,0,NULL,'2025-12-20 15:20:52','2025-12-20 15:20:52'),(4830,11,NULL,NULL,'2FSF-XAVS-LSPY-ZGJE','SN-DYCLUZSATIKO','available',NULL,NULL,NULL,NULL,NULL,1,10,1,0,NULL,'2025-12-20 15:20:52','2025-12-20 15:20:52'),(4831,11,NULL,NULL,'4ZMX-B3UA-JQOX-8HKU','SN-LG3DEOIXTA2L','available',NULL,NULL,NULL,NULL,NULL,1,10,1,0,NULL,'2025-12-20 15:20:52','2025-12-20 15:20:52'),(4832,11,NULL,NULL,'UMVC-6OFV-J5VY-VGP7','SN-GE9ECEPJHO0H','available',NULL,NULL,NULL,NULL,NULL,1,10,1,0,NULL,'2025-12-20 15:20:52','2025-12-20 15:20:52'),(4833,11,NULL,NULL,'SSGN-3VUE-963H-D0SH','SN-PWUFSLDYMQSH','available',NULL,NULL,NULL,NULL,NULL,1,10,1,0,NULL,'2025-12-20 15:20:52','2025-12-20 15:20:52'),(4834,11,NULL,NULL,'HQ2J-EJPS-ZVZO-T3U2','SN-O3QKIWWQHN4X','available',NULL,NULL,NULL,NULL,NULL,1,10,1,0,NULL,'2025-12-20 15:20:52','2025-12-20 15:20:52'),(4835,11,NULL,NULL,'WUOM-UOPG-JCDK-T0LB','SN-EZIU0P6ICCFT','available',NULL,NULL,NULL,NULL,NULL,1,10,1,0,NULL,'2025-12-20 15:20:52','2025-12-20 15:20:52'),(4836,11,NULL,NULL,'MIJA-FY4G-BA86-8LOD','SN-K4KQKARWNDIJ','available',NULL,NULL,NULL,NULL,NULL,1,10,1,0,NULL,'2025-12-20 15:20:52','2025-12-20 15:20:52'),(4837,11,NULL,NULL,'0QHB-89LU-53TM-IQP3','SN-05910UYDGDPD','available',NULL,NULL,NULL,NULL,NULL,1,10,1,0,NULL,'2025-12-20 15:20:52','2025-12-20 15:20:52'),(4838,11,NULL,NULL,'R92X-TVJ4-DWP9-KV3A','SN-FFQHQLQUG25X','available',NULL,NULL,NULL,NULL,NULL,1,10,1,0,NULL,'2025-12-20 15:20:52','2025-12-20 15:20:52'),(4839,11,NULL,NULL,'UXOF-8UEY-TDSO-2MDQ','SN-VHE9QWCMEFQR','available',NULL,NULL,NULL,NULL,NULL,1,10,1,0,NULL,'2025-12-20 15:20:52','2025-12-20 15:20:52'),(4840,11,NULL,NULL,'A2TU-8EQ9-OQXP-1HKE','SN-QOHQXOVI2ZUG','available',NULL,NULL,NULL,NULL,NULL,1,10,1,0,NULL,'2025-12-20 15:20:52','2025-12-20 15:20:52'),(4841,11,NULL,NULL,'NHNP-QOKP-PXPA-OTTS','SN-FRZFCQLWDG17','available',NULL,NULL,NULL,NULL,NULL,1,10,1,0,NULL,'2025-12-20 15:20:52','2025-12-20 15:20:52'),(4842,11,NULL,NULL,'GQLB-DNGL-J70J-XUTJ','SN-6CWOVFEIVYKQ','available',NULL,NULL,NULL,NULL,NULL,1,10,1,0,NULL,'2025-12-20 15:20:52','2025-12-20 15:20:52'),(4843,11,NULL,NULL,'I4PE-H2Q3-JVKR-VWNJ','SN-LTP11P5UUGAV','available',NULL,NULL,NULL,NULL,NULL,1,10,1,0,NULL,'2025-12-20 15:20:52','2025-12-20 15:20:52'),(4844,11,NULL,NULL,'HWCU-FNTV-FQG6-GCMY','SN-7LXIAAEMQIY5','available',NULL,NULL,NULL,NULL,NULL,1,10,1,0,NULL,'2025-12-20 15:20:52','2025-12-20 15:20:52'),(4845,11,NULL,NULL,'BZCJ-0KP8-5N1I-0W2H','SN-UH2QTJULL6O9','available',NULL,NULL,NULL,NULL,NULL,1,10,1,0,NULL,'2025-12-20 15:20:52','2025-12-20 15:20:52'),(4846,11,NULL,NULL,'D8YC-1CAW-YFMB-B2SH','SN-LRW39PPIC2WP','available',NULL,NULL,NULL,NULL,NULL,1,10,1,0,NULL,'2025-12-20 15:20:52','2025-12-20 15:20:52'),(4847,11,NULL,NULL,'2NBM-ZJHX-XEMC-JH1K','SN-K9ZQGVABDGPV','available',NULL,NULL,NULL,NULL,NULL,1,10,1,0,NULL,'2025-12-20 15:20:52','2025-12-20 15:20:52'),(4848,11,NULL,NULL,'L9IU-EDV0-BMMA-MFQX','SN-9NF99IPUVKCF','available',NULL,NULL,NULL,NULL,NULL,1,10,1,0,NULL,'2025-12-20 15:20:52','2025-12-20 15:20:52'),(4849,11,NULL,NULL,'L48R-OEX4-P4QX-NTUV','SN-NCA2PAGDJYM5','available',NULL,NULL,NULL,NULL,NULL,1,10,1,0,NULL,'2025-12-20 15:20:52','2025-12-20 15:20:52'),(4850,11,NULL,NULL,'IUAF-CNYI-HX48-SDZY','SN-29YPBOMT2XDC','available',NULL,NULL,NULL,NULL,NULL,1,10,1,0,NULL,'2025-12-20 15:20:52','2025-12-20 15:20:52'),(4851,11,NULL,NULL,'ZTM5-N1WR-XACZ-SWGB','SN-OQAG2BOZX6JI','available',NULL,NULL,NULL,NULL,NULL,1,10,1,0,NULL,'2025-12-20 15:20:52','2025-12-20 15:20:52'),(4852,11,NULL,NULL,'K4BI-WZMM-TYUV-X81B','SN-OI0S7GZN26SW','available',NULL,NULL,NULL,NULL,NULL,1,10,1,0,NULL,'2025-12-20 15:20:52','2025-12-20 15:20:52'),(4853,11,NULL,NULL,'7HIC-Y3W8-HYJN-WNUB','SN-KCSAWXVCXXL0','available',NULL,NULL,NULL,NULL,NULL,1,10,1,0,NULL,'2025-12-20 15:20:52','2025-12-20 15:20:52'),(4854,11,NULL,NULL,'W2FG-FJET-M6Y7-7WM7','SN-XSC21CP6E1FA','available',NULL,NULL,NULL,NULL,NULL,1,10,1,0,NULL,'2025-12-20 15:20:52','2025-12-20 15:20:52'),(4855,11,NULL,NULL,'1KWQ-TTU9-RSBF-LXS1','SN-AQ9TG0KRT4TM','available',NULL,NULL,NULL,NULL,NULL,1,10,1,0,NULL,'2025-12-20 15:20:52','2025-12-20 15:20:52'),(4856,11,NULL,NULL,'ERV2-HSBZ-ZJJO-XFJ1','SN-VG5F4QD0RYBY','available',NULL,NULL,NULL,NULL,NULL,1,10,1,0,NULL,'2025-12-20 15:20:52','2025-12-20 15:20:52'),(4857,11,NULL,NULL,'GRRY-CB22-SRAJ-KCEW','SN-EKZVXOBANZVX','available',NULL,NULL,NULL,NULL,NULL,1,10,1,0,NULL,'2025-12-20 15:20:52','2025-12-20 15:20:52'),(4858,11,NULL,NULL,'EYBT-ECAG-RZID-YXKF','SN-TXJSJDHLO7IU','available',NULL,NULL,NULL,NULL,NULL,1,10,1,0,NULL,'2025-12-20 15:20:52','2025-12-20 15:20:52'),(4859,11,NULL,NULL,'8BCD-TAET-QYXL-BPME','SN-MSAUEB8I4K7Q','available',NULL,NULL,NULL,NULL,NULL,1,10,1,0,NULL,'2025-12-20 15:20:52','2025-12-20 15:20:52'),(4860,11,NULL,NULL,'ECYQ-OD4S-E7C3-IPBS','SN-EPLJJKY1B3EF','available',NULL,NULL,NULL,NULL,NULL,1,10,1,0,NULL,'2025-12-20 15:20:52','2025-12-20 15:20:52'),(4861,11,NULL,NULL,'8ZW7-EWDC-PZWT-NRSJ','SN-CDNL8JTXEMUP','available',NULL,NULL,NULL,NULL,NULL,1,10,1,0,NULL,'2025-12-20 15:20:52','2025-12-20 15:20:52'),(4862,11,NULL,NULL,'HW4T-WXBI-IV9S-DMXB','SN-KZPMXCPTPYE1','available',NULL,NULL,NULL,NULL,NULL,1,10,1,0,NULL,'2025-12-20 15:20:52','2025-12-20 15:20:52'),(4863,11,NULL,NULL,'NRLQ-8YAY-6KBK-C2GJ','SN-EUGMYKJHS0RU','available',NULL,NULL,NULL,NULL,NULL,1,10,1,0,NULL,'2025-12-20 15:20:52','2025-12-20 15:20:52'),(4864,11,NULL,NULL,'5GNX-85CV-GILD-VJAY','SN-F9QRLHV3NM3R','available',NULL,NULL,NULL,NULL,NULL,1,10,1,0,NULL,'2025-12-20 15:20:52','2025-12-20 15:20:52'),(4865,11,NULL,NULL,'QG2D-DJEY-KAU1-ESHO','SN-OHRR4KK33MGP','available',NULL,NULL,NULL,NULL,NULL,1,10,1,0,NULL,'2025-12-20 15:20:52','2025-12-20 15:20:52'),(4866,11,NULL,NULL,'XY6G-TTSM-RFQD-EKH5','SN-NWKHP06VHZSJ','available',NULL,NULL,NULL,NULL,NULL,1,10,1,0,NULL,'2025-12-20 15:20:52','2025-12-20 15:20:52'),(4867,11,NULL,NULL,'Z0AV-DIBP-M5NI-61Z8','SN-WQ2CKWJX4LDO','available',NULL,NULL,NULL,NULL,NULL,1,10,1,0,NULL,'2025-12-20 15:20:52','2025-12-20 15:20:52'),(4868,11,NULL,NULL,'LMH8-HSVQ-DEK0-YC3V','SN-EM6LREL2ZFXV','available',NULL,NULL,NULL,NULL,NULL,1,10,1,0,NULL,'2025-12-20 15:20:52','2025-12-20 15:20:52'),(4869,11,NULL,NULL,'SVED-CXVV-H11Y-1PPJ','SN-MARLE3ZCV1DE','available',NULL,NULL,NULL,NULL,NULL,1,10,1,0,NULL,'2025-12-20 15:20:52','2025-12-20 15:20:52'),(4870,11,NULL,NULL,'JU8B-NF0L-XKEW-UQ2G','SN-2KSUXAZYKDQP','available',NULL,NULL,NULL,NULL,NULL,1,10,1,0,NULL,'2025-12-20 15:20:52','2025-12-20 15:20:52'),(4871,11,NULL,NULL,'9VIY-FSKU-GFV1-VUR6','SN-QZ7XZBGI9BNQ','available',NULL,NULL,NULL,NULL,NULL,1,10,1,0,NULL,'2025-12-20 15:20:52','2025-12-20 15:20:52'),(4872,11,NULL,NULL,'JGEU-T5WQ-VULT-2UV5','SN-LIUACWP44PGH','available',NULL,NULL,NULL,NULL,NULL,1,10,1,0,NULL,'2025-12-20 15:20:52','2025-12-20 15:20:52'),(4873,11,NULL,NULL,'0XDK-FXKD-SAUV-9NY3','SN-FRD8R7N1JHEH','available',NULL,NULL,NULL,NULL,NULL,1,10,1,0,NULL,'2025-12-20 15:20:52','2025-12-20 15:20:52'),(4874,11,NULL,NULL,'FASZ-QEVL-PNET-8B1B','SN-A8T3CNJQWGNX','available',NULL,NULL,NULL,NULL,NULL,1,10,1,0,NULL,'2025-12-20 15:20:52','2025-12-20 15:20:52'),(4875,11,NULL,NULL,'DJ9F-CM6N-CFYE-YLGH','SN-RYNLEVXRO6HZ','available',NULL,NULL,NULL,NULL,NULL,1,10,1,0,NULL,'2025-12-20 15:20:52','2025-12-20 15:20:52'),(4876,11,NULL,NULL,'R6PX-6YJE-TR9M-ECT2','SN-ULMYUPBN9BXH','available',NULL,NULL,NULL,NULL,NULL,1,10,1,0,NULL,'2025-12-20 15:20:52','2025-12-20 15:20:52'),(4877,11,NULL,NULL,'ZULX-UQAT-FBK5-XKS2','SN-CGZA9R6AT1XK','available',NULL,NULL,NULL,NULL,NULL,1,10,1,0,NULL,'2025-12-20 15:20:52','2025-12-20 15:20:52'),(4878,11,NULL,NULL,'IQKW-PCEY-NDMA-KNLB','SN-PLDEINJ1UVLE','available',NULL,NULL,NULL,NULL,NULL,1,10,1,0,NULL,'2025-12-20 15:20:52','2025-12-20 15:20:52'),(4879,11,NULL,NULL,'IRNA-AQIF-LQNA-KSUC','SN-CC3DGHZGPECS','available',NULL,NULL,NULL,NULL,NULL,1,10,1,0,NULL,'2025-12-20 15:20:52','2025-12-20 15:20:52'),(4880,11,NULL,NULL,'62D5-SQWA-LOPV-ASIV','SN-CQWY3J68GEXR','available',NULL,NULL,NULL,NULL,NULL,1,10,1,0,NULL,'2025-12-20 15:20:52','2025-12-20 15:20:52'),(4881,11,NULL,NULL,'RGAW-O6FG-8EJ5-1OJB','SN-LGXZ1EB998IU','available',NULL,NULL,NULL,NULL,NULL,1,10,1,0,NULL,'2025-12-20 15:20:52','2025-12-20 15:20:52'),(4882,11,NULL,NULL,'EFZS-0BJU-UUQD-ZKF7','SN-WDBZJF4D1L1L','available',NULL,NULL,NULL,NULL,NULL,1,10,1,0,NULL,'2025-12-20 15:20:52','2025-12-20 15:20:52'),(4883,11,NULL,NULL,'U5DS-QP4E-SQZY-2A7A','SN-FTDF3L5DBI1E','available',NULL,NULL,NULL,NULL,NULL,1,10,1,0,NULL,'2025-12-20 15:20:52','2025-12-20 15:20:52'),(4884,11,NULL,NULL,'LKUL-QIED-MU7Q-EAJ5','SN-B5CLMQHZ4PT3','available',NULL,NULL,NULL,NULL,NULL,1,10,1,0,NULL,'2025-12-20 15:20:52','2025-12-20 15:20:52'),(4885,11,NULL,NULL,'TGDD-51DC-LGEG-XXA1','SN-04PZ4LJTHKFH','available',NULL,NULL,NULL,NULL,NULL,1,10,1,0,NULL,'2025-12-20 15:20:52','2025-12-20 15:20:52'),(4886,11,NULL,NULL,'S2XE-9RRX-Z6FU-7WZZ','SN-LGKMRRYEAUBF','available',NULL,NULL,NULL,NULL,NULL,1,10,1,0,NULL,'2025-12-20 15:20:52','2025-12-20 15:20:52'),(4887,11,NULL,NULL,'RMAX-TSR2-R2GP-QEOA','SN-EJLLN02MDVBE','available',NULL,NULL,NULL,NULL,NULL,1,10,1,0,NULL,'2025-12-20 15:20:52','2025-12-20 15:20:52'),(4888,11,NULL,NULL,'AABT-PDBR-N2IP-AIM7','SN-XK3G9QXUJMZ2','available',NULL,NULL,NULL,NULL,NULL,1,10,1,0,NULL,'2025-12-20 15:20:52','2025-12-20 15:20:52'),(4889,11,NULL,NULL,'DXNX-SI3R-GFSF-KKSO','SN-9JTVTVUCHXGQ','available',NULL,NULL,NULL,NULL,NULL,1,10,1,0,NULL,'2025-12-20 15:20:52','2025-12-20 15:20:52'),(4890,11,NULL,NULL,'ZVMM-5ZUV-H7T5-DSX6','SN-KJOAI0XOYZBD','available',NULL,NULL,NULL,NULL,NULL,1,10,1,0,NULL,'2025-12-20 15:20:52','2025-12-20 15:20:52'),(4891,11,NULL,NULL,'5X42-GPI1-EGQA-GDZS','SN-GTZD0ALBYKFB','available',NULL,NULL,NULL,NULL,NULL,1,10,1,0,NULL,'2025-12-20 15:20:52','2025-12-20 15:20:52'),(4892,11,NULL,NULL,'AWMM-15WL-SBGS-Z81S','SN-QDWY54RFJII4','available',NULL,NULL,NULL,NULL,NULL,1,10,1,0,NULL,'2025-12-20 15:20:52','2025-12-20 15:20:52'),(4893,11,NULL,NULL,'NIVI-SSU0-OZIQ-I2MQ','SN-BMFN1QZ6JVJS','available',NULL,NULL,NULL,NULL,NULL,1,10,1,0,NULL,'2025-12-20 15:20:52','2025-12-20 15:20:52'),(4894,11,NULL,NULL,'D6RF-IYEJ-O7R1-UXJS','SN-WOFFMVPNDBYG','available',NULL,NULL,NULL,NULL,NULL,1,10,1,0,NULL,'2025-12-20 15:20:52','2025-12-20 15:20:52'),(4895,11,NULL,NULL,'CZU7-XFCE-C2YC-EVVT','SN-HIFUPFPGLYMT','available',NULL,NULL,NULL,NULL,NULL,1,10,1,0,NULL,'2025-12-20 15:20:52','2025-12-20 15:20:52'),(4896,11,NULL,NULL,'Y0BD-EIZF-QSWC-OX4K','SN-5XO4TJBYMA4U','available',NULL,NULL,NULL,NULL,NULL,1,10,1,0,NULL,'2025-12-20 15:20:52','2025-12-20 15:20:52'),(4897,11,NULL,NULL,'8JLC-0JW9-05XH-YHSM','SN-GCCV6VNEKGET','available',NULL,NULL,NULL,NULL,NULL,1,10,1,0,NULL,'2025-12-20 15:20:52','2025-12-20 15:20:52'),(4898,11,NULL,NULL,'WDY0-TA7I-DYPV-ZLIS','SN-XGVYV2YXHRMA','available',NULL,NULL,NULL,NULL,NULL,1,10,1,0,NULL,'2025-12-20 15:20:52','2025-12-20 15:20:52'),(4899,11,NULL,NULL,'FFRA-9YBH-J2VL-FL4H','SN-JARWNBC9OKFY','available',NULL,NULL,NULL,NULL,NULL,1,10,1,0,NULL,'2025-12-20 15:20:52','2025-12-20 15:20:52'),(4900,11,NULL,NULL,'BHR2-YD7O-VZCC-HWMX','SN-4X2GQP0XMMWW','available',NULL,NULL,NULL,NULL,NULL,1,10,1,0,NULL,'2025-12-20 15:20:52','2025-12-20 15:20:52'),(4901,11,NULL,NULL,'5YAD-GRDH-SUBY-PCCA','SN-PHC5SRFGTXSO','available',NULL,NULL,NULL,NULL,NULL,1,10,1,0,NULL,'2025-12-20 15:20:52','2025-12-20 15:20:52'),(4902,11,NULL,NULL,'QBPY-PLNE-3Q3G-RLLB','SN-QV3ZBV858Q1D','available',NULL,NULL,NULL,NULL,NULL,1,10,1,0,NULL,'2025-12-20 15:20:52','2025-12-20 15:20:52'),(4903,11,NULL,NULL,'B5UR-PQIF-XKLF-7HDV','SN-KSMI041KOFBS','available',NULL,NULL,NULL,NULL,NULL,1,10,1,0,NULL,'2025-12-20 15:20:52','2025-12-20 15:20:52'),(4904,11,NULL,NULL,'HNWJ-TBYL-1DNZ-GACA','SN-TZI2YLP4DJSW','available',NULL,NULL,NULL,NULL,NULL,1,10,1,0,NULL,'2025-12-20 15:20:52','2025-12-20 15:20:52'),(4905,11,NULL,NULL,'JK53-PMOY-LPG2-URDL','SN-FECF0A0EOEO8','available',NULL,NULL,NULL,NULL,NULL,1,10,1,0,NULL,'2025-12-20 15:20:52','2025-12-20 15:20:52'),(4906,11,NULL,NULL,'2LWC-LJEE-9QOC-8RZW','SN-7CAYM6ZKQCRO','available',NULL,NULL,NULL,NULL,NULL,1,10,1,0,NULL,'2025-12-20 15:20:52','2025-12-20 15:20:52'),(4907,11,NULL,NULL,'IBEX-JEG3-SMJU-7KMD','SN-LSX06NAIUDTM','available',NULL,NULL,NULL,NULL,NULL,1,10,1,0,NULL,'2025-12-20 15:20:52','2025-12-20 15:20:52'),(4908,11,NULL,NULL,'IMBJ-G6DC-P0MU-X2FZ','SN-53FGMSIN8JHE','available',NULL,NULL,NULL,NULL,NULL,1,10,1,0,NULL,'2025-12-20 15:20:52','2025-12-20 15:20:52'),(4909,11,NULL,NULL,'0VIQ-D426-0ECE-AATP','SN-ZRHKL2DFHPLM','available',NULL,NULL,NULL,NULL,NULL,1,10,1,0,NULL,'2025-12-20 15:20:52','2025-12-20 15:20:52'),(4910,11,NULL,NULL,'WILN-UBCS-CGLQ-NLOQ','SN-C6LDKRILB3PD','available',NULL,NULL,NULL,NULL,NULL,1,10,1,0,NULL,'2025-12-20 15:20:52','2025-12-20 15:20:52'),(4911,11,NULL,NULL,'4VYS-J46Z-ZLW9-HTK1','SN-13WLVO8XKSCV','available',NULL,NULL,NULL,NULL,NULL,1,10,1,0,NULL,'2025-12-20 15:20:52','2025-12-20 15:20:52'),(4912,11,NULL,NULL,'X2LW-2PAR-8RDI-RVPH','SN-JSO9WOBMD3T3','available',NULL,NULL,NULL,NULL,NULL,1,10,1,0,NULL,'2025-12-20 15:20:52','2025-12-20 15:20:52'),(4913,11,NULL,NULL,'5SI5-BCEB-MKQ0-N3CE','SN-D2Y8R4OJDPVJ','available',NULL,NULL,NULL,NULL,NULL,1,10,1,0,NULL,'2025-12-20 15:20:52','2025-12-20 15:20:52'),(4914,11,NULL,NULL,'1VJH-ZGOX-NTZ4-CO47','SN-VKKPB3W4HCSM','available',NULL,NULL,NULL,NULL,NULL,1,10,1,0,NULL,'2025-12-20 15:20:52','2025-12-20 15:20:52'),(4915,11,NULL,NULL,'ZHR4-6EIM-ACVB-R0X0','SN-NIGCKH5UUFI7','available',NULL,NULL,NULL,NULL,NULL,1,10,1,0,NULL,'2025-12-20 15:20:52','2025-12-20 15:20:52'),(4916,11,NULL,NULL,'6XYP-QAUJ-RK3V-SBC4','SN-YOHBIKCBVEOO','available',NULL,NULL,NULL,NULL,NULL,1,10,1,0,NULL,'2025-12-20 15:20:52','2025-12-20 15:20:52'),(4917,11,NULL,NULL,'PZ4P-JLRY-XVPL-ZWWN','SN-CD6B4ZT4BN0K','available',NULL,NULL,NULL,NULL,NULL,1,10,1,0,NULL,'2025-12-20 15:20:52','2025-12-20 15:20:52'),(4918,11,NULL,NULL,'MQCY-0XA1-F19O-R1JY','SN-KGECRTI5TY9K','available',NULL,NULL,NULL,NULL,NULL,1,10,1,0,NULL,'2025-12-20 15:20:52','2025-12-20 15:20:52'),(4919,11,NULL,NULL,'LNWR-NS9M-USLM-QAZN','SN-45K2H1RVXQW3','available',NULL,NULL,NULL,NULL,NULL,1,10,1,0,NULL,'2025-12-20 15:20:52','2025-12-20 15:20:52'),(4920,11,NULL,NULL,'UQFJ-QGMN-GFD8-P4GT','SN-SWN8WUPOHT6N','available',NULL,NULL,NULL,NULL,NULL,1,10,1,0,NULL,'2025-12-20 15:20:52','2025-12-20 15:20:52'),(4921,11,NULL,NULL,'PTAA-PCVL-2UKS-IJNX','SN-SOZM819CAIDU','available',NULL,NULL,NULL,NULL,NULL,1,10,1,0,NULL,'2025-12-20 15:20:52','2025-12-20 15:20:52'),(4922,11,NULL,NULL,'MADK-GAHV-0TJ1-TWIM','SN-Y5YTOACFGFYY','available',NULL,NULL,NULL,NULL,NULL,1,10,1,0,NULL,'2025-12-20 15:20:52','2025-12-20 15:20:52'),(4923,11,NULL,NULL,'U3TH-EJCZ-FAJV-OVYQ','SN-H643RNAMGDJE','available',NULL,NULL,NULL,NULL,NULL,1,10,1,0,NULL,'2025-12-20 15:20:52','2025-12-20 15:20:52'),(4924,11,NULL,NULL,'II80-EPC1-2YHJ-CDSC','SN-ZNRFCYTMKVC4','available',NULL,NULL,NULL,NULL,NULL,1,10,1,0,NULL,'2025-12-20 15:20:52','2025-12-20 15:20:52'),(4925,11,NULL,NULL,'1IYG-JTHK-CWUH-ZOIF','SN-JU3AC1DEEMJX','available',NULL,NULL,NULL,NULL,NULL,1,10,1,0,NULL,'2025-12-20 15:20:52','2025-12-20 15:20:52'),(4926,11,NULL,NULL,'MPKN-FTYV-W3XC-YL5Q','SN-00WBARYEWLNY','available',NULL,NULL,NULL,NULL,NULL,1,10,1,0,NULL,'2025-12-20 15:20:52','2025-12-20 15:20:52'),(4927,11,NULL,NULL,'2JJW-EDNJ-DADW-7CXZ','SN-RMOKQXPWKIHE','available',NULL,NULL,NULL,NULL,NULL,1,10,1,0,NULL,'2025-12-20 15:20:52','2025-12-20 15:20:52'),(4928,11,NULL,NULL,'DBGN-VQLL-XBMB-WET3','SN-7FUGKLR7HHJH','available',NULL,NULL,NULL,NULL,NULL,1,10,1,0,NULL,'2025-12-20 15:20:52','2025-12-20 15:20:52'),(4929,11,NULL,NULL,'ISR5-YRN7-IUKI-MAC9','SN-KI6WICROUU6V','available',NULL,NULL,NULL,NULL,NULL,1,10,1,0,NULL,'2025-12-20 15:20:52','2025-12-20 15:20:52'),(4930,11,NULL,NULL,'IOUP-ZZGJ-XT1X-P2YF','SN-V8UA9MQYZJVW','available',NULL,NULL,NULL,NULL,NULL,1,10,1,0,NULL,'2025-12-20 15:20:52','2025-12-20 15:20:52'),(4931,11,NULL,NULL,'NRQO-UKAQ-PFNW-LMDD','SN-K9BOWKNONUHR','available',NULL,NULL,NULL,NULL,NULL,1,10,1,0,NULL,'2025-12-20 15:20:52','2025-12-20 15:20:52'),(4932,11,NULL,NULL,'HRBF-OAPK-QRWK-VHAP','SN-NPG2VILNLMNK','available',NULL,NULL,NULL,NULL,NULL,1,10,1,0,NULL,'2025-12-20 15:20:52','2025-12-20 15:20:52'),(4933,11,NULL,NULL,'RE0P-KRBY-HIUO-VK9W','SN-BLW6AIJVI5UL','available',NULL,NULL,NULL,NULL,NULL,1,10,1,0,NULL,'2025-12-20 15:20:52','2025-12-20 15:20:52'),(4934,11,NULL,NULL,'DFLR-DWEN-3GLV-NSHJ','SN-RGPBWLRS1GGK','available',NULL,NULL,NULL,NULL,NULL,1,10,1,0,NULL,'2025-12-20 15:20:52','2025-12-20 15:20:52'),(4935,11,NULL,NULL,'HDOR-2KAY-EHJC-NAJW','SN-GIGFT9SONDV4','available',NULL,NULL,NULL,NULL,NULL,1,10,1,0,NULL,'2025-12-20 15:20:52','2025-12-20 15:20:52'),(4936,11,NULL,NULL,'YD14-TCLM-0QZZ-JLOG','SN-HMRLNNEOG0NL','available',NULL,NULL,NULL,NULL,NULL,1,10,1,0,NULL,'2025-12-20 15:20:52','2025-12-20 15:20:52'),(4937,11,NULL,NULL,'PETA-9O3F-FVAC-IHHL','SN-SZOSULACKXXY','available',NULL,NULL,NULL,NULL,NULL,1,10,1,0,NULL,'2025-12-20 15:20:52','2025-12-20 15:20:52'),(4938,11,NULL,NULL,'XMNU-KSW1-C7DX-GSIY','SN-IIBSEM1TPXP8','available',NULL,NULL,NULL,NULL,NULL,1,10,1,0,NULL,'2025-12-20 15:20:52','2025-12-20 15:20:52'),(4939,11,NULL,NULL,'MVE3-O0GS-MTF0-HVZL','SN-JE5BTSP9FRLR','available',NULL,NULL,NULL,NULL,NULL,1,10,1,0,NULL,'2025-12-20 15:20:52','2025-12-20 15:20:52'),(4940,11,NULL,NULL,'GBPU-7YWF-B7AT-ZFGW','SN-UWWVMPOUYK3A','available',NULL,NULL,NULL,NULL,NULL,1,10,1,0,NULL,'2025-12-20 15:20:52','2025-12-20 15:20:52'),(4941,11,NULL,NULL,'QZ2V-RFU8-Q8CA-V5WT','SN-LH2AFIBPEQ7Z','available',NULL,NULL,NULL,NULL,NULL,1,10,1,0,NULL,'2025-12-20 15:20:52','2025-12-20 15:20:52'),(4942,11,NULL,NULL,'L5RI-JSLE-NFMM-V2IQ','SN-B87FJSP9MP7V','available',NULL,NULL,NULL,NULL,NULL,1,10,1,0,NULL,'2025-12-20 15:20:52','2025-12-20 15:20:52'),(4943,11,NULL,NULL,'QLVN-6N2K-UNPI-6KIW','SN-38RDSQJMMZL7','available',NULL,NULL,NULL,NULL,NULL,1,10,1,0,NULL,'2025-12-20 15:20:52','2025-12-20 15:20:52'),(4944,11,NULL,NULL,'QLBE-OPNL-TB1X-CTRJ','SN-8P7UYWB3TPQE','available',NULL,NULL,NULL,NULL,NULL,1,10,1,0,NULL,'2025-12-20 15:20:52','2025-12-20 15:20:52'),(4945,11,NULL,NULL,'6GOX-TYQD-LGDF-6GHS','SN-MUUK3NG4VCNA','available',NULL,NULL,NULL,NULL,NULL,1,10,1,0,NULL,'2025-12-20 15:20:52','2025-12-20 15:20:52'),(4946,11,NULL,NULL,'UH0A-AALH-YDCN-JJJE','SN-P6WCOVEF6HFR','available',NULL,NULL,NULL,NULL,NULL,1,10,1,0,NULL,'2025-12-20 15:20:52','2025-12-20 15:20:52'),(4947,11,NULL,NULL,'XWCT-AB7H-R8AX-CAPF','SN-PNL0DFEWYA08','available',NULL,NULL,NULL,NULL,NULL,1,10,1,0,NULL,'2025-12-20 15:20:52','2025-12-20 15:20:52'),(4948,11,NULL,NULL,'TDNN-HNQA-G1ND-SJLB','SN-HD54W77YX693','available',NULL,NULL,NULL,NULL,NULL,1,10,1,0,NULL,'2025-12-20 15:20:52','2025-12-20 15:20:52'),(4949,11,NULL,NULL,'7Z1J-UOCX-O1S3-VF7L','SN-6AVRVJWCGAIB','available',NULL,NULL,NULL,NULL,NULL,1,10,1,0,NULL,'2025-12-20 15:20:52','2025-12-20 15:20:52'),(4950,11,NULL,NULL,'GUHP-QWZG-JPJD-MDPF','SN-6MG7TSIDBT7U','available',NULL,NULL,NULL,NULL,NULL,1,10,1,0,NULL,'2025-12-20 15:20:52','2025-12-20 15:20:52'),(4951,11,NULL,NULL,'E1J8-CKFF-BABO-U71Q','SN-PTNKBIYDNGSH','available',NULL,NULL,NULL,NULL,NULL,1,10,1,0,NULL,'2025-12-20 15:20:52','2025-12-20 15:20:52'),(4952,11,NULL,NULL,'M54X-3WRW-2KTF-YFVJ','SN-HZHYKUJO9SJK','available',NULL,NULL,NULL,NULL,NULL,1,10,1,0,NULL,'2025-12-20 15:20:52','2025-12-20 15:20:52'),(4953,11,NULL,NULL,'DOLI-DBWF-J9IL-JQV9','SN-FEZVMZUAOEHC','available',NULL,NULL,NULL,NULL,NULL,1,10,1,0,NULL,'2025-12-20 15:20:52','2025-12-20 15:20:52'),(4954,11,NULL,NULL,'QFGL-XAFQ-0L87-B04U','SN-RFUFVBLKTFPD','available',NULL,NULL,NULL,NULL,NULL,1,10,1,0,NULL,'2025-12-20 15:20:52','2025-12-20 15:20:52'),(4955,11,NULL,NULL,'U2FR-JLLT-90P9-GRC2','SN-GVPNEVBVB2YJ','available',NULL,NULL,NULL,NULL,NULL,1,10,1,0,NULL,'2025-12-20 15:20:52','2025-12-20 15:20:52'),(4956,11,NULL,NULL,'LQBW-TMS9-VUSG-SJ2D','SN-KHHC9UJILN5J','available',NULL,NULL,NULL,NULL,NULL,1,10,1,0,NULL,'2025-12-20 15:20:52','2025-12-20 15:20:52'),(4957,11,NULL,NULL,'PJJZ-452C-IC7Q-NZNS','SN-EG13S2YSMZYH','available',NULL,NULL,NULL,NULL,NULL,1,10,1,0,NULL,'2025-12-20 15:20:52','2025-12-20 15:20:52'),(4958,11,NULL,NULL,'MFKT-BP09-CKBI-FEYY','SN-LM5XLV4Y51KF','available',NULL,NULL,NULL,NULL,NULL,1,10,1,0,NULL,'2025-12-20 15:20:52','2025-12-20 15:20:52'),(4959,11,NULL,NULL,'VKNU-4OIR-4XDZ-ESSD','SN-0INHAYOLIKJ5','available',NULL,NULL,NULL,NULL,NULL,1,10,1,0,NULL,'2025-12-20 15:20:52','2025-12-20 15:20:52'),(4960,11,NULL,NULL,'Q0OL-VZHT-1NYK-K0X6','SN-DV8DTVZ1NFSJ','available',NULL,NULL,NULL,NULL,NULL,1,10,1,0,NULL,'2025-12-20 15:20:52','2025-12-20 15:20:52'),(4961,11,NULL,NULL,'4TTI-6E7E-G2KV-ZSFO','SN-P1B2DTXQGLB0','available',NULL,NULL,NULL,NULL,NULL,1,10,1,0,NULL,'2025-12-20 15:20:52','2025-12-20 15:20:52'),(4962,11,NULL,NULL,'2MUN-HTNB-8X8B-CZM2','SN-MCYGQJJD5XSD','available',NULL,NULL,NULL,NULL,NULL,1,10,1,0,NULL,'2025-12-20 15:20:52','2025-12-20 15:20:52'),(4963,11,NULL,NULL,'H8KB-PNSK-UE5Z-1KMP','SN-NZ7GW4MIEZIN','available',NULL,NULL,NULL,NULL,NULL,1,10,1,0,NULL,'2025-12-20 15:20:52','2025-12-20 15:20:52'),(4964,11,NULL,NULL,'K4GT-HZKF-VLYQ-TXNX','SN-WGCGPXMPXBVY','available',NULL,NULL,NULL,NULL,NULL,1,10,1,0,NULL,'2025-12-20 15:20:52','2025-12-20 15:20:52'),(4965,11,NULL,NULL,'YUV2-GK1K-WVTF-EXMW','SN-MLBUI1W3HKEJ','available',NULL,NULL,NULL,NULL,NULL,1,10,1,0,NULL,'2025-12-20 15:20:52','2025-12-20 15:20:52'),(4966,11,NULL,NULL,'2EPT-IQKV-XPSI-3RHN','SN-JFAZNX5MYI04','available',NULL,NULL,NULL,NULL,NULL,1,10,1,0,NULL,'2025-12-20 15:20:52','2025-12-20 15:20:52'),(4967,11,NULL,NULL,'V8SW-RTZ1-IOJM-ATBN','SN-2SLSR6NWYGRK','available',NULL,NULL,NULL,NULL,NULL,1,10,1,0,NULL,'2025-12-20 15:20:52','2025-12-20 15:20:52'),(4968,11,NULL,NULL,'0POG-ZPPK-TOSQ-3AHZ','SN-WNYGDWYNACV2','available',NULL,NULL,NULL,NULL,NULL,1,10,1,0,NULL,'2025-12-20 15:20:52','2025-12-20 15:20:52'),(4969,11,NULL,NULL,'YSKE-ZPD0-LWFX-CYRN','SN-N6QVIAMM6HRA','available',NULL,NULL,NULL,NULL,NULL,1,10,1,0,NULL,'2025-12-20 15:20:52','2025-12-20 15:20:52'),(4970,11,NULL,NULL,'XT7L-AEF3-KEFK-3L2N','SN-OBNOWLAK2GBI','available',NULL,NULL,NULL,NULL,NULL,1,10,1,0,NULL,'2025-12-20 15:20:52','2025-12-20 15:20:52'),(4971,11,NULL,NULL,'I860-4E9V-HUAV-T7C4','SN-UZXOQIDV488D','available',NULL,NULL,NULL,NULL,NULL,1,10,1,0,NULL,'2025-12-20 15:20:52','2025-12-20 15:20:52'),(4972,11,NULL,NULL,'ZIOC-OSRQ-7Q4F-SGXJ','SN-SIIED3FJ4AGP','available',NULL,NULL,NULL,NULL,NULL,1,10,1,0,NULL,'2025-12-20 15:20:52','2025-12-20 15:20:52'),(4973,11,NULL,NULL,'JAY3-Z0QE-TUGS-RFWV','SN-K0ZMDI9RC9TZ','available',NULL,NULL,NULL,NULL,NULL,1,10,1,0,NULL,'2025-12-20 15:20:52','2025-12-20 15:20:52'),(4974,11,NULL,NULL,'J0FM-JVE9-7FZE-UJEW','SN-Q5FKA1FDVW9L','available',NULL,NULL,NULL,NULL,NULL,1,10,1,0,NULL,'2025-12-20 15:20:52','2025-12-20 15:20:52'),(4975,11,NULL,NULL,'ZPJL-BZKY-OGSW-ZE7M','SN-GO93AGVNFYQR','available',NULL,NULL,NULL,NULL,NULL,1,10,1,0,NULL,'2025-12-20 15:20:52','2025-12-20 15:20:52'),(4976,11,NULL,NULL,'78B0-DCH3-PTT1-I8R2','SN-ZIZLNUTQYTDH','available',NULL,NULL,NULL,NULL,NULL,1,10,1,0,NULL,'2025-12-20 15:20:52','2025-12-20 15:20:52'),(4977,11,NULL,NULL,'VWOE-SKU9-9XW8-91IK','SN-ASUZJKFJDC4X','available',NULL,NULL,NULL,NULL,NULL,1,10,1,0,NULL,'2025-12-20 15:20:52','2025-12-20 15:20:52'),(4978,11,NULL,NULL,'NYDC-0GOF-N45M-MTN1','SN-4FCT1XMIKZMJ','available',NULL,NULL,NULL,NULL,NULL,1,10,1,0,NULL,'2025-12-20 15:20:52','2025-12-20 15:20:52'),(4979,11,NULL,NULL,'JRHL-SRRE-O8AF-0X8Y','SN-WFWEIDLMWJCF','available',NULL,NULL,NULL,NULL,NULL,1,10,1,0,NULL,'2025-12-20 15:20:52','2025-12-20 15:20:52'),(4980,11,NULL,NULL,'HNIE-1SS1-53CB-GLAD','SN-X35K8ZXRK676','available',NULL,NULL,NULL,NULL,NULL,1,10,1,0,NULL,'2025-12-20 15:20:52','2025-12-20 15:20:52'),(4981,11,NULL,NULL,'MWVL-MU2Y-U5TZ-BDHZ','SN-KWMN6BPY6DHL','available',NULL,NULL,NULL,NULL,NULL,1,10,1,0,NULL,'2025-12-20 15:20:52','2025-12-20 15:20:52'),(4982,11,NULL,NULL,'KCPH-XLQS-WFQL-CHYM','SN-XH4HKHHM8ECA','available',NULL,NULL,NULL,NULL,NULL,1,10,1,0,NULL,'2025-12-20 15:20:52','2025-12-20 15:20:52'),(4983,11,NULL,NULL,'PDNT-KBRB-Z8NA-RBWW','SN-XVDUXKDZHZRS','available',NULL,NULL,NULL,NULL,NULL,1,10,1,0,NULL,'2025-12-20 15:20:52','2025-12-20 15:20:52'),(4984,11,NULL,NULL,'AADZ-RZSK-A2ZW-KFMP','SN-GJUXWDDTIRT2','available',NULL,NULL,NULL,NULL,NULL,1,10,1,0,NULL,'2025-12-20 15:20:52','2025-12-20 15:20:52'),(4985,11,NULL,NULL,'DVRD-6RGK-KWKB-19QF','SN-1IQNQW0ZCQ2D','available',NULL,NULL,NULL,NULL,NULL,1,10,1,0,NULL,'2025-12-20 15:20:52','2025-12-20 15:20:52'),(4986,11,NULL,NULL,'ZB5I-UV7M-K8WF-VCSZ','SN-8OKBGFXZM02Z','available',NULL,NULL,NULL,NULL,NULL,1,10,1,0,NULL,'2025-12-20 15:20:52','2025-12-20 15:20:52'),(4987,11,NULL,NULL,'ZIYC-UCVA-QECF-TPF4','SN-KBTPH5IMQQCL','available',NULL,NULL,NULL,NULL,NULL,1,10,1,0,NULL,'2025-12-20 15:20:52','2025-12-20 15:20:52'),(4988,11,NULL,NULL,'TVC5-7IYC-E7MX-KMPM','SN-QWITV1WLBXQJ','available',NULL,NULL,NULL,NULL,NULL,1,10,1,0,NULL,'2025-12-20 15:20:52','2025-12-20 15:20:52'),(4989,11,NULL,NULL,'PTNR-NEKF-JHPR-NDRQ','SN-G2C5S8LEL7KB','available',NULL,NULL,NULL,NULL,NULL,1,10,1,0,NULL,'2025-12-20 15:20:52','2025-12-20 15:20:52'),(4990,11,NULL,NULL,'M9OL-RDDM-8E7V-R7GJ','SN-FFGOJ1CFNN7S','available',NULL,NULL,NULL,NULL,NULL,1,10,1,0,NULL,'2025-12-20 15:20:52','2025-12-20 15:20:52'),(4991,11,NULL,NULL,'RHRY-GMAX-0Z32-P5LA','SN-PSWHNMTIZJKE','available',NULL,NULL,NULL,NULL,NULL,1,10,1,0,NULL,'2025-12-20 15:20:52','2025-12-20 15:20:52'),(4992,11,NULL,NULL,'RSFJ-FYQ2-GTDD-S8UG','SN-JAMRPCZHP3WX','available',NULL,NULL,NULL,NULL,NULL,1,10,1,0,NULL,'2025-12-20 15:20:52','2025-12-20 15:20:52'),(4993,11,NULL,NULL,'H7RH-LHJC-GFFE-MBNA','SN-KG8CIYIGUJAL','available',NULL,NULL,NULL,NULL,NULL,1,10,1,0,NULL,'2025-12-20 15:20:52','2025-12-20 15:20:52'),(4994,11,NULL,NULL,'9JDG-LBNM-ETZC-N1TB','SN-CRHNU6EXCNHG','available',NULL,NULL,NULL,NULL,NULL,1,10,1,0,NULL,'2025-12-20 15:20:52','2025-12-20 15:20:52'),(4995,11,NULL,NULL,'UUHM-ZNRZ-DJLS-0XOQ','SN-TZPAQJCRK9E2','available',NULL,NULL,NULL,NULL,NULL,1,10,1,0,NULL,'2025-12-20 15:20:52','2025-12-20 15:20:52'),(4996,11,NULL,NULL,'OH2L-ABJN-SK4X-JRA3','SN-OCG3WSRDHB73','available',NULL,NULL,NULL,NULL,NULL,1,10,1,0,NULL,'2025-12-20 15:20:52','2025-12-20 15:20:52'),(4997,11,NULL,NULL,'VJWO-XI62-BRUH-A3WY','SN-EPPSMJOKNXUQ','available',NULL,NULL,NULL,NULL,NULL,1,10,1,0,NULL,'2025-12-20 15:20:52','2025-12-20 15:20:52'),(4998,11,NULL,NULL,'AKKL-GK8B-KCX7-W9I1','SN-INBIJDKEOLUW','available',NULL,NULL,NULL,NULL,NULL,1,10,1,0,NULL,'2025-12-20 15:20:52','2025-12-20 15:20:52'),(4999,11,NULL,NULL,'N6MK-DUXP-C6KF-GF0D','SN-WCKGXTGSNDIT','available',NULL,NULL,NULL,NULL,NULL,1,10,1,0,NULL,'2025-12-20 15:20:52','2025-12-20 15:20:52'),(5000,11,NULL,NULL,'FYWV-NYSW-UKHG-MYSS','SN-NF0ONQR6RPOE','available',NULL,NULL,NULL,NULL,NULL,1,10,1,0,NULL,'2025-12-20 15:20:52','2025-12-20 15:20:52'),(5001,11,NULL,NULL,'W1HU-X7MN-X1UA-CDUZ','SN-CBASSGJMVQYN','available',NULL,NULL,NULL,NULL,NULL,1,10,1,0,NULL,'2025-12-20 15:20:52','2025-12-20 15:20:52'),(5002,11,NULL,NULL,'DFCY-RMVW-ZYML-XGMX','SN-F6OHGEJCJS9J','available',NULL,NULL,NULL,NULL,NULL,1,10,1,0,NULL,'2025-12-20 15:20:52','2025-12-20 15:20:52'),(5003,11,NULL,NULL,'RI9J-OSMJ-B0E1-BXY3','SN-YYOGPBAFWDYJ','available',NULL,NULL,NULL,NULL,NULL,1,10,1,0,NULL,'2025-12-20 15:20:52','2025-12-20 15:20:52'),(5004,11,NULL,NULL,'Z6YM-2FL8-SLGA-7RSB','SN-X4PT01UFFTQL','available',NULL,NULL,NULL,NULL,NULL,1,10,1,0,NULL,'2025-12-20 15:20:52','2025-12-20 15:20:52');

--
-- Table structure for table `imranesoft_migrations`
--

CREATE TABLE `imranesoft_migrations` (
  `id` int NOT NULL AUTO_INCREMENT,
  `migration` varchar(255) COLLATE utf8mb4_unicode_ci NOT NULL,
  `batch` int NOT NULL,
  PRIMARY KEY (`id`)
) ENGINE=InnoDB AUTO_INCREMENT=3 DEFAULT CHARSET=utf8mb4 COLLATE=utf8mb4_unicode_ci;

--
-- Dumping data for table `imranesoft_migrations`
--

INSERT INTO `imranesoft_migrations` VALUES (1,'2025_12_18_225005_create_demos_table',1),(2,'2025_12_18_225017_create_demo_credentials_table',1);

--
-- Table structure for table `imranesoft_order_items`
--

CREATE TABLE `imranesoft_order_items` (
  `id` bigint unsigned NOT NULL AUTO_INCREMENT,
  `order_id` bigint unsigned NOT NULL,
  `product_id` bigint unsigned NOT NULL,
  `price` decimal(10,2) NOT NULL,
  `quantity` int DEFAULT '1',
  `subtotal` decimal(10,2) NOT NULL,
  `created_at` timestamp NULL DEFAULT NULL,
  `updated_at` timestamp NULL DEFAULT NULL,
  PRIMARY KEY (`id`),
  KEY `order_id` (`order_id`),
  KEY `product_id` (`product_id`),
  CONSTRAINT `imranesoft_order_items_ibfk_1` FOREIGN KEY (`order_id`) REFERENCES `imranesoft_orders` (`id`) ON DELETE CASCADE,
  CONSTRAINT `imranesoft_order_items_ibfk_2` FOREIGN KEY (`product_id`) REFERENCES `imranesoft_products` (`id`) ON DELETE CASCADE
) ENGINE=InnoDB AUTO_INCREMENT=20 DEFAULT CHARSET=utf8mb3;

--
-- Dumping data for table `imranesoft_order_items`
--


--
-- Table structure for table `imranesoft_orders`
--

CREATE TABLE `imranesoft_orders` (
  `id` bigint unsigned NOT NULL AUTO_INCREMENT,
  `order_number` varchar(255) NOT NULL,
  `user_id` bigint unsigned DEFAULT NULL,
  `customer_name` varchar(255) NOT NULL,
  `customer_email` varchar(255) NOT NULL,
  `subtotal` decimal(10,2) NOT NULL,
  `discount` decimal(10,2) DEFAULT '0.00',
  `total` decimal(10,2) NOT NULL,
  `status` enum('pending','completed','cancelled') DEFAULT 'pending',
  `payment_status` enum('pending','paid','failed') DEFAULT 'pending',
  `notes` text,
  `created_at` timestamp NULL DEFAULT NULL,
  `updated_at` timestamp NULL DEFAULT NULL,
  PRIMARY KEY (`id`),
  UNIQUE KEY `order_number` (`order_number`),
  KEY `user_id` (`user_id`),
  CONSTRAINT `imranesoft_orders_ibfk_1` FOREIGN KEY (`user_id`) REFERENCES `imranesoft_users` (`id`) ON DELETE CASCADE
) ENGINE=InnoDB AUTO_INCREMENT=20 DEFAULT CHARSET=utf8mb3;

--
-- Dumping data for table `imranesoft_orders`
--


--
-- Table structure for table `imranesoft_products`
--

CREATE TABLE `imranesoft_products` (
  `id` bigint unsigned NOT NULL AUTO_INCREMENT,
  `name` varchar(255) NOT NULL,
  `name_ar` varchar(255) DEFAULT NULL,
  `name_fr` varchar(255) DEFAULT NULL,
  `name_en` varchar(255) DEFAULT NULL,
  `slug` varchar(255) NOT NULL,
  `short_description` text,
  `description` longtext,
  `description_ar` longtext,
  `description_fr` longtext,
  `description_en` longtext,
  `features_ar` longtext,
  `features_fr` longtext,
  `features_en` longtext,
  `documentation` longtext,
  `price` decimal(10,2) NOT NULL,
  `image` varchar(255) DEFAULT NULL,
  `image_ar` varchar(255) DEFAULT NULL,
  `image_fr` varchar(255) DEFAULT NULL,
  `image_en` varchar(255) DEFAULT NULL,
  `screenshots` longtext CHARACTER SET utf8mb4 COLLATE utf8mb4_bin,
  `youtube_video_id` varchar(255) DEFAULT NULL,
  `version` varchar(50) DEFAULT '1.0.0',
  `changelog` text,
  `trial_days` int DEFAULT '0',
  `download_file` varchar(255) DEFAULT NULL,
  `download_count` int DEFAULT '0',
  `operating_systems` text,
  `is_active` tinyint(1) DEFAULT '1',
  `is_featured` tinyint(1) DEFAULT '0',
  `sort_order` int DEFAULT '0',
  `created_at` timestamp NULL DEFAULT NULL,
  `updated_at` timestamp NULL DEFAULT NULL,
  PRIMARY KEY (`id`),
  UNIQUE KEY `slug` (`slug`),
  KEY `idx_products_is_active` (`is_active`),
  KEY `idx_products_is_featured` (`is_featured`),
  KEY `idx_products_sort_order` (`sort_order`)
) ENGINE=InnoDB AUTO_INCREMENT=16 DEFAULT CHARSET=utf8mb3;

--
-- Dumping data for table `imranesoft_products`
--

INSERT INTO `imranesoft_products` VALUES (7,'Gestock Pro','Gestock Pro','Gestock Pro','Gestock Pro','gestock-pro','نظام إدارة المخزون المتكامل والشامل لإدارة المخازن والمبيعات والمشتريات','<div lang=\"ar\" dir=\"rtl\">\r\n<h2>Gestock Pro - نظام إدارة المخزون الاحترافي</h2>\r\n\r\n<p><strong>Gestock Pro</strong> هو نظام شامل ومتكامل لإدارة المخزون والمخازن، مصمم خصيصاً لتلبية احتياجات الشركات الصغيرة والمتوسطة. يوفر النظام حلولاً متكاملة لإدارة المخزون، المبيعات، المشتريات، العملاء، الموردين، والفواتير.</p>\r\n\r\n<h3>المميزات الرئيسية:</h3>\r\n<ul>\r\n    <li><strong>إدارة المخزون والمخازن:</strong> تتبع دقيق للمنتجات والكميات في جميع المخازن</li>\r\n    <li><strong>نظام المبيعات والمشتريات:</strong> إدارة كاملة لعمليات البيع والشراء</li>\r\n    <li><strong>إدارة العملاء والموردين:</strong> قاعدة بيانات شاملة للعملاء والموردين</li>\r\n    <li><strong>نظام الفواتير والإيصالات:</strong> إنشاء فواتير احترافية بسهولة</li>\r\n    <li><strong>تقارير شاملة ومفصلة:</strong> تقارير مالية ومخزنية دقيقة</li>\r\n    <li><strong>واجهة سهلة الاستخدام:</strong> تصميم عصري وبديهي</li>\r\n    <li><strong>دعم متعدد اللغات:</strong> العربية، الفرنسية، والإنجليزية</li>\r\n    <li><strong>نظام الأمان:</strong> حماية كاملة للبيانات</li>\r\n    <li><strong>نسخ احتياطي تلقائي:</strong> حماية بياناتك من الفقدان</li>\r\n</ul>\r\n\r\n<h3>لماذا Gestock Pro؟</h3>\r\n<p>Gestock Pro يوفر لك كل ما تحتاجه لإدارة مخزونك بشكل احترافي. مع واجهة سهلة الاستخدام وميزات قوية، ستحصل على السيطرة الكاملة على عملك.</p>\r\n</div>','<p>Gestock Pro - نظام إدارة المخزون الاحترافي Gestock Pro هو نظام شامل ومتكامل لإدارة المخزون والمخازن، مصمم خصيصاً لتلبية احتياجات الشركات الصغيرة والمتوسطة. يوفر النظام حلولاً متكاملة لإدارة المخزون، المبيعات، المشتريات، العملاء، الموردين، والفواتير.</p>','<p>Gestock Pro - Syst&egrave;me de Gestion des Stocks Professionnel Gestock Pro est un syst&egrave;me complet et int&eacute;gr&eacute; de gestion des stocks et des entrep&ocirc;ts, sp&eacute;cialement con&ccedil;u pour r&eacute;pondre aux besoins des petites et moyennes entreprises. Le syst&egrave;me offre des solutions int&eacute;gr&eacute;es pour la gestion des stocks, des ventes, des achats, des clients, des fournisseurs et des factures.</p>','<p>Gestock Pro - Professional Inventory Management System Gestock Pro is a comprehensive and integrated inventory and warehouse management system, specially designed to meet the needs of small and medium-sized enterprises. The system provides integrated solutions for inventory management, sales, purchases, customers, suppliers, and invoicing.&nbsp; Why Gestock Pro? Gestock Pro provides you with everything you need to manage your inventory professionally. With an easy-to-use interface and powerful features, you will gain complete control over your business.</p>','إدارة المخزون والمخازن: تتبع دقيق للمنتجات والكميات في جميع المخازن\r\nنظام المبيعات والمشتريات: إدارة كاملة لعمليات البيع والشراء\r\nإدارة العملاء والموردين: قاعدة بيانات شاملة للعملاء والموردين\r\nنظام الفواتير والإيصالات: إنشاء فواتير احترافية بسهولة\r\nتقارير شاملة ومفصلة: تقارير مالية ومخزنية دقيقة\r\nواجهة سهلة الاستخدام: تصميم عصري وبديهي\r\nدعم متعدد اللغات: العربية، الفرنسية، والإنجليزية\r\nنظام الأمان: حماية كاملة للبيانات\r\nنسخ احتياطي تلقائي: حماية بياناتك من الفقدان','Gestion des Stocks et Entrepôts: Suivi précis des produits et quantités dans tous les entrepôts\r\nSystème de Ventes et Achats: Gestion complète des opérations de vente et d\'achat\r\nGestion des Clients et Fournisseurs: Base de données complète des clients et fournisseurs\r\nSystème de Facturation: Création de factures professionnelles en toute simplicité\r\nRapports Complets et Détaillés: Rapports financiers et de stock précis\r\nInterface Facile à Utiliser: Design moderne et intuitif\r\nSupport Multilingue: Arabe, Français et Anglais\r\nSystème de Sécurité: Protection complète des données\r\nSauvegarde Automatique: Protection de vos données contre la perte','Inventory and Warehouse Management: Precise tracking of products and quantities across all warehouses. \r\nSales and Purchase System: Complete management of sales and purchase operations.\r\nCustomer and Supplier Management: Comprehensive database of customers and suppliers.\r\n Invoicing System: Easy creation of professional invoices Comprehensive and Detailed.\r\n Reports: Accurate financial and inventory reports. \r\nUser-Friendly Interface: Modern and intuitive design. \r\nMulti-Language Support: Arabic, French, and English \r\nSecurity System: Complete data protection \r\nAutomatic Backup: Protection of your data against loss','<div class=\"accordion-item\">\r\n    <h2 class=\"accordion-header\" id=\"headingArabic\">\r\n        <button class=\"accordion-button\" type=\"button\" data-bs-toggle=\"collapse\" data-bs-target=\"#collapseArabic\" aria-expanded=\"true\" aria-controls=\"collapseArabic\">\r\n            <i class=\"bi bi-translate me-2\"></i>دليل الاستخدام - العربية\r\n        </button>\r\n    </h2>\r\n    <div id=\"collapseArabic\" class=\"accordion-collapse collapse show\" aria-labelledby=\"headingArabic\" data-bs-parent=\"#userGuideAccordion\">\r\n        <div class=\"accordion-body\">\r\n            <div lang=\"ar\" dir=\"rtl\">\r\n                <h3>1. البدء السريع</h3>\r\n                <p>مرحباً بك في Gestock Pro! هذا الدليل سيساعدك على البدء في استخدام النظام.</p>\r\n                \r\n                <h3>2. التثبيت</h3>\r\n                <p>قم بتحميل البرنامج من لوحة التحكم في حسابك وقم بتثبيته على جهازك.</p>\r\n                \r\n                <h3>3. الإعداد الأولي</h3>\r\n                <p>بعد التثبيت، قم بتشغيل البرنامج واتبع معالج الإعداد لتكوين إعدادات شركتك.</p>\r\n                \r\n                <h3>4. إدارة المخزون</h3>\r\n                <p>ابدأ بإضافة المنتجات إلى المخزون، ثم قم بإدارة المخازن والحركات.</p>\r\n                \r\n                <h3>5. المبيعات والمشتريات</h3>\r\n                <p>استخدم النظام لإدارة عمليات البيع والشراء وإنشاء الفواتير.</p>\r\n                \r\n                <h3>6. التقارير</h3>\r\n                <p>استعرض التقارير الشاملة لمتابعة أداء عملك.</p>\r\n            </div>\r\n        </div>\r\n    </div>\r\n</div>\r\n\r\n<div class=\"accordion-item\">\r\n    <h2 class=\"accordion-header\" id=\"headingFrench\">\r\n        <button class=\"accordion-button collapsed\" type=\"button\" data-bs-toggle=\"collapse\" data-bs-target=\"#collapseFrench\" aria-expanded=\"false\" aria-controls=\"collapseFrench\">\r\n            <i class=\"bi bi-translate me-2\"></i>Guide d\'utilisation - Français\r\n        </button>\r\n    </h2>\r\n    <div id=\"collapseFrench\" class=\"accordion-collapse collapse\" aria-labelledby=\"headingFrench\" data-bs-parent=\"#userGuideAccordion\">\r\n        <div class=\"accordion-body\">\r\n            <div lang=\"fr\" dir=\"ltr\">\r\n                <h3>1. Démarrage rapide</h3>\r\n                <p>Bienvenue dans Gestock Pro ! Ce guide vous aidera à commencer à utiliser le système.</p>\r\n                \r\n                <h3>2. Installation</h3>\r\n                <p>Téléchargez le logiciel depuis le tableau de bord de votre compte et installez-le sur votre appareil.</p>\r\n                \r\n                <h3>3. Configuration initiale</h3>\r\n                <p>Après l\'installation, lancez le logiciel et suivez l\'assistant de configuration pour configurer les paramètres de votre entreprise.</p>\r\n                \r\n                <h3>4. Gestion des stocks</h3>\r\n                <p>Commencez par ajouter des produits au stock, puis gérez les entrepôts et les mouvements.</p>\r\n                \r\n                <h3>5. Ventes et achats</h3>\r\n                <p>Utilisez le système pour gérer les opérations de vente et d\'achat et créer des factures.</p>\r\n                \r\n                <h3>6. Rapports</h3>\r\n                <p>Consultez les rapports complets pour suivre les performances de votre entreprise.</p>\r\n            </div>\r\n        </div>\r\n    </div>\r\n</div>\r\n\r\n<div class=\"accordion-item\">\r\n    <h2 class=\"accordion-header\" id=\"headingEnglish\">\r\n        <button class=\"accordion-button collapsed\" type=\"button\" data-bs-toggle=\"collapse\" data-bs-target=\"#collapseEnglish\" aria-expanded=\"false\" aria-controls=\"collapseEnglish\">\r\n            <i class=\"bi bi-translate me-2\"></i>User Guide - English\r\n        </button>\r\n    </h2>\r\n    <div id=\"collapseEnglish\" class=\"accordion-collapse collapse\" aria-labelledby=\"headingEnglish\" data-bs-parent=\"#userGuideAccordion\">\r\n        <div class=\"accordion-body\">\r\n            <div lang=\"en\" dir=\"ltr\">\r\n                <h3>1. Quick Start</h3>\r\n                <p>Welcome to Gestock Pro! This guide will help you get started using the system.</p>\r\n                \r\n                <h3>2. Installation</h3>\r\n                <p>Download the software from your account dashboard and install it on your device.</p>\r\n                \r\n                <h3>3. Initial Setup</h3>\r\n                <p>After installation, launch the software and follow the setup wizard to configure your company settings.</p>\r\n                \r\n                <h3>4. Inventory Management</h3>\r\n                <p>Start by adding products to inventory, then manage warehouses and movements.</p>\r\n                \r\n                <h3>5. Sales and Purchases</h3>\r\n                <p>Use the system to manage sales and purchase operations and create invoices.</p>\r\n                \r\n                <h3>6. Reports</h3>\r\n                <p>View comprehensive reports to track your business performance.</p>\r\n            </div>\r\n        </div>\r\n    </div>\r\n</div>',949.00,'images/products/bY0uq4vdcU128zElAiTuSV93QH2LAXvDLw3o0rLk.webp','images/products/bY0uq4vdcU128zElAiTuSV93QH2LAXvDLw3o0rLk.webp','images/products/bY0uq4vdcU128zElAiTuSV93QH2LAXvDLw3o0rLk.webp','images/products/bY0uq4vdcU128zElAiTuSV93QH2LAXvDLw3o0rLk.webp',NULL,NULL,'3.25.2',NULL,30,NULL,0,NULL,1,1,1,'2025-11-24 22:27:04','2025-12-23 00:07:39'),(9,'Madrasti','Madrasti','Madrasti','Madrasti','madrasti','نظام شامل لإدارة المدارس وروضات الأطفال - حل متكامل لإدارة جميع جوانب المؤسسة التعليمية','<div lang=\"ar\" dir=\"rtl\"><h2>Madrasti - نظام إدارة المدارس الاحترافي</h2><p><strong>Madrasti</strong> هو نظام شامل ومتكامل لإدارة المدارس وروضات الأطفال، مصمم خصيصاً لتلبية احتياجات المؤسسات التعليمية من جميع الأحجام. يوفر النظام حلولاً متكاملة لإدارة الطلاب، المدرسين، الحضور والغياب، الدرجات، الجداول الدراسية، والعديد من الميزات الأخرى.</p><h3>المميزات الرئيسية:</h3><ul><li><strong>إدارة الطلاب:</strong> سجل شامل لجميع بيانات الطلاب والتلاميذ</li><li><strong>إدارة المدرسين:</strong> تتبع معلومات المدرسين وجداولهم الدراسية</li><li><strong>الحضور والغياب:</strong> نظام متقدم لتسجيل الحضور والغياب اليومي</li><li><strong>إدارة الدرجات:</strong> تسجيل وتتبع الدرجات والنتائج الدراسية</li><li><strong>الجداول الدراسية:</strong> إنشاء وإدارة الجداول الدراسية بسهولة</li><li><strong>التقارير الشاملة:</strong> تقارير مفصلة عن أداء الطلاب والمؤسسة</li><li><strong>إدارة روضات الأطفال:</strong> ميزات خاصة لإدارة روضات الأطفال</li><li><strong>واجهة سهلة الاستخدام:</strong> تصميم عصري وبديهي</li><li><strong>دعم متعدد اللغات:</strong> العربية، الفرنسية، والإنجليزية</li></ul><h3>لماذا Madrasti؟</h3><p>Madrasti يوفر لك كل ما تحتاجه لإدارة مدرستك أو روضة الأطفال بشكل احترافي. مع واجهة سهلة الاستخدام وميزات قوية، ستحصل على السيطرة الكاملة على جميع جوانب المؤسسة التعليمية.</p></div>','<p>مدرستي - نظام إدارة المدارس الشامل برنامج متطور لإدارة المدارس يدعم اللغات الثلاث: العربية والفرنسية والإنجليزية مع دعم كامل للكتابة من اليمين لليسار في العربية. يوفر النظام إدارة كاملة للمدرسة تشمل تسجيل الطلاب وإدارة أولياء الأمور والصفوف والحضور والمدفوعات والتقارير المفصلة.</p>','<p>Madrasti - Syst&egrave;me de gestion scolaire complet Un logiciel avanc&eacute; de gestion scolaire qui prend en charge trois langues : arabe, fran&ccedil;ais et anglais avec un support complet de l\'&eacute;criture de droite &agrave; gauche pour l\'arabe. Le syst&egrave;me offre une gestion compl&egrave;te de l\'&eacute;cole incluant l\'inscription des &eacute;tudiants, la gestion des parents, des classes, de la pr&eacute;sence, des paiements et des rapports d&eacute;taill&eacute;s.</p>','<p><span style=\"font-family: Cabin, sans-serif;\">Madrasti - Complete School Management System An advanced school management software that supports three languages: Arabic, French, and English with full right-to-left writing support for Arabic. The system provides complete school management including student registration, parent management, classes, attendance, payments, and detailed reports.</span></p>','دعم اللغات المتعددة: البرنامج متوفر بالكامل بالعربية والفرنسية والإنجليزية مع إمكانية الكتابة من اليمين لليسار للعربية\r\nإدارة الطلاب: تسجيل ومتابعة جميع بيانات الطلاب مع الصور والمعلومات الصحية والأطعمة الممنوعة\r\nإدارة أولياء الأمور: متابعة أولياء الطلاب مع تحديد صلاحيات الاستلام\r\nالصفوف والمستويات: تنظيم هرمي للصفوف والمستويات الدراسية\r\nمتابعة الحضور: تسجيل حضور الطلاب مع إرسال إشعارات تلقائية لأولياء الأمور\r\nإدارة المدفوعات: التعامل مع جميع أنواع المدفوعات مع إمكانية طباعة الفواتير\r\nنقل الطلاب: إمكانية نقل الطلاب بين الصفوف مع حفظ السجل التاريخي\r\nالتقارير: إنشاء قوائم الطلاب وتقارير الحضور والتقارير المالية\r\nنظام الصلاحيات: أدوار مختلفة للموظفين حسب مسؤولياتهم\r\nالفواتير المطبوعة: فواتير مطبوعة باللغات الثلاث مع دعم الكتابة العربية','Support des langues multiples : Le logiciel est entièrement disponible en arabe, français et anglais avec possibilité d\'écriture de droite à gauche pour l\'arabe\r\nGestion des étudiants : Inscription et suivi de toutes les données des étudiants avec photos, informations médicales et aliments interdits\r\nGestion des parents : Suivi des parents d\'élèves avec définition des autorisations de ramassage\r\nClasses et niveaux : Organisation hiérarchique des classes et niveaux scolaires\r\nSuivi de présence : Enregistrement de la présence des étudiants avec envoi automatique de notifications aux parents\r\nGestion des paiements : Traitement de tous types de paiements avec possibilité d\'impression des factures\r\nTransferts d\'étudiants : Possibilité de transférer les étudiants entre classes avec historique\r\nRapports : Création de listes d\'étudiants, rapports de présence et rapports financiers\r\nSystème de permissions : Différents rôles pour le personnel selon leurs responsabilités\r\nFactures imprimées : Factures imprimées dans les trois langues avec support de l\'arabe','Multiple language support: The software is fully available in Arabic, French, and English with right-to-left writing capability for Arabic\r\nStudent management: Registration and tracking of all student data with photos, medical information, and prohibited foods\r\nParent management: Monitoring of students\' parents with pickup permission settings\r\nClasses and levels: Hierarchical organization of classes and academic levels\r\nAttendance tracking: Recording student attendance with automatic notifications to parents\r\nPayment management: Handling all types of payments with invoice printing capability\r\nStudent transfers: Ability to transfer students between classes with historical records\r\nReports: Creating student lists, attendance reports, and financial reports\r\nPermission system: Different roles for staff according to their responsibilities\r\nPrinted invoices: Invoices printed in three languages with Arabic writing support','<div lang=\"ar\" dir=\"rtl\"><h2>دليل استخدام Madrasti</h2><p style=\"font-size: 1.1em; color: #666; margin-bottom: 2rem;\">مرحباً بك في <strong>Madrasti</strong> - نظام إدارة المدارس الاحترافي. هذا الدليل الشامل سيساعدك على البدء في استخدام النظام بكفاءة.</p><h3 style=\"color: #FF7A00; border-bottom: 2px solid #FF7A00; padding-bottom: 0.5rem;\">1. البدء السريع</h3><p>بعد تثبيت البرنامج، ستحتاج إلى:</p><ul><li>إنشاء حساب مدير النظام</li><li>إدخال معلومات المؤسسة التعليمية الأساسية</li><li>تكوين الإعدادات العامة للنظام</li></ul><h3 style=\"color: #FF7A00; border-bottom: 2px solid #FF7A00; padding-bottom: 0.5rem;\">2. التثبيت والإعداد</h3><h4>خطوات التثبيت:</h4><ol><li>قم بتحميل البرنامج من لوحة التحكم في حسابك</li><li>شغّل ملف التثبيت واتبع التعليمات</li><li>أدخل معلومات الترخيص المطلوبة</li><li>اختر مجلد التثبيت</li></ol><h4>الإعداد الأولي:</h4><ol><li>افتح البرنامج بعد التثبيت</li><li>اتبع معالج الإعداد لتكوين إعدادات مؤسستك</li><li>أدخل معلومات المؤسسة (الاسم، العنوان، رقم الهاتف، البريد الإلكتروني)</li><li>حدد السنة الدراسية والفصول الدراسية</li></ol><h3 style=\"color: #FF7A00; border-bottom: 2px solid #FF7A00; padding-bottom: 0.5rem;\">3. إدارة الطلاب</h3><h4>إضافة طالب جديد:</h4><ol><li>انتقل إلى قائمة \"الطلاب\"</li><li>انقر على \"إضافة طالب جديد\"</li><li>أدخل المعلومات الأساسية (الاسم، تاريخ الميلاد، العنوان، رقم الهاتف)</li><li>أضف معلومات الأهل ورقم الاتصال</li><li>احفظ البيانات</li></ol><h4>إدارة ملفات الطلاب:</h4><ul><li>عرض وتعديل بيانات الطلاب</li><li>متابعة السجل الأكاديمي</li><li>عرض تقارير الحضور والغياب</li><li>متابعة المدفوعات المالية</li></ul><h3 style=\"color: #FF7A00; border-bottom: 2px solid #FF7A00; padding-bottom: 0.5rem;\">4. إدارة المعلمين</h3><h4>إضافة معلم جديد:</h4><ol><li>انتقل إلى قائمة \"المعلمين\"</li><li>انقر على \"إضافة معلم جديد\"</li><li>أدخل المعلومات الشخصية والمهنية</li><li>حدد المواد التي يدرّسها</li><li>احفظ البيانات</li></ol><h4>إدارة جداول المعلمين:</h4><ul><li>إنشاء جداول التدريس</li><li>توزيع الحصص على المعلمين</li><li>متابعة ساعات العمل</li></ul><h3 style=\"color: #FF7A00; border-bottom: 2px solid #FF7A00; padding-bottom: 0.5rem;\">5. الحضور والغياب</h3><h4>تسجيل الحضور اليومي:</h4><ol><li>انتقل إلى \"الحضور والغياب\"</li><li>اختر الفصل الدراسي والتاريخ</li><li>حدد حالة كل طالب (حاضر/غائب/متأخر)</li><li>احفظ السجل</li></ol><h4>ميزات إضافية:</h4><ul><li>إشعارات تلقائية لأولياء الأمور عند الغياب</li><li>تقارير الحضور الشهرية</li><li>إحصائيات الحضور والغياب</li></ul><h3 style=\"color: #FF7A00; border-bottom: 2px solid #FF7A00; padding-bottom: 0.5rem;\">6. إدارة الدرجات</h3><h4>إدخال الدرجات:</h4><ol><li>انتقل إلى \"الدرجات والنتائج\"</li><li>اختر المادة والفصل الدراسي</li><li>أدخل درجات الطلاب</li><li>احفظ البيانات</li></ol><h4>حساب المعدلات:</h4><ul><li>حساب المعدل الفصلي تلقائياً</li><li>حساب المعدل التراكمي</li><li>إصدار الشهادات الدراسية</li></ul><h3 style=\"color: #FF7A00; border-bottom: 2px solid #FF7A00; padding-bottom: 0.5rem;\">7. الجداول الدراسية</h3><h4>إنشاء جدول دراسي:</h4><ol><li>انتقل إلى \"الجداول الدراسية\"</li><li>اختر الفصل الدراسي</li><li>أضف الحصص والمواد</li><li>حدد المعلمين والأوقات</li><li>احفظ الجدول</li></ol><h3 style=\"color: #FF7A00; border-bottom: 2px solid #FF7A00; padding-bottom: 0.5rem;\">8. إدارة المالية</h3><h4>إدارة الرسوم الدراسية:</h4><ol><li>انتقل إلى \"المالية\"</li><li>حدد الرسوم الدراسية لكل فصل</li><li>إصدار الفواتير الإلكترونية</li><li>تتبع المدفوعات والمستحقات</li></ol><h3 style=\"color: #FF7A00; border-bottom: 2px solid #FF7A00; padding-bottom: 0.5rem;\">9. التقارير والإحصائيات</h3><ul><li>تقارير الأداء الأكاديمي</li><li>تقارير الحضور والغياب</li><li>تقارير مالية</li><li>إحصائيات شاملة</li><li>تصدير التقارير بصيغة PDF أو Excel</li></ul><h3 style=\"color: #FF7A00; border-bottom: 2px solid #FF7A00; padding-bottom: 0.5rem;\">10. التواصل والإشعارات</h3><ul><li>إرسال رسائل للمعلمين والطلاب وأولياء الأمور</li><li>إشعارات تلقائية للحضور والغياب</li><li>إدارة الإعلانات المدرسية</li></ul></div><hr style=\"margin: 3rem 0; border: none; border-top: 2px solid #ddd;\"><div lang=\"fr\" dir=\"ltr\"><h2>Guide d\'utilisation Madrasti</h2><p style=\"font-size: 1.1em; color: #666; margin-bottom: 2rem;\">Bienvenue dans <strong>Madrasti</strong> - système professionnel de gestion scolaire. Ce guide complet vous aidera à commencer à utiliser le système efficacement.</p><h3 style=\"color: #FF7A00; border-bottom: 2px solid #FF7A00; padding-bottom: 0.5rem;\">1. Démarrage rapide</h3><p>Après l\'installation du logiciel, vous devrez :</p><ul><li>Créer un compte administrateur</li><li>Saisir les informations de base de l\'établissement éducatif</li><li>Configurer les paramètres généraux du système</li></ul><h3 style=\"color: #FF7A00; border-bottom: 2px solid #FF7A00; padding-bottom: 0.5rem;\">2. Installation et configuration</h3><h4>Étapes d\'installation :</h4><ol><li>Téléchargez le logiciel depuis le tableau de bord de votre compte</li><li>Exécutez le fichier d\'installation et suivez les instructions</li><li>Entrez les informations de licence requises</li><li>Choisissez le dossier d\'installation</li></ol><h4>Configuration initiale :</h4><ol><li>Ouvrez le logiciel après l\'installation</li><li>Suivez l\'assistant de configuration pour configurer les paramètres de votre établissement</li><li>Entrez les informations de l\'établissement (nom, adresse, téléphone, e-mail)</li><li>Définissez l\'année scolaire et les semestres</li></ol><h3 style=\"color: #FF7A00; border-bottom: 2px solid #FF7A00; padding-bottom: 0.5rem;\">3. Gestion des élèves</h3><h4>Ajouter un nouvel élève :</h4><ol><li>Accédez à la liste \"Élèves\"</li><li>Cliquez sur \"Ajouter un nouvel élève\"</li><li>Entrez les informations de base (nom, date de naissance, adresse, téléphone)</li><li>Ajoutez les informations des parents et le numéro de contact</li><li>Enregistrez les données</li></ol><h3 style=\"color: #FF7A00; border-bottom: 2px solid #FF7A00; padding-bottom: 0.5rem;\">4. Gestion des enseignants</h3><h4>Ajouter un nouvel enseignant :</h4><ol><li>Accédez à la liste \"Enseignants\"</li><li>Cliquez sur \"Ajouter un nouvel enseignant\"</li><li>Entrez les informations personnelles et professionnelles</li><li>Sélectionnez les matières enseignées</li><li>Enregistrez les données</li></ol><h3 style=\"color: #FF7A00; border-bottom: 2px solid #FF7A00; padding-bottom: 0.5rem;\">5. Présence et absence</h3><h4>Enregistrer la présence quotidienne :</h4><ol><li>Accédez à \"Présence et absence\"</li><li>Sélectionnez la classe et la date</li><li>Définissez l\'état de chaque élève (présent/absent/en retard)</li><li>Enregistrez le registre</li></ol><h3 style=\"color: #FF7A00; border-bottom: 2px solid #FF7A00; padding-bottom: 0.5rem;\">6. Gestion des notes</h3><h4>Saisir les notes :</h4><ol><li>Accédez à \"Notes et résultats\"</li><li>Sélectionnez la matière et la classe</li><li>Entrez les notes des élèves</li><li>Enregistrez les données</li></ol><h3 style=\"color: #FF7A00; border-bottom: 2px solid #FF7A00; padding-bottom: 0.5rem;\">7. Emplois du temps</h3><h4>Créer un emploi du temps :</h4><ol><li>Accédez à \"Emplois du temps\"</li><li>Sélectionnez la classe</li><li>Ajoutez les cours et les matières</li><li>Définissez les enseignants et les horaires</li><li>Enregistrez l\'emploi du temps</li></ol><h3 style=\"color: #FF7A00; border-bottom: 2px solid #FF7A00; padding-bottom: 0.5rem;\">8. Gestion financière</h3><h4>Gérer les frais de scolarité :</h4><ol><li>Accédez à \"Finances\"</li><li>Définissez les frais de scolarité pour chaque classe</li><li>Émettez des factures électroniques</li><li>Suivez les paiements et les créances</li></ol><h3 style=\"color: #FF7A00; border-bottom: 2px solid #FF7A00; padding-bottom: 0.5rem;\">9. Rapports et statistiques</h3><ul><li>Rapports de performance académique</li><li>Rapports de présence et d\'absence</li><li>Rapports financiers</li><li>Statistiques complètes</li><li>Exportation des rapports en PDF ou Excel</li></ul><h3 style=\"color: #FF7A00; border-bottom: 2px solid #FF7A00; padding-bottom: 0.5rem;\">10. Communication et notifications</h3><ul><li>Envoyer des messages aux enseignants, élèves et parents</li><li>Notifications automatiques pour la présence et l\'absence</li><li>Gestion des annonces scolaires</li></ul></div><hr style=\"margin: 3rem 0; border: none; border-top: 2px solid #ddd;\"><div lang=\"en\" dir=\"ltr\"><h2>Madrasti User Guide</h2><p style=\"font-size: 1.1em; color: #666; margin-bottom: 2rem;\">Welcome to <strong>Madrasti</strong> - professional school management system. This comprehensive guide will help you get started using the system efficiently.</p><h3 style=\"color: #FF7A00; border-bottom: 2px solid #FF7A00; padding-bottom: 0.5rem;\">1. Quick Start</h3><p>After installing the software, you will need to:</p><ul><li>Create an administrator account</li><li>Enter basic educational institution information</li><li>Configure general system settings</li></ul><h3 style=\"color: #FF7A00; border-bottom: 2px solid #FF7A00; padding-bottom: 0.5rem;\">2. Installation and Setup</h3><h4>Installation Steps:</h4><ol><li>Download the software from your account dashboard</li><li>Run the installation file and follow the instructions</li><li>Enter required license information</li><li>Choose the installation folder</li></ol><h4>Initial Setup:</h4><ol><li>Open the software after installation</li><li>Follow the setup wizard to configure your institution settings</li><li>Enter institution information (name, address, phone, email)</li><li>Set the academic year and semesters</li></ol><h3 style=\"color: #FF7A00; border-bottom: 2px solid #FF7A00; padding-bottom: 0.5rem;\">3. Student Management</h3><h4>Add New Student:</h4><ol><li>Go to \"Students\" list</li><li>Click on \"Add New Student\"</li><li>Enter basic information (name, date of birth, address, phone)</li><li>Add parent information and contact number</li><li>Save the data</li></ol><h3 style=\"color: #FF7A00; border-bottom: 2px solid #FF7A00; padding-bottom: 0.5rem;\">4. Teacher Management</h3><h4>Add New Teacher:</h4><ol><li>Go to \"Teachers\" list</li><li>Click on \"Add New Teacher\"</li><li>Enter personal and professional information</li><li>Select subjects taught</li><li>Save the data</li></ol><h3 style=\"color: #FF7A00; border-bottom: 2px solid #FF7A00; padding-bottom: 0.5rem;\">5. Attendance</h3><h4>Record Daily Attendance:</h4><ol><li>Go to \"Attendance\"</li><li>Select class and date</li><li>Set each student\'s status (present/absent/late)</li><li>Save the record</li></ol><h3 style=\"color: #FF7A00; border-bottom: 2px solid #FF7A00; padding-bottom: 0.5rem;\">6. Grade Management</h3><h4>Enter Grades:</h4><ol><li>Go to \"Grades and Results\"</li><li>Select subject and class</li><li>Enter student grades</li><li>Save the data</li></ol><h3 style=\"color: #FF7A00; border-bottom: 2px solid #FF7A00; padding-bottom: 0.5rem;\">7. Class Schedules</h3><h4>Create Schedule:</h4><ol><li>Go to \"Class Schedules\"</li><li>Select class</li><li>Add courses and subjects</li><li>Set teachers and times</li><li>Save the schedule</li></ol><h3 style=\"color: #FF7A00; border-bottom: 2px solid #FF7A00; padding-bottom: 0.5rem;\">8. Financial Management</h3><h4>Manage Tuition Fees:</h4><ol><li>Go to \"Finance\"</li><li>Set tuition fees for each class</li><li>Issue electronic invoices</li><li>Track payments and receivables</li></ol><h3 style=\"color: #FF7A00; border-bottom: 2px solid #FF7A00; padding-bottom: 0.5rem;\">9. Reports and Statistics</h3><ul><li>Academic performance reports</li><li>Attendance reports</li><li>Financial reports</li><li>Comprehensive statistics</li><li>Export reports to PDF or Excel</li></ul><h3 style=\"color: #FF7A00; border-bottom: 2px solid #FF7A00; padding-bottom: 0.5rem;\">10. Communication and Notifications</h3><ul><li>Send messages to teachers, students, and parents</li><li>Automatic notifications for attendance</li><li>Manage school announcements</li></ul></div>',949.00,'images/products/lqrPl1YSw1G5c1YfvCrGUNRxvzNGqpibWEaxK4oP.png','images/products/lqrPl1YSw1G5c1YfvCrGUNRxvzNGqpibWEaxK4oP.png','images/products/lqrPl1YSw1G5c1YfvCrGUNRxvzNGqpibWEaxK4oP.png','images/products/lqrPl1YSw1G5c1YfvCrGUNRxvzNGqpibWEaxK4oP.png',NULL,NULL,'1.0.0',NULL,30,NULL,0,NULL,1,1,2,'2025-11-24 23:49:08','2025-12-21 13:57:27'),(11,'Lavandera','Lavandera','Lavandera','Lavandera','lavandera',NULL,NULL,'<p>Lavandera &mdash; نظام إدارة متكامل لمغاسل الملابس نظام بسيط لإدارة عمليات المغسلة: استقبال الطلبات، طباعة الفواتير مع باركود، تتبع الطلبات، إدارة الكتالوج والأسعار، المحاسبة والإيرادات، وإدارة المستخدمين. يدعم العربية والفرنسية والإنجليزية.</p>','Lavandera — Solution de gestion complète pour blanchisseries\r\nSystème simple pour gérer votre blanchisserie : réception des commandes, impression de reçus avec codes-barres, suivi des commandes, gestion du catalogue et des prix, comptabilité et revenus, et gestion des utilisateurs. Support multilingue : arabe, français et anglais.','Lavandera — Complete management solution for laundry services\r\nA simple system to manage your laundry business: order intake, receipt printing with barcodes, order tracking, catalog and pricing management, accounting and revenue tracking, and user management. Multilingual support: Arabic, French, and English.','مميزات Lavandera\r\nواجهة استقبال سريعة\r\nإنشاء طلبات بخطوات بسيطة\r\nكتالوج بصري للملابس\r\nحساب تلقائي للمجموع\r\nنظام الباركود\r\nباركود فريد لكل طلب\r\nتتبع سريع للطلبات\r\nطباعة فواتير مع باركود\r\nإدارة الكتالوج والأسعار\r\nإضافة أنواع الملابس\r\nتحديد أسعار الغسيل والكوي\r\nرفع صور للملابس\r\nالمحاسبة المالية\r\nتتبع الإيرادات والمصروفات\r\nإدارة صناديق متعددة\r\nتقارير مالية يومية\r\nلوحة تحكم شاملة\r\nمؤشرات الأداء الرئيسية\r\nعرض الطلبات الحديثة\r\nإحصائيات فورية\r\nإدارة المستخدمين\r\nنظام صلاحيات متقدم\r\nأدوار مختلفة للمستخدمين\r\nأمان محسّن\r\nدعم متعدد اللغات\r\nالعربية (RTL)\r\nالفرنسية\r\nالإنجليزية\r\nسهولة الاستخدام\r\nواجهة بسيطة\r\nتصميم حديث\r\nسريع وسلس','Caractéristiques de Lavandera\r\nInterface de réception rapide\r\nCréation de commandes en quelques étapes\r\nCatalogue visuel des vêtements\r\nCalcul automatique des totaux\r\nSystème de codes-barres\r\nCode-barres unique par commande\r\nSuivi rapide des commandes\r\nImpression de reçus avec codes-barres\r\nGestion du catalogue et des prix\r\nAjout de types de vêtements\r\nDéfinition des prix de lavage et repassage\r\nTéléchargement d\'images\r\nComptabilité financière\r\nSuivi des revenus et dépenses\r\nGestion de plusieurs caisses\r\nRapports financiers quotidiens\r\nTableau de bord complet\r\nIndicateurs de performance clés\r\nAffichage des commandes récentes\r\nStatistiques en temps réel\r\nGestion des utilisateurs\r\nSystème de permissions avancé\r\nDifférents rôles pour les utilisateurs\r\nSécurité renforcée\r\nSupport multilingue\r\nArabe (RTL)\r\nFrançais\r\nAnglais\r\nFacilité d\'utilisation\r\nInterface intuitive\r\nDesign moderne\r\nRapide et fluide','Lavandera Features\r\nFast Reception Interface\r\nCreate orders in simple steps\r\nVisual garment catalog\r\nAutomatic total calculation\r\nBarcode System\r\nUnique barcode per order\r\nQuick order tracking\r\nReceipt printing with barcodes\r\nCatalog & Pricing Management\r\nAdd clothing types\r\nSet wash and iron prices\r\nUpload images\r\nFinancial Accounting\r\nTrack income and expenses\r\nManage multiple cashboxes\r\nDaily financial reports\r\nComprehensive Dashboard\r\nKey performance indicators\r\nRecent orders display\r\nReal-time statistics\r\nUser Management\r\nAdvanced permission system\r\nDifferent user roles\r\nEnhanced security\r\nMultilingual Support\r\nArabic (RTL)\r\nFrench\r\nEnglish\r\nEase of Use\r\nIntuitive interface\r\nModern design\r\nFast and smooth',NULL,699.00,'images/products/1766096092_lafandyra_ar.png','images/products/1766096092_lafandyra_ar.png','images/products/1764441151_lavandera_fr.png','images/products/1764441151_lavandera_en.png',NULL,NULL,'1.0.0',NULL,20,NULL,10,'\"[\\\"Windows 10\\\"]\"',1,1,0,'2025-11-28 23:29:25','2025-12-21 11:50:57'),(12,'Gestion location de voiture','Gestion location de voiture','Gestion location de voiture','Gestion location de voiture','location',NULL,NULL,'<p>برنامج إدارة تأجير السيارات \"GoCar\" يتيح لك استقبال الحجوزات عبر الإنترنت في الوقت الحقيقي، وهو برنامج شامل ومرن. إنه يسمح بالاستجابة لتوقعات العملاء وتسهيل إدارة أسطول سياراتك. هذا البرنامج هو حلك الشامل، حيث يغطي دورة التأجير بأكملها: الحجز، العقد، الفوترة، صيانة السيارة، التأمين.</p>','<p>Le logiciel de gestion de location GoCar, vous permet de recevoir des r&eacute;servations en ligne en temps r&eacute;el, complet et flexible. Il permet de r&eacute;pondre aux attentes des clients et de faciliter la gestion de votre flotte.Ce logiciel est votre solution, il couvre tout le cycle de location: R&eacute;servation, Contrat, Facturation, entretien automobile, Assurance</p>','<p>The GoCar rental management software allows you to receive online reservations in real-time; it is comprehensive and flexible. It enables you to meet customer expectations and facilitates the management of your fleet. This software is your all-in-one solution, covering the entire rental cycle: Booking, Contract, Invoicing, Vehicle Maintenance, Insurance.</p>','استقبال الحجوزات عبر الإنترنت في الوقت الحقيقي.\r\nبرنامج شامل ومرن.\r\nالاستجابة لتوقعات العملاء.\r\nتسهيل إدارة أسطول المركبات.\r\nيغطي دورة التأجير بالكامل، والتي تشمل:\r\nالحجز (Réservation)\r\nالعقد (Contrat)\r\nالفوترة (Facturation)\r\nصيانة السيارات (Entretien automobile)\r\nالتأمين (Assurance)','Réception des réservations en ligne en temps réel.\r\nLogiciel complet et flexible.\r\nRéponse aux attentes des clients.\r\nFacilitation de la gestion de votre flotte de véhicules.\r\nCouvre l\'intégralité du cycle de location, comprenant :\r\nLa Réservation\r\nLe Contrat\r\nLa Facturation\r\nL\'Entretien automobile\r\nL\'Assurance','Receive online bookings in real-time.\r\nComprehensive and flexible software.\r\nMeets customer expectations.\r\nFacilitates the management of your vehicle fleet.\r\nCovers the entire rental cycle, including:\r\nBooking\r\nContract\r\nInvoicing\r\nVehicle Maintenance\r\nInsurance',NULL,949.00,'images/products/1766329551_location_ar.jfif','images/products/1766329551_location_ar.jfif','images/products/1766329526_gestion-location-de-voiture_fr.jfif','images/products/1766329551_location_en.jfif',NULL,NULL,'1.0.0',NULL,33,NULL,0,'\"[\\\"Windows 10\\\",\\\"Windows 11\\\"]\"',0,0,0,'2025-12-20 23:19:46','2025-12-21 20:45:20');

--
-- Table structure for table `imranesoft_sessions`
--

CREATE TABLE `imranesoft_sessions` (
  `id` varchar(255) NOT NULL,
  `user_id` bigint unsigned DEFAULT NULL,
  `ip_address` varchar(45) DEFAULT NULL,
  `user_agent` text,
  `payload` longtext NOT NULL,
  `last_activity` int NOT NULL,
  PRIMARY KEY (`id`),
  KEY `idx_user_id` (`user_id`),
  KEY `idx_last_activity` (`last_activity`)
) ENGINE=InnoDB DEFAULT CHARSET=utf8mb3;

--
-- Dumping data for table `imranesoft_sessions`
--

INSERT INTO `imranesoft_sessions` VALUES ('0t5bMZR3yWqZArNoniIWu0vImc9W3AdvYYAHpdLd',NULL,'84.254.106.197','Mozilla/5.0 (Linux; Android 6.0; Nexus 5 Build/MRA58N) AppleWebKit/537.36 (KHTML, like Gecko) Chrome/130.0.0.0 Mobile Safari/537.36','YTozOntzOjY6Il90b2tlbiI7czo0MDoicDQwNDNFeFBwUXdpYnlSdmpRbjZ6M2Z2dEZObXpNcktCU2VINlhGMyI7czo5OiJfcHJldmlvdXMiO2E6MTp7czozOiJ1cmwiO3M6NDE6Imh0dHBzOi8vd3d3LmVzc2FpLmltcmFuZXNvZnQuY29tLz9sYW5nPWZyIjt9czo2OiJfZmxhc2giO2E6Mjp7czozOiJvbGQiO2E6MDp7fXM6MzoibmV3IjthOjA6e319fQ==',1767230807),('2vadMKc05QJcWWIkaTwueSAj4OzVqSLwfc0lj6tR',NULL,'23.27.145.155','Mozilla/5.0 (X11; Linux i686; rv:109.0) Gecko/20100101 Firefox/120.0','YTozOntzOjY6Il90b2tlbiI7czo0MDoiNW9LTEtJelI0NXBMY2xFVUpMSGZmeExZbzlMMXB1WWRDTDZYMG01ZCI7czo5OiJfcHJldmlvdXMiO2E6MTp7czozOiJ1cmwiO3M6Mjg6Imh0dHBzOi8vZXNzYWkuaW1yYW5lc29mdC5jb20iO31zOjY6Il9mbGFzaCI7YToyOntzOjM6Im9sZCI7YTowOnt9czozOiJuZXciO2E6MDp7fX19',1767234184),('6t8vDxJHqd1qEstbXZx5iXlerYoyPOc7XSG2sHU5',NULL,'74.7.243.194','Mozilla/5.0 AppleWebKit/537.36 (KHTML, like Gecko; compatible; GPTBot/1.3; +https://openai.com/gptbot)','YTozOntzOjY6Il90b2tlbiI7czo0MDoiTUNWZ0tXS3RSd2RlbGpieUJydWlYTlNraERWeERDZTNUYTY3aDd4RCI7czo5OiJfcHJldmlvdXMiO2E6MTp7czozOiJ1cmwiO3M6NTA6Imh0dHBzOi8vd3d3LmVzc2FpLmltcmFuZXNvZnQuY29tL3Byb2R1Y3RzL21hZHJhc3RpIjt9czo2OiJfZmxhc2giO2E6Mjp7czozOiJvbGQiO2E6MDp7fXM6MzoibmV3IjthOjA6e319fQ==',1767276430),('7VbQ4A7JQuA1JTNXWA7PbOAJpKNB1hS4HA0kR5Er',NULL,'84.254.106.197','Mozilla/5.0 (Linux; Android 6.0; Nexus 5 Build/MRA58N) AppleWebKit/537.36 (KHTML, like Gecko) Chrome/130.0.0.0 Mobile Safari/537.36','YTozOntzOjY6Il90b2tlbiI7czo0MDoieDhNaUMybk5KN2VQcFdWMk94R2lKbE5leHJOQ1U5V2ZpS05tT1psMCI7czo5OiJfcHJldmlvdXMiO2E6MTp7czozOiJ1cmwiO3M6Mzc6Imh0dHBzOi8vZXNzYWkuaW1yYW5lc29mdC5jb20vP2xhbmc9ZW4iO31zOjY6Il9mbGFzaCI7YToyOntzOjM6Im9sZCI7YTowOnt9czozOiJuZXciO2E6MDp7fX19',1767231114),('ASy3RaqAAVolvpDASMOydZzyI6jIawP8UJxZLlcv',NULL,'84.254.106.197','Mozilla/5.0 (Linux; Android 6.0; Nexus 5 Build/MRA58N) AppleWebKit/537.36 (KHTML, like Gecko) Chrome/130.0.0.0 Mobile Safari/537.36','YTozOntzOjY6Il90b2tlbiI7czo0MDoiclRZS09UWDVEb1BXeWtYM25IWHBqUDFCcEd4VVJtNUQ0S005NkllTSI7czo5OiJfcHJldmlvdXMiO2E6MTp7czozOiJ1cmwiO3M6NDE6Imh0dHBzOi8vd3d3LmVzc2FpLmltcmFuZXNvZnQuY29tLz9sYW5nPWVuIjt9czo2OiJfZmxhc2giO2E6Mjp7czozOiJvbGQiO2E6MDp7fXM6MzoibmV3IjthOjA6e319fQ==',1767230807),('bSxQbMNFc6fjP5jxy3SFKXeRUQbBIRhlcgMAOOOk',NULL,'34.71.225.248','Mozilla/5.0 (Windows NT 10.0; Win64; x64) AppleWebKit/537.36 (KHTML, like Gecko) Chrome/78.0.3904.108 Safari/537.36','YTozOntzOjY6Il90b2tlbiI7czo0MDoiN3prV3ZpbDljeWtXOEtBMnc4Y3hMN1ZRNlZ3aTlGRzFMWDI2bVNXRCI7czo5OiJfcHJldmlvdXMiO2E6MTp7czozOiJ1cmwiO3M6Mjc6Imh0dHA6Ly9lc3NhaS5pbXJhbmVzb2Z0LmNvbSI7fXM6NjoiX2ZsYXNoIjthOjI6e3M6Mzoib2xkIjthOjA6e31zOjM6Im5ldyI7YTowOnt9fX0=',1767292719),('COkiAMuMbOswD2bx6igTCaAlT7xUtfO4siXzGcZS',NULL,'84.254.106.197','Mozilla/5.0 (Linux; Android 6.0; Nexus 5 Build/MRA58N) AppleWebKit/537.36 (KHTML, like Gecko) Chrome/130.0.0.0 Mobile Safari/537.36','YTozOntzOjY6Il90b2tlbiI7czo0MDoiZ011am04bDNPdHpCZmJ5OGZtVzBjVkdKZWdWclF5NGlyYkFFUk9QdCI7czo5OiJfcHJldmlvdXMiO2E6MTp7czozOiJ1cmwiO3M6NDE6Imh0dHBzOi8vd3d3LmVzc2FpLmltcmFuZXNvZnQuY29tLz9sYW5nPWFyIjt9czo2OiJfZmxhc2giO2E6Mjp7czozOiJvbGQiO2E6MDp7fXM6MzoibmV3IjthOjA6e319fQ==',1767230807),('dB1yJZJJzMs8ZMuPi4Lh6lfh35QY7PyYv5tUqXgw',NULL,'84.254.106.197','Mozilla/5.0 (Linux; Android 6.0; Nexus 5 Build/MRA58N) AppleWebKit/537.36 (KHTML, like Gecko) Chrome/130.0.0.0 Mobile Safari/537.36','YTozOntzOjY6Il90b2tlbiI7czo0MDoia2R1MGo5SWdCYjVsVnBWMjZoZlpNS1VnQUhRemQ2ZHZCZFNZd3liMyI7czo5OiJfcHJldmlvdXMiO2E6MTp7czozOiJ1cmwiO3M6NDQ6Imh0dHBzOi8vZXNzYWkuaW1yYW5lc29mdC5jb20vP2xhbmc9eC1kZWZhdWx0Ijt9czo2OiJfZmxhc2giO2E6Mjp7czozOiJvbGQiO2E6MDp7fXM6MzoibmV3IjthOjA6e319fQ==',1767231114),('Fw4GAVpKmX32H4tRcoxm4AegKRQPna2I14ZdJ3Hm',NULL,'149.57.180.197','Mozilla/5.0 (X11; Linux i686; rv:109.0) Gecko/20100101 Firefox/120.0','YTozOntzOjY6Il90b2tlbiI7czo0MDoiTkRZWm9PMUJUTk80NFJSZm1UazlaTWZsWmJKZUVLd0VuaTRPUWh4RSI7czo5OiJfcHJldmlvdXMiO2E6MTp7czozOiJ1cmwiO3M6Mjg6Imh0dHBzOi8vZXNzYWkuaW1yYW5lc29mdC5jb20iO31zOjY6Il9mbGFzaCI7YToyOntzOjM6Im9sZCI7YTowOnt9czozOiJuZXciO2E6MDp7fX19',1767246837),('G3VXcAYiMQceOH8mHzjaWFI2fO4Vcc0o0I9jlrhm',NULL,'134.209.183.169','Mozilla/5.0 (X11; Linux x86_64) AppleWebKit/537.36 (KHTML, like Gecko) Chrome/142.0.0.0 Safari/537.36','YTozOntzOjY6Il90b2tlbiI7czo0MDoidENpRVIyaU9aYjZ1UlVpWXVWYjUxRzVCaEx4aTlpbksxQWRsRDdBZiI7czo5OiJfcHJldmlvdXMiO2E6MTp7czozOiJ1cmwiO3M6Mjg6Imh0dHBzOi8vZXNzYWkuaW1yYW5lc29mdC5jb20iO31zOjY6Il9mbGFzaCI7YToyOntzOjM6Im9sZCI7YTowOnt9czozOiJuZXciO2E6MDp7fX19',1767254724),('HiH39V4200UcaoVD6ARHLJmA7d7eP2TQknzcmcPO',NULL,'143.244.135.125','Mozilla/5.0 (X11; Linux x86_64; rv:142.0) Gecko/20100101 Firefox/142.0','YTozOntzOjY6Il90b2tlbiI7czo0MDoiS2hWT3dwZE9hcWNQazJ4Nmlyd1Vhb2xrSzZSY3RhWFUxVWVDNjNEbSI7czo5OiJfcHJldmlvdXMiO2E6MTp7czozOiJ1cmwiO3M6MzE6Imh0dHA6Ly93d3cuZXNzYWkuaW1yYW5lc29mdC5jb20iO31zOjY6Il9mbGFzaCI7YToyOntzOjM6Im9sZCI7YTowOnt9czozOiJuZXciO2E6MDp7fX19',1767272789),('J2SGckZ2JF27XPDG4L2F0DBH645tKPgFgLBNCwGK',NULL,'195.178.110.155','Mozilla/5.0','YTozOntzOjY6Il90b2tlbiI7czo0MDoiMzdxTWJkQ0dNZE05RWlIdU40WE5KRUo5eGI3UmUwRHBBZzZ5OWZ0bSI7czo5OiJfcHJldmlvdXMiO2E6MTp7czozOiJ1cmwiO3M6MzI6Imh0dHBzOi8vd3d3LmVzc2FpLmltcmFuZXNvZnQuY29tIjt9czo2OiJfZmxhc2giO2E6Mjp7czozOiJvbGQiO2E6MDp7fXM6MzoibmV3IjthOjA6e319fQ==',1767228053),('jhuEUKoicuvej8qtysPmvd6Qh8l5L9Tf0UXpcgJO',NULL,'84.254.106.197','Mozilla/5.0 (Linux; Android 6.0; Nexus 5 Build/MRA58N) AppleWebKit/537.36 (KHTML, like Gecko) Chrome/130.0.0.0 Mobile Safari/537.36','YTozOntzOjY6Il90b2tlbiI7czo0MDoiTUh2WUszank3ZHp3ZW5ITHRRdFZmUGZTWHlzdzFzV1N3SjUySkYzaCI7czo5OiJfcHJldmlvdXMiO2E6MTp7czozOiJ1cmwiO3M6Mzc6Imh0dHBzOi8vZXNzYWkuaW1yYW5lc29mdC5jb20vP2xhbmc9ZnIiO31zOjY6Il9mbGFzaCI7YToyOntzOjM6Im9sZCI7YTowOnt9czozOiJuZXciO2E6MDp7fX19',1767231115),('Kn42BwjAdOfIXfU71nswny43mxUyIpcmSrnS5EQP',NULL,'35.88.201.150','Mozilla/5.0 (Windows NT 10.0; Win64; x64) AppleWebKit/537.36 (KHTML, like Gecko) Chrome/60.0.3112.113 Safari/537.36 Assetnote/1.0.0','YTozOntzOjY6Il90b2tlbiI7czo0MDoiYlVSWHJyV29Va2Nta1FoRHdIY1YzbVc1azB3NG1vbUY5cU05RTR5UiI7czo5OiJfcHJldmlvdXMiO2E6MTp7czozOiJ1cmwiO3M6MzI6Imh0dHBzOi8vd3d3LmVzc2FpLmltcmFuZXNvZnQuY29tIjt9czo2OiJfZmxhc2giO2E6Mjp7czozOiJvbGQiO2E6MDp7fXM6MzoibmV3IjthOjA6e319fQ==',1767308118),('mDvhre6flCpVlnYnW7EiQiNNckLAvuzdtdZtYbj6',NULL,'23.27.145.242','Mozilla/5.0 (X11; Linux i686; rv:109.0) Gecko/20100101 Firefox/120.0','YTozOntzOjY6Il90b2tlbiI7czo0MDoibGR3TmhNVHE4SldwZU5PQXVCSklmbXNSaXEydWIwOGRQWG1JZHNyZCI7czo5OiJfcHJldmlvdXMiO2E6MTp7czozOiJ1cmwiO3M6MzI6Imh0dHBzOi8vd3d3LmVzc2FpLmltcmFuZXNvZnQuY29tIjt9czo2OiJfZmxhc2giO2E6Mjp7czozOiJvbGQiO2E6MDp7fXM6MzoibmV3IjthOjA6e319fQ==',1767247002),('munGeN2TDSQVpVhmCaliNtn71yWtIxKEyJmWzfdi',NULL,'84.254.106.197','Mozilla/5.0 (Linux; Android 6.0; Nexus 5 Build/MRA58N) AppleWebKit/537.36 (KHTML, like Gecko) Chrome/130.0.0.0 Mobile Safari/537.36','YTozOntzOjY6Il90b2tlbiI7czo0MDoiNjk0TjdpWjhxOEEzR3BDbGZPODQ3T0VxMU1hbm50NkpxdE03VWxyTCI7czo5OiJfcHJldmlvdXMiO2E6MTp7czozOiJ1cmwiO3M6Mzc6Imh0dHBzOi8vZXNzYWkuaW1yYW5lc29mdC5jb20vP2xhbmc9YXIiO31zOjY6Il9mbGFzaCI7YToyOntzOjM6Im9sZCI7YTowOnt9czozOiJuZXciO2E6MDp7fX19',1767231114),('MWqJeltzHqObS2ojFg5FfA4yFNyZUOWHuJZmWh3W',NULL,'74.7.243.214','Mozilla/5.0 AppleWebKit/537.36 (KHTML, like Gecko; compatible; GPTBot/1.3; +https://openai.com/gptbot)','YTo0OntzOjY6Il90b2tlbiI7czo0MDoiQjZUY1V6aTNNYzR1MTlyV0VLbmY5MzlDNE0zaHF4N25UVXgxT3VhOSI7czo5OiJfcHJldmlvdXMiO2E6MTp7czozOiJ1cmwiO3M6Mjg6Imh0dHBzOi8vZXNzYWkuaW1yYW5lc29mdC5jb20iO31zOjY6Il9mbGFzaCI7YToyOntzOjM6Im9sZCI7YTowOnt9czozOiJuZXciO2E6MDp7fX1zOjY6ImxvY2FsZSI7czoyOiJmciI7fQ==',1767278604),('OOhyIAMXDYlGUHmJUBVktKZIlP0ag92WyT64TUri',NULL,'134.209.183.169','Mozilla/5.0 (X11; Linux x86_64; rv:142.0) Gecko/20100101 Firefox/142.0','YTozOntzOjY6Il90b2tlbiI7czo0MDoiNWZ4UmQwakJicWI2UWEyNzhTOVVqZndXbW9jMkM4d3M4MThFeE1OcyI7czo5OiJfcHJldmlvdXMiO2E6MTp7czozOiJ1cmwiO3M6Mjc6Imh0dHA6Ly9lc3NhaS5pbXJhbmVzb2Z0LmNvbSI7fXM6NjoiX2ZsYXNoIjthOjI6e3M6Mzoib2xkIjthOjA6e31zOjM6Im5ldyI7YTowOnt9fX0=',1767254723),('ov21fgX7RKdNu6kjwNJFpAJCOXKo3OkEm3LHFX81',NULL,'84.254.106.197','Mozilla/5.0 (Linux; Android 6.0; Nexus 5 Build/MRA58N) AppleWebKit/537.36 (KHTML, like Gecko) Chrome/130.0.0.0 Mobile Safari/537.36','YTozOntzOjY6Il90b2tlbiI7czo0MDoiN3BSRWd2RXZCcWhCbGpSaXYyZFNIRHJVSldPUFVNQ2FmVUMwNjlJMyI7czo5OiJfcHJldmlvdXMiO2E6MTp7czozOiJ1cmwiO3M6Mjg6Imh0dHBzOi8vZXNzYWkuaW1yYW5lc29mdC5jb20iO31zOjY6Il9mbGFzaCI7YToyOntzOjM6Im9sZCI7YTowOnt9czozOiJuZXciO2E6MDp7fX19',1767231110),('pSIDqIguP1EkRhLxPnNL4n2rRJMYBIQjN1PA6bQY',NULL,'3.148.215.1','Mozilla/5.0 (Windows NT 10.0; Win64; x64) AppleWebKit/537.36 (KHTML, like Gecko) Chrome/60.0.3112.113 Safari/537.36 Assetnote/1.0.0','YTozOntzOjY6Il90b2tlbiI7czo0MDoiNWh0dTR6Nk5aS0ZZY1UwU0FycU9DSTMwVnJaRE1GTHp3Z2psaXRpOCI7czo5OiJfcHJldmlvdXMiO2E6MTp7czozOiJ1cmwiO3M6Mjg6Imh0dHBzOi8vZXNzYWkuaW1yYW5lc29mdC5jb20iO31zOjY6Il9mbGFzaCI7YToyOntzOjM6Im9sZCI7YTowOnt9czozOiJuZXciO2E6MDp7fX19',1767307490),('qtDNqwKN8lVlVKfbL8VDu7gqsCf9ovabuZMx145y',NULL,'74.7.243.214','Mozilla/5.0 AppleWebKit/537.36 (KHTML, like Gecko; compatible; GPTBot/1.3; +https://openai.com/gptbot)','YTo0OntzOjY6Il90b2tlbiI7czo0MDoiR0JrellkeDNOUG9ieXo0MWszNVZQZE95aWFaVUU3Njhjbm4xdHRaSSI7czo5OiJfcHJldmlvdXMiO2E6MTp7czozOiJ1cmwiO3M6Mzc6Imh0dHBzOi8vZXNzYWkuaW1yYW5lc29mdC5jb20vcmVnaXN0ZXIiO31zOjY6Il9mbGFzaCI7YToyOntzOjM6Im9sZCI7YTowOnt9czozOiJuZXciO2E6MDp7fX1zOjU6InN0YXRlIjtzOjQwOiI0TUFmOWE2YkdiWExraTg1VHBqYjJETlVxRTJqZ05xTGNWS0dWa0hLIjt9',1767279680),('RD43JojMsAr5I2TmlbAVC4VpGGn3JIRQqp5FS8hE',NULL,'87.236.176.32','Mozilla/5.0 (compatible; InternetMeasurement/1.0; +https://internet-measurement.com/)','YTozOntzOjY6Il90b2tlbiI7czo0MDoiN1VNbGhDR2FrOFkwSGFqY3M1MTZia3F2Q2dkTnlhMFJ5d0I2bnBibyI7czo5OiJfcHJldmlvdXMiO2E6MTp7czozOiJ1cmwiO3M6MzE6Imh0dHA6Ly93d3cuZXNzYWkuaW1yYW5lc29mdC5jb20iO31zOjY6Il9mbGFzaCI7YToyOntzOjM6Im9sZCI7YTowOnt9czozOiJuZXciO2E6MDp7fX19',1767225773),('rFVV0BoTbkqZvw9cJbVJmc4fnLz1G6fEFz2VTpwb',NULL,'74.7.243.214','Mozilla/5.0 AppleWebKit/537.36 (KHTML, like Gecko; compatible; GPTBot/1.3; +https://openai.com/gptbot)','YTo0OntzOjY6Il90b2tlbiI7czo0MDoiMU1JcW5lNHREN1BRUGpLREx0cEJRcDZWb0hpVTdpUW5nM0NKV3NqcyI7czo5OiJfcHJldmlvdXMiO2E6MTp7czozOiJ1cmwiO3M6Mzc6Imh0dHBzOi8vZXNzYWkuaW1yYW5lc29mdC5jb20vP2xhbmc9ZW4iO31zOjY6Il9mbGFzaCI7YToyOntzOjM6Im9sZCI7YTowOnt9czozOiJuZXciO2E6MDp7fX1zOjY6ImxvY2FsZSI7czoyOiJhciI7fQ==',1767277850),('Rk7DctMzfqEaGMNDVKQGvavMDPtsLtNSYniSQ2hg',NULL,'23.27.145.206','Mozilla/5.0 (X11; Linux i686; rv:109.0) Gecko/20100101 Firefox/120.0','YTozOntzOjY6Il90b2tlbiI7czo0MDoiVTBIS1pFbVJCemh4TWVvMjROeDlPbm8xRG04RW5XS1NDeFJtZk01dSI7czo5OiJfcHJldmlvdXMiO2E6MTp7czozOiJ1cmwiO3M6MzI6Imh0dHBzOi8vd3d3LmVzc2FpLmltcmFuZXNvZnQuY29tIjt9czo2OiJfZmxhc2giO2E6Mjp7czozOiJvbGQiO2E6MDp7fXM6MzoibmV3IjthOjA6e319fQ==',1767234175),('tbOdLo8walj4kNo7ZuKjks5W2a3c62gv0ZUpIi4T',NULL,'74.7.243.194','Mozilla/5.0 AppleWebKit/537.36 (KHTML, like Gecko; compatible; GPTBot/1.3; +https://openai.com/gptbot)','YTozOntzOjY6Il90b2tlbiI7czo0MDoiNXI2Um81OWNxRjRxZUNOS2pmbE1FczJQbjZWRDVwb3lZZDlvOGNneCI7czo5OiJfcHJldmlvdXMiO2E6MTp7czozOiJ1cmwiO3M6NDg6Imh0dHBzOi8vd3d3LmVzc2FpLmltcmFuZXNvZnQuY29tLz9sYW5nPXgtZGVmYXVsdCI7fXM6NjoiX2ZsYXNoIjthOjI6e3M6Mzoib2xkIjthOjA6e31zOjM6Im5ldyI7YTowOnt9fX0=',1767273385),('TdVGnRU1CnkIvr0VY24W3Obuz8N8CGpnOY7rPtVa',NULL,'143.244.135.125','Mozilla/5.0 (X11; Linux x86_64) AppleWebKit/537.36 (KHTML, like Gecko) Chrome/142.0.0.0 Safari/537.36','YTozOntzOjY6Il90b2tlbiI7czo0MDoidWVMUDJMcG03bGJ1OHk5S0tES2dIMmt4UlZrYWljQWE1R1ZsbExtOSI7czo5OiJfcHJldmlvdXMiO2E6MTp7czozOiJ1cmwiO3M6MzI6Imh0dHBzOi8vd3d3LmVzc2FpLmltcmFuZXNvZnQuY29tIjt9czo2OiJfZmxhc2giO2E6Mjp7czozOiJvbGQiO2E6MDp7fXM6MzoibmV3IjthOjA6e319fQ==',1767272790),('voyJj4aOEjEIiObCJaGz1JzG39ypRBZGnNdnhGaq',NULL,'84.254.106.197','Mozilla/5.0 (Linux; Android 6.0; Nexus 5 Build/MRA58N) AppleWebKit/537.36 (KHTML, like Gecko) Chrome/130.0.0.0 Mobile Safari/537.36','YTozOntzOjY6Il90b2tlbiI7czo0MDoieU1qcWs5Q0N4c1Vab3lUdU95b0tta3R1dk1CYmtKalNjZzE5WEJBMiI7czo5OiJfcHJldmlvdXMiO2E6MTp7czozOiJ1cmwiO3M6NDg6Imh0dHBzOi8vd3d3LmVzc2FpLmltcmFuZXNvZnQuY29tLz9sYW5nPXgtZGVmYXVsdCI7fXM6NjoiX2ZsYXNoIjthOjI6e3M6Mzoib2xkIjthOjA6e31zOjM6Im5ldyI7YTowOnt9fX0=',1767230806),('X02xfgSAlj8PcQUHmmWa0nglmc1F0NtM1pLgGQMF',NULL,'74.7.243.194','Mozilla/5.0 AppleWebKit/537.36 (KHTML, like Gecko; compatible; GPTBot/1.3; +https://openai.com/gptbot)','YTo0OntzOjY6Il90b2tlbiI7czo0MDoiRVR3Y0lwRDZzM253aFBSMG1sNkNyTUpSMFJrbUs5YWE3RmZHdHNvdCI7czo5OiJfcHJldmlvdXMiO2E6MTp7czozOiJ1cmwiO3M6NDA6Imh0dHBzOi8vd3d3LmVzc2FpLmltcmFuZXNvZnQuY29tL2NvbnRhY3QiO31zOjY6Il9mbGFzaCI7YToyOntzOjM6Im9sZCI7YTowOnt9czozOiJuZXciO2E6MDp7fX1zOjU6InN0YXRlIjtzOjQwOiJYZjdRQ2NFbTdoTnc1WkVjdUNPd1ZKS1VSa2paak9sWDBNSTZyS1JDIjt9',1767277912),('YpN6EqTmN2RJpKjnNnd2DfHpVKGRDWHhtBy4TyhO',NULL,'84.254.106.197','Mozilla/5.0 (Linux; Android 6.0; Nexus 5 Build/MRA58N) AppleWebKit/537.36 (KHTML, like Gecko) Chrome/130.0.0.0 Mobile Safari/537.36','YTozOntzOjY6Il90b2tlbiI7czo0MDoiT0dwSUtCMERlb0c0b1VDbm9sREo3U0JVcFk1cEF1YkhpQVNRYWUxWiI7czo5OiJfcHJldmlvdXMiO2E6MTp7czozOiJ1cmwiO3M6MzI6Imh0dHBzOi8vd3d3LmVzc2FpLmltcmFuZXNvZnQuY29tIjt9czo2OiJfZmxhc2giO2E6Mjp7czozOiJvbGQiO2E6MDp7fXM6MzoibmV3IjthOjA6e319fQ==',1767230804),('zEldXyBkS2Wh3HJT6KF6z2LhKqxOlZiMH5gaEhjR',NULL,'74.7.243.194','Mozilla/5.0 AppleWebKit/537.36 (KHTML, like Gecko; compatible; GPTBot/1.3; +https://openai.com/gptbot)','YTo0OntzOjY6Il90b2tlbiI7czo0MDoiaDAzdlhjSTRtQjJrME8xdVBKQjBLMTIyd3E0dUprSlJzdjZDUDZYUyI7czo2OiJsb2NhbGUiO3M6MjoiZnIiO3M6NjoiX2ZsYXNoIjthOjI6e3M6MzoibmV3IjthOjA6e31zOjM6Im9sZCI7YTowOnt9fXM6OToiX3ByZXZpb3VzIjthOjE6e3M6MzoidXJsIjtzOjMyOiJodHRwczovL3d3dy5lc3NhaS5pbXJhbmVzb2Z0LmNvbSI7fX0=',1767274952);

--
-- Table structure for table `imranesoft_settings`
--

CREATE TABLE `imranesoft_settings` (
  `id` bigint unsigned NOT NULL AUTO_INCREMENT,
  `key` varchar(255) COLLATE utf8mb4_unicode_ci NOT NULL,
  `value` text COLLATE utf8mb4_unicode_ci,
  `created_at` timestamp NULL DEFAULT NULL,
  `updated_at` timestamp NULL DEFAULT NULL,
  PRIMARY KEY (`id`),
  UNIQUE KEY `key` (`key`)
) ENGINE=InnoDB AUTO_INCREMENT=5 DEFAULT CHARSET=utf8mb4 COLLATE=utf8mb4_unicode_ci;

--
-- Dumping data for table `imranesoft_settings`
--

INSERT INTO `imranesoft_settings` VALUES (1,'currency','MAD','2025-11-24 22:35:53','2025-11-24 22:36:33'),(2,'total_purchases','1018','2025-11-24 23:17:30','2025-11-28 20:17:58'),(3,'phone','(+212) 06.74.42.77.48','2025-11-24 23:40:59','2025-11-25 05:27:34'),(4,'default_language','fr','2025-12-22 21:42:22','2025-12-22 21:42:22');

--
-- Table structure for table `lavandera_d1_cache`
--

CREATE TABLE `lavandera_d1_cache` (
  `key` varchar(255) COLLATE utf8mb4_unicode_ci NOT NULL,
  `value` mediumtext COLLATE utf8mb4_unicode_ci NOT NULL,
  `expiration` int NOT NULL,
  PRIMARY KEY (`key`)
) ENGINE=InnoDB DEFAULT CHARSET=utf8mb4 COLLATE=utf8mb4_unicode_ci;

--
-- Dumping data for table `lavandera_d1_cache`
--

INSERT INTO `lavandera_d1_cache` VALUES ('setting.currency','s:2:\"Dh\";',1764371462),('setting.invoice_footer_text','s:0:\"\";',1764371462),('setting.items_per_page','i:20;',1764371462),('setting.store_logo','N;',1764371462),('setting.store_name','s:11:\"Gestock Pro\";',1764371462);

--
-- Table structure for table `lavandera_d1_cache_locks`
--

CREATE TABLE `lavandera_d1_cache_locks` (
  `key` varchar(255) COLLATE utf8mb4_unicode_ci NOT NULL,
  `owner` varchar(255) COLLATE utf8mb4_unicode_ci NOT NULL,
  `expiration` int NOT NULL,
  PRIMARY KEY (`key`)
) ENGINE=InnoDB DEFAULT CHARSET=utf8mb4 COLLATE=utf8mb4_unicode_ci;

--
-- Dumping data for table `lavandera_d1_cache_locks`
--


--
-- Table structure for table `lavandera_d1_cashbox_entries`
--

CREATE TABLE `lavandera_d1_cashbox_entries` (
  `id` bigint unsigned NOT NULL AUTO_INCREMENT,
  `cashbox_id` bigint unsigned NOT NULL,
  `financial_transaction_id` bigint unsigned DEFAULT NULL,
  `direction` enum('in','out') COLLATE utf8mb4_unicode_ci NOT NULL,
  `amount` decimal(12,2) NOT NULL,
  `running_balance` decimal(12,2) NOT NULL,
  `created_at` timestamp NULL DEFAULT NULL,
  `updated_at` timestamp NULL DEFAULT NULL,
  PRIMARY KEY (`id`),
  KEY `lavandera_d1_ce_cid_fk` (`cashbox_id`),
  KEY `lavandera_d1_ce_ftid_fk` (`financial_transaction_id`),
  CONSTRAINT `lavandera_d1_ce_cid_fk` FOREIGN KEY (`cashbox_id`) REFERENCES `lavandera_d1_cashboxes` (`id`) ON DELETE CASCADE,
  CONSTRAINT `lavandera_d1_ce_ftid_fk` FOREIGN KEY (`financial_transaction_id`) REFERENCES `lavandera_d1_financial_transactions` (`id`) ON DELETE SET NULL
) ENGINE=InnoDB AUTO_INCREMENT=16 DEFAULT CHARSET=utf8mb4 COLLATE=utf8mb4_unicode_ci;

--
-- Dumping data for table `lavandera_d1_cashbox_entries`
--


--
-- Table structure for table `lavandera_d1_cashboxes`
--

CREATE TABLE `lavandera_d1_cashboxes` (
  `id` bigint unsigned NOT NULL AUTO_INCREMENT,
  `name` varchar(255) COLLATE utf8mb4_unicode_ci NOT NULL,
  `starting_balance` decimal(12,2) NOT NULL DEFAULT '0.00',
  `current_balance` decimal(12,2) NOT NULL DEFAULT '0.00',
  `notes` text COLLATE utf8mb4_unicode_ci,
  `created_at` timestamp NULL DEFAULT NULL,
  `updated_at` timestamp NULL DEFAULT NULL,
  PRIMARY KEY (`id`)
) ENGINE=InnoDB AUTO_INCREMENT=2 DEFAULT CHARSET=utf8mb4 COLLATE=utf8mb4_unicode_ci;

--
-- Dumping data for table `lavandera_d1_cashboxes`
--

INSERT INTO `lavandera_d1_cashboxes` VALUES (1,'ِCaisse principale',0.00,0.00,NULL,'2025-11-26 06:09:35','2026-01-01 09:53:32');

--
-- Table structure for table `lavandera_d1_clothing_items`
--

CREATE TABLE `lavandera_d1_clothing_items` (
  `id` bigint unsigned NOT NULL AUTO_INCREMENT,
  `name` varchar(255) COLLATE utf8mb4_unicode_ci NOT NULL,
  `slug` varchar(255) COLLATE utf8mb4_unicode_ci NOT NULL,
  `image_path` varchar(255) COLLATE utf8mb4_unicode_ci DEFAULT NULL,
  `default_wash_price` decimal(10,2) NOT NULL DEFAULT '0.00',
  `default_iron_price` decimal(10,2) NOT NULL DEFAULT '0.00',
  `is_active` tinyint(1) NOT NULL DEFAULT '1',
  `created_at` timestamp NULL DEFAULT NULL,
  `updated_at` timestamp NULL DEFAULT NULL,
  PRIMARY KEY (`id`),
  UNIQUE KEY `lavandera_d1_ci_slug_unq` (`slug`)
) ENGINE=InnoDB AUTO_INCREMENT=9 DEFAULT CHARSET=utf8mb4 COLLATE=utf8mb4_unicode_ci;

--
-- Dumping data for table `lavandera_d1_clothing_items`
--

INSERT INTO `lavandera_d1_clothing_items` VALUES (1,'T-shirt','shirt','shirt_1764184039.jpg',8.00,5.00,1,'2025-11-26 06:09:35','2025-11-26 18:07:19'),(2,'Pantalon','pantalon','pantalon_1764183960.webp',10.00,6.00,1,'2025-11-26 06:09:35','2025-11-26 18:06:00'),(4,'Veste','veste','veste_1764224956.webp',20.00,12.00,1,'2025-11-26 06:09:35','2025-11-27 05:29:16'),(5,'Chemise','chemise','chemise_1764183704.webp',18.00,11.00,1,'2025-11-26 06:09:35','2025-11-26 18:01:44'),(6,'Costume','costume','costume_1764225068.jfif',30.00,15.00,1,'2025-11-27 05:31:08','2025-11-27 05:31:08'),(7,'جلابة','glab','glab_1764251546.png',16.00,8.00,1,'2025-11-27 12:50:19','2025-11-27 12:52:26'),(8,'قفطان','kftan','kftan_1764251605.jpg',16.00,8.00,1,'2025-11-27 12:53:25','2025-11-27 12:53:25');

--
-- Table structure for table `lavandera_d1_failed_jobs`
--

CREATE TABLE `lavandera_d1_failed_jobs` (
  `id` bigint unsigned NOT NULL AUTO_INCREMENT,
  `uuid` varchar(255) COLLATE utf8mb4_unicode_ci NOT NULL,
  `connection` text COLLATE utf8mb4_unicode_ci NOT NULL,
  `queue` text COLLATE utf8mb4_unicode_ci NOT NULL,
  `payload` longtext COLLATE utf8mb4_unicode_ci NOT NULL,
  `exception` longtext COLLATE utf8mb4_unicode_ci NOT NULL,
  `failed_at` timestamp NOT NULL DEFAULT CURRENT_TIMESTAMP,
  PRIMARY KEY (`id`),
  UNIQUE KEY `lavandera_d1_fj_uuid_unq` (`uuid`)
) ENGINE=InnoDB DEFAULT CHARSET=utf8mb4 COLLATE=utf8mb4_unicode_ci;

--
-- Dumping data for table `lavandera_d1_failed_jobs`
--


--
-- Table structure for table `lavandera_d1_financial_transactions`
--

CREATE TABLE `lavandera_d1_financial_transactions` (
  `id` bigint unsigned NOT NULL AUTO_INCREMENT,
  `type` enum('income','expense') COLLATE utf8mb4_unicode_ci NOT NULL,
  `category` varchar(255) COLLATE utf8mb4_unicode_ci DEFAULT NULL,
  `reference_type` varchar(255) COLLATE utf8mb4_unicode_ci DEFAULT NULL,
  `reference_id` bigint unsigned DEFAULT NULL,
  `cashbox_id` bigint unsigned DEFAULT NULL,
  `amount` decimal(12,2) NOT NULL,
  `description` text COLLATE utf8mb4_unicode_ci,
  `occurred_on` date NOT NULL,
  `created_at` timestamp NULL DEFAULT NULL,
  `updated_at` timestamp NULL DEFAULT NULL,
  PRIMARY KEY (`id`),
  KEY `lavandera_d1_ft_ref_idx` (`reference_type`,`reference_id`),
  KEY `lavandera_d1_ft_cid_fk` (`cashbox_id`),
  CONSTRAINT `lavandera_d1_ft_cid_fk` FOREIGN KEY (`cashbox_id`) REFERENCES `lavandera_d1_cashboxes` (`id`) ON DELETE SET NULL
) ENGINE=InnoDB AUTO_INCREMENT=16 DEFAULT CHARSET=utf8mb4 COLLATE=utf8mb4_unicode_ci;

--
-- Dumping data for table `lavandera_d1_financial_transactions`
--

INSERT INTO `lavandera_d1_financial_transactions` VALUES (15,'income','laundry-service','App\\Models\\ServiceOrder',14,1,26.00,'Payment received for order MSB-00001','2025-11-27','2025-11-27 19:01:11','2025-11-27 19:01:11');

--
-- Table structure for table `lavandera_d1_job_batches`
--

CREATE TABLE `lavandera_d1_job_batches` (
  `id` varchar(255) COLLATE utf8mb4_unicode_ci NOT NULL,
  `name` varchar(255) COLLATE utf8mb4_unicode_ci NOT NULL,
  `total_jobs` int NOT NULL,
  `pending_jobs` int NOT NULL,
  `failed_jobs` int NOT NULL,
  `failed_job_ids` longtext COLLATE utf8mb4_unicode_ci NOT NULL,
  `options` mediumtext COLLATE utf8mb4_unicode_ci,
  `cancelled_at` int DEFAULT NULL,
  `created_at` int NOT NULL,
  `finished_at` int DEFAULT NULL,
  PRIMARY KEY (`id`)
) ENGINE=InnoDB DEFAULT CHARSET=utf8mb4 COLLATE=utf8mb4_unicode_ci;

--
-- Dumping data for table `lavandera_d1_job_batches`
--


--
-- Table structure for table `lavandera_d1_jobs`
--

CREATE TABLE `lavandera_d1_jobs` (
  `id` bigint unsigned NOT NULL AUTO_INCREMENT,
  `queue` varchar(255) COLLATE utf8mb4_unicode_ci NOT NULL,
  `payload` longtext COLLATE utf8mb4_unicode_ci NOT NULL,
  `attempts` tinyint unsigned NOT NULL,
  `reserved_at` int unsigned DEFAULT NULL,
  `available_at` int unsigned NOT NULL,
  `created_at` int unsigned NOT NULL,
  PRIMARY KEY (`id`),
  KEY `lavandera_d1_jobs_q_idx` (`queue`)
) ENGINE=InnoDB DEFAULT CHARSET=utf8mb4 COLLATE=utf8mb4_unicode_ci;

--
-- Dumping data for table `lavandera_d1_jobs`
--


--
-- Table structure for table `lavandera_d1_migrations`
--

CREATE TABLE `lavandera_d1_migrations` (
  `id` int unsigned NOT NULL AUTO_INCREMENT,
  `migration` varchar(255) COLLATE utf8mb4_unicode_ci NOT NULL,
  `batch` int NOT NULL,
  PRIMARY KEY (`id`)
) ENGINE=InnoDB AUTO_INCREMENT=20 DEFAULT CHARSET=utf8mb4 COLLATE=utf8mb4_unicode_ci;

--
-- Dumping data for table `lavandera_d1_migrations`
--

INSERT INTO `lavandera_d1_migrations` VALUES (1,'0001_01_01_000000_create_users_table',1),(2,'0001_01_01_000001_create_cache_table',1),(3,'0001_01_01_000002_create_jobs_table',1),(4,'2025_11_26_064131_create_clothing_items_table',1),(5,'2025_11_26_064200_create_cashboxes_table',1),(6,'2025_11_26_064209_create_service_orders_table',1),(7,'2025_11_26_064213_create_service_order_items_table',1),(8,'2025_11_26_064220_create_financial_transactions_table',1),(9,'2025_11_26_064230_create_cashbox_entries_table',1),(10,'2025_11_26_064236_create_settings_table',1),(11,'2025_11_26_151044_add_color_to_service_order_items_table',2),(12,'2025_11_26_184412_add_service_type_to_service_order_items_table',3),(13,'2025_11_27_161956_create_roles_table',4),(14,'2025_11_27_162000_create_permissions_table',4),(15,'2025_11_27_162004_create_role_permissions_table',4),(16,'2025_11_27_162008_add_role_id_to_users_table',4),(17,'2025_11_27_181929_update_service_orders_status_enum',5);

--
-- Table structure for table `lavandera_d1_password_reset_tokens`
--

CREATE TABLE `lavandera_d1_password_reset_tokens` (
  `email` varchar(255) COLLATE utf8mb4_unicode_ci NOT NULL,
  `token` varchar(255) COLLATE utf8mb4_unicode_ci NOT NULL,
  `created_at` timestamp NULL DEFAULT NULL,
  PRIMARY KEY (`email`)
) ENGINE=InnoDB DEFAULT CHARSET=utf8mb4 COLLATE=utf8mb4_unicode_ci;

--
-- Dumping data for table `lavandera_d1_password_reset_tokens`
--


--
-- Table structure for table `lavandera_d1_permissions`
--

CREATE TABLE `lavandera_d1_permissions` (
  `id` bigint unsigned NOT NULL AUTO_INCREMENT,
  `name` varchar(255) COLLATE utf8mb4_unicode_ci NOT NULL,
  `display_name` varchar(255) COLLATE utf8mb4_unicode_ci NOT NULL,
  `description` text COLLATE utf8mb4_unicode_ci,
  `group` varchar(255) COLLATE utf8mb4_unicode_ci DEFAULT NULL,
  `created_at` timestamp NULL DEFAULT NULL,
  `updated_at` timestamp NULL DEFAULT NULL,
  PRIMARY KEY (`id`),
  UNIQUE KEY `lavandera_d1_perm_name_unq` (`name`)
) ENGINE=InnoDB AUTO_INCREMENT=18 DEFAULT CHARSET=utf8mb4 COLLATE=utf8mb4_unicode_ci;

--
-- Dumping data for table `lavandera_d1_permissions`
--

INSERT INTO `lavandera_d1_permissions` VALUES (1,'manage_users','Manage Users','Create, edit, and delete users','users','2025-11-27 15:30:38','2025-11-27 15:30:38'),(2,'view_users','View Users','View users list','users','2025-11-27 15:30:38','2025-11-27 15:30:38'),(3,'manage_roles','Manage Roles','Create, edit, and delete roles','roles','2025-11-27 15:30:38','2025-11-27 15:30:38'),(4,'view_roles','View Roles','View roles list','roles','2025-11-27 15:30:38','2025-11-27 15:30:38'),(5,'manage_permissions','Manage Permissions','Create, edit, and delete permissions','roles','2025-11-27 15:30:38','2025-11-27 15:30:38'),(6,'manage_items','Manage Items','Create, edit, and delete clothing items','items','2025-11-27 15:30:38','2025-11-27 15:30:38'),(7,'view_items','View Items','View items list','items','2025-11-27 15:30:38','2025-11-27 15:30:38'),(8,'manage_orders','Manage Orders','Create, edit, and delete service orders','orders','2025-11-27 15:30:38','2025-11-27 15:30:38'),(9,'view_orders','View Orders','View orders list','orders','2025-11-27 15:30:38','2025-11-27 15:30:38'),(10,'create_orders','Create Orders','Create new service orders','orders','2025-11-27 15:30:38','2025-11-27 15:30:38'),(11,'manage_transactions','Manage Transactions','Create, edit, and delete financial transactions','transactions','2025-11-27 15:30:38','2025-11-27 15:30:38'),(12,'view_transactions','View Transactions','View transactions list','transactions','2025-11-27 15:30:38','2025-11-27 15:30:38'),(13,'manage_cashboxes','Manage Cashboxes','Create, edit, and delete cashboxes','cashboxes','2025-11-27 15:30:38','2025-11-27 15:30:38'),(14,'view_cashboxes','View Cashboxes','View cashboxes list','cashboxes','2025-11-27 15:30:38','2025-11-27 15:30:38'),(15,'manage_settings','Manage Settings','Update system settings','settings','2025-11-27 15:30:38','2025-11-27 15:30:38'),(16,'view_settings','View Settings','View system settings','settings','2025-11-27 15:30:38','2025-11-27 15:30:38'),(17,'view_dashboard','View Dashboard','Access admin dashboard','dashboard','2025-11-27 15:30:38','2025-11-27 15:30:38');

--
-- Table structure for table `lavandera_d1_role_permissions`
--

CREATE TABLE `lavandera_d1_role_permissions` (
  `id` bigint unsigned NOT NULL AUTO_INCREMENT,
  `role_id` bigint unsigned NOT NULL,
  `permission_id` bigint unsigned NOT NULL,
  `created_at` timestamp NULL DEFAULT NULL,
  `updated_at` timestamp NULL DEFAULT NULL,
  PRIMARY KEY (`id`),
  UNIQUE KEY `lavandera_d1_rp_rpid_unq` (`role_id`,`permission_id`),
  KEY `lavandera_d1_rp_pid_fk` (`permission_id`),
  CONSTRAINT `lavandera_d1_rp_pid_fk` FOREIGN KEY (`permission_id`) REFERENCES `lavandera_d1_permissions` (`id`) ON DELETE CASCADE,
  CONSTRAINT `lavandera_d1_rp_rid_fk` FOREIGN KEY (`role_id`) REFERENCES `lavandera_d1_roles` (`id`) ON DELETE CASCADE
) ENGINE=InnoDB AUTO_INCREMENT=35 DEFAULT CHARSET=utf8mb4 COLLATE=utf8mb4_unicode_ci;

--
-- Dumping data for table `lavandera_d1_role_permissions`
--

INSERT INTO `lavandera_d1_role_permissions` VALUES (1,1,10,'2025-11-27 15:30:38','2025-11-27 15:30:38'),(2,1,13,'2025-11-27 15:30:38','2025-11-27 15:30:38'),(3,1,6,'2025-11-27 15:30:38','2025-11-27 15:30:38'),(4,1,8,'2025-11-27 15:30:38','2025-11-27 15:30:38'),(5,1,5,'2025-11-27 15:30:38','2025-11-27 15:30:38'),(6,1,3,'2025-11-27 15:30:38','2025-11-27 15:30:38'),(7,1,15,'2025-11-27 15:30:38','2025-11-27 15:30:38'),(8,1,11,'2025-11-27 15:30:38','2025-11-27 15:30:38'),(9,1,1,'2025-11-27 15:30:38','2025-11-27 15:30:38'),(10,1,14,'2025-11-27 15:30:38','2025-11-27 15:30:38'),(11,1,17,'2025-11-27 15:30:38','2025-11-27 15:30:38'),(12,1,7,'2025-11-27 15:30:38','2025-11-27 15:30:38'),(13,1,9,'2025-11-27 15:30:38','2025-11-27 15:30:38'),(14,1,4,'2025-11-27 15:30:38','2025-11-27 15:30:38'),(15,1,16,'2025-11-27 15:30:38','2025-11-27 15:30:38'),(16,1,12,'2025-11-27 15:30:38','2025-11-27 15:30:38'),(17,1,2,'2025-11-27 15:30:38','2025-11-27 15:30:38'),(18,2,10,'2025-11-27 15:30:38','2025-11-27 15:30:38'),(19,2,13,'2025-11-27 15:30:38','2025-11-27 15:30:38'),(20,2,6,'2025-11-27 15:30:38','2025-11-27 15:30:38'),(21,2,8,'2025-11-27 15:30:38','2025-11-27 15:30:38'),(22,2,11,'2025-11-27 15:30:38','2025-11-27 15:30:38'),(23,2,14,'2025-11-27 15:30:38','2025-11-27 15:30:38'),(24,2,17,'2025-11-27 15:30:38','2025-11-27 15:30:38'),(25,2,7,'2025-11-27 15:30:38','2025-11-27 15:30:38'),(26,2,9,'2025-11-27 15:30:38','2025-11-27 15:30:38'),(27,2,16,'2025-11-27 15:30:38','2025-11-27 15:30:38'),(28,2,12,'2025-11-27 15:30:38','2025-11-27 15:30:38'),(29,3,10,'2025-11-27 15:30:38','2025-11-27 15:30:38'),(30,3,14,'2025-11-27 15:30:38','2025-11-27 15:30:38'),(31,3,17,'2025-11-27 15:30:38','2025-11-27 15:30:38'),(32,3,7,'2025-11-27 15:30:38','2025-11-27 15:30:38'),(33,3,9,'2025-11-27 15:30:38','2025-11-27 15:30:38'),(34,2,15,'2026-01-01 09:51:23','2026-01-01 09:51:23');

--
-- Table structure for table `lavandera_d1_roles`
--

CREATE TABLE `lavandera_d1_roles` (
  `id` bigint unsigned NOT NULL AUTO_INCREMENT,
  `name` varchar(255) COLLATE utf8mb4_unicode_ci NOT NULL,
  `display_name` varchar(255) COLLATE utf8mb4_unicode_ci NOT NULL,
  `description` text COLLATE utf8mb4_unicode_ci,
  `created_at` timestamp NULL DEFAULT NULL,
  `updated_at` timestamp NULL DEFAULT NULL,
  PRIMARY KEY (`id`),
  UNIQUE KEY `lavandera_d1_role_name_unq` (`name`)
) ENGINE=InnoDB AUTO_INCREMENT=4 DEFAULT CHARSET=utf8mb4 COLLATE=utf8mb4_unicode_ci;

--
-- Dumping data for table `lavandera_d1_roles`
--

INSERT INTO `lavandera_d1_roles` VALUES (1,'admin','Administrator','Full system access with all permissions','2025-11-27 15:30:38','2025-11-27 15:30:38'),(2,'manager','Manager','Can manage orders, items, and transactions','2025-11-27 15:30:38','2025-11-27 15:30:38'),(3,'cashier','Cashier','Can create orders and view basic information','2025-11-27 15:30:38','2025-11-27 15:30:38');

--
-- Table structure for table `lavandera_d1_service_order_items`
--

CREATE TABLE `lavandera_d1_service_order_items` (
  `id` bigint unsigned NOT NULL AUTO_INCREMENT,
  `service_order_id` bigint unsigned NOT NULL,
  `clothing_item_id` bigint unsigned NOT NULL,
  `quantity` int unsigned NOT NULL DEFAULT '1',
  `color` varchar(50) COLLATE utf8mb4_unicode_ci DEFAULT NULL,
  `service_type` enum('washing','ironing') COLLATE utf8mb4_unicode_ci DEFAULT NULL,
  `unit_price` decimal(12,2) NOT NULL DEFAULT '0.00',
  `line_total` decimal(12,2) NOT NULL DEFAULT '0.00',
  `created_at` timestamp NULL DEFAULT NULL,
  `updated_at` timestamp NULL DEFAULT NULL,
  PRIMARY KEY (`id`),
  KEY `lavandera_d1_soi_soid_fk` (`service_order_id`),
  KEY `lavandera_d1_soi_ciid_fk` (`clothing_item_id`),
  CONSTRAINT `lavandera_d1_soi_ciid_fk` FOREIGN KEY (`clothing_item_id`) REFERENCES `lavandera_d1_clothing_items` (`id`) ON DELETE CASCADE,
  CONSTRAINT `lavandera_d1_soi_soid_fk` FOREIGN KEY (`service_order_id`) REFERENCES `lavandera_d1_service_orders` (`id`) ON DELETE CASCADE
) ENGINE=InnoDB AUTO_INCREMENT=28 DEFAULT CHARSET=utf8mb4 COLLATE=utf8mb4_unicode_ci;

--
-- Dumping data for table `lavandera_d1_service_order_items`
--

INSERT INTO `lavandera_d1_service_order_items` VALUES (27,17,6,1,'orange','ironing',15.00,15.00,'2026-01-01 10:01:12','2026-01-01 10:01:12');

--
-- Table structure for table `lavandera_d1_service_orders`
--

CREATE TABLE `lavandera_d1_service_orders` (
  `id` bigint unsigned NOT NULL AUTO_INCREMENT,
  `order_number` varchar(255) COLLATE utf8mb4_unicode_ci NOT NULL,
  `barcode` varchar(255) COLLATE utf8mb4_unicode_ci NOT NULL,
  `customer_name` varchar(255) COLLATE utf8mb4_unicode_ci DEFAULT NULL,
  `gender` enum('male','female') COLLATE utf8mb4_unicode_ci NOT NULL,
  `service_type` enum('washing','ironing') COLLATE utf8mb4_unicode_ci NOT NULL,
  `subtotal` decimal(12,2) NOT NULL DEFAULT '0.00',
  `discount_amount` decimal(12,2) NOT NULL DEFAULT '0.00',
  `total` decimal(12,2) NOT NULL DEFAULT '0.00',
  `status` enum('processing','ready','collected') COLLATE utf8mb4_unicode_ci NOT NULL DEFAULT 'processing',
  `payment_status` enum('unpaid','paid') COLLATE utf8mb4_unicode_ci NOT NULL DEFAULT 'unpaid',
  `cashbox_id` bigint unsigned DEFAULT NULL,
  `notes` text COLLATE utf8mb4_unicode_ci,
  `completed_at` timestamp NULL DEFAULT NULL,
  `collected_at` timestamp NULL DEFAULT NULL,
  `created_at` timestamp NULL DEFAULT NULL,
  `updated_at` timestamp NULL DEFAULT NULL,
  PRIMARY KEY (`id`),
  UNIQUE KEY `lavandera_d1_so_onum_unq` (`order_number`),
  UNIQUE KEY `lavandera_d1_so_bar_unq` (`barcode`),
  KEY `lavandera_d1_so_cid_fk` (`cashbox_id`),
  CONSTRAINT `lavandera_d1_so_cid_fk` FOREIGN KEY (`cashbox_id`) REFERENCES `lavandera_d1_cashboxes` (`id`) ON DELETE SET NULL
) ENGINE=InnoDB AUTO_INCREMENT=18 DEFAULT CHARSET=utf8mb4 COLLATE=utf8mb4_unicode_ci;

--
-- Dumping data for table `lavandera_d1_service_orders`
--

INSERT INTO `lavandera_d1_service_orders` VALUES (17,'FAC-00001','FAC-00001',NULL,'male','ironing',15.00,0.00,15.00,'processing','unpaid',1,NULL,NULL,NULL,'2026-01-01 10:01:12','2026-01-01 10:01:12');

--
-- Table structure for table `lavandera_d1_sessions`
--

CREATE TABLE `lavandera_d1_sessions` (
  `id` varchar(255) COLLATE utf8mb4_unicode_ci NOT NULL,
  `user_id` bigint unsigned DEFAULT NULL,
  `ip_address` varchar(45) COLLATE utf8mb4_unicode_ci DEFAULT NULL,
  `user_agent` text COLLATE utf8mb4_unicode_ci,
  `payload` longtext COLLATE utf8mb4_unicode_ci NOT NULL,
  `last_activity` int NOT NULL,
  PRIMARY KEY (`id`),
  KEY `lavandera_d1_sess_uid_idx` (`user_id`),
  KEY `lavandera_d1_sess_last_idx` (`last_activity`)
) ENGINE=InnoDB DEFAULT CHARSET=utf8mb4 COLLATE=utf8mb4_unicode_ci;

--
-- Dumping data for table `lavandera_d1_sessions`
--

INSERT INTO `lavandera_d1_sessions` VALUES ('bHOSBDWJNZXuQlZGJJKC6OPP5tyGrn6dBpRKV26D',NULL,'3.138.185.30','cypex.ai/scanning Mozilla/5.0 (Macintosh; Intel Mac OS X 10_15_7) Chrome/126.0.0.0 Safari/537.36','YTo0OntzOjY6Il90b2tlbiI7czo0MDoiaW0zZDlDWXVNdVA3ZEF1UW1NOGk1dzRGcURxejJPakpUcnJvUmtPQyI7czozOiJ1cmwiO2E6MTp7czo4OiJpbnRlbmRlZCI7czozODoiaHR0cHM6Ly9sYXZhbmRlcmEtZGVtbzEuaW1yYW5lc29mdC5jb20iO31zOjk6Il9wcmV2aW91cyI7YToyOntzOjM6InVybCI7czozODoiaHR0cHM6Ly9sYXZhbmRlcmEtZGVtbzEuaW1yYW5lc29mdC5jb20iO3M6NToicm91dGUiO3M6MjA6InNlcnZpY2Utb3JkZXJzLmluZGV4Ijt9czo2OiJfZmxhc2giO2E6Mjp7czozOiJvbGQiO2E6MDp7fXM6MzoibmV3IjthOjA6e319fQ==',1767292283),('dU8oUwxlCHjlj06HEHCGLh9FRJ8QKf3bz3CkIThJ',NULL,'3.138.185.30','cypex.ai/scanning Mozilla/5.0 (Macintosh; Intel Mac OS X 10_15_7) Chrome/126.0.0.0 Safari/537.36','YTozOntzOjY6Il90b2tlbiI7czo0MDoiRTRCZG95U1pnc2lNOUJ2YjV0ek4xanVzTWEwYzR3dkNKRkVKZXRiZyI7czo5OiJfcHJldmlvdXMiO2E6Mjp7czozOiJ1cmwiO3M6NDQ6Imh0dHBzOi8vbGF2YW5kZXJhLWRlbW8xLmltcmFuZXNvZnQuY29tL2xvZ2luIjtzOjU6InJvdXRlIjtzOjU6ImxvZ2luIjt9czo2OiJfZmxhc2giO2E6Mjp7czozOiJvbGQiO2E6MDp7fXM6MzoibmV3IjthOjA6e319fQ==',1767292283),('L4PB1lAi3CeQAcdAgyJCLOfRb9NrT5GOcaNu4DhI',NULL,'160.177.196.113','Mozilla/5.0 (Windows NT 10.0; Win64; x64) AppleWebKit/537.36 (KHTML, like Gecko) Chrome/139.0.0.0 Safari/537.36','YTo0OntzOjY6Il90b2tlbiI7czo0MDoiNFJqa21vOFE4UFNVRnE0ekRTZnhEeDFSWVFGQlpGYktEQ1VtT0NsZyI7czozOiJ1cmwiO2E6MTp7czo4OiJpbnRlbmRlZCI7czozODoiaHR0cHM6Ly9sYXZhbmRlcmEtZGVtbzEuaW1yYW5lc29mdC5jb20iO31zOjk6Il9wcmV2aW91cyI7YToyOntzOjM6InVybCI7czo0OToiaHR0cHM6Ly9sYXZhbmRlcmEtZGVtbzEuaW1yYW5lc29mdC5jb20vdHJpYWwvdGVzdCI7czo1OiJyb3V0ZSI7czoxMDoidHJpYWwudGVzdCI7fXM6NjoiX2ZsYXNoIjthOjI6e3M6Mzoib2xkIjthOjA6e31zOjM6Im5ldyI7YTowOnt9fX0=',1767310278),('lxm0yq8o3TyfrqadfBDgOZlbGVa4EMV4PPrHNXnS',NULL,'3.138.185.30','cypex.ai/scanning Mozilla/5.0 (Macintosh; Intel Mac OS X 10_15_7) Chrome/126.0.0.0 Safari/537.36','YTozOntzOjY6Il90b2tlbiI7czo0MDoiSmpPYkg1QXBranlUeVNmWVc3cnpUM3lZSDhDZlpqZGlmalBGdVNleiI7czo5OiJfcHJldmlvdXMiO2E6Mjp7czozOiJ1cmwiO3M6NDM6Imh0dHA6Ly9sYXZhbmRlcmEtZGVtbzEuaW1yYW5lc29mdC5jb20vbG9naW4iO3M6NToicm91dGUiO3M6NToibG9naW4iO31zOjY6Il9mbGFzaCI7YToyOntzOjM6Im9sZCI7YTowOnt9czozOiJuZXciO2E6MDp7fX19',1767292264),('YzyHinYyYXf3FhQRzQd8M9nylQBiKsIG3thQMXZM',NULL,'3.138.185.30','cypex.ai/scanning Mozilla/5.0 (Macintosh; Intel Mac OS X 10_15_7) Chrome/126.0.0.0 Safari/537.36','YTo0OntzOjY6Il90b2tlbiI7czo0MDoiRkowZlN0SGsySGM4WG91NzlBYkZyU0ZQT2sxZE5Dc1ZBbVcwTG5lMyI7czozOiJ1cmwiO2E6MTp7czo4OiJpbnRlbmRlZCI7czozNzoiaHR0cDovL2xhdmFuZGVyYS1kZW1vMS5pbXJhbmVzb2Z0LmNvbSI7fXM6OToiX3ByZXZpb3VzIjthOjI6e3M6MzoidXJsIjtzOjM3OiJodHRwOi8vbGF2YW5kZXJhLWRlbW8xLmltcmFuZXNvZnQuY29tIjtzOjU6InJvdXRlIjtzOjIwOiJzZXJ2aWNlLW9yZGVycy5pbmRleCI7fXM6NjoiX2ZsYXNoIjthOjI6e3M6Mzoib2xkIjthOjA6e31zOjM6Im5ldyI7YTowOnt9fX0=',1767292264),('zbRGNjaGXUHcAzjqb9Myj2ZKCOVeu1RFO6rX8OvD',NULL,'105.156.254.200','Mozilla/5.0 (Windows NT 10.0; Win64; x64) AppleWebKit/537.36 (KHTML, like Gecko) Chrome/139.0.0.0 Safari/537.36','YTo0OntzOjY6Il90b2tlbiI7czo0MDoiWUc2SGlQQzdkRW1XWURRdUxOSW8yZmdzYkNKZHp1Q290SEtNNzZXdCI7czo5OiJfcHJldmlvdXMiO2E6Mjp7czozOiJ1cmwiO3M6NDQ6Imh0dHBzOi8vbGF2YW5kZXJhLWRlbW8xLmltcmFuZXNvZnQuY29tL2xvZ2luIjtzOjU6InJvdXRlIjtzOjU6ImxvZ2luIjt9czo2OiJfZmxhc2giO2E6Mjp7czozOiJvbGQiO2E6MDp7fXM6MzoibmV3IjthOjA6e319czozOiJ1cmwiO2E6MTp7czo4OiJpbnRlbmRlZCI7czozODoiaHR0cHM6Ly9sYXZhbmRlcmEtZGVtbzEuaW1yYW5lc29mdC5jb20iO319',1767291025);

--
-- Table structure for table `lavandera_d1_settings`
--

CREATE TABLE `lavandera_d1_settings` (
  `id` bigint unsigned NOT NULL AUTO_INCREMENT,
  `key` varchar(255) COLLATE utf8mb4_unicode_ci NOT NULL,
  `value` text COLLATE utf8mb4_unicode_ci,
  `created_at` timestamp NULL DEFAULT NULL,
  `updated_at` timestamp NULL DEFAULT NULL,
  PRIMARY KEY (`id`),
  UNIQUE KEY `lavandera_d1_set_key_unq` (`key`)
) ENGINE=InnoDB AUTO_INCREMENT=12 DEFAULT CHARSET=utf8mb4 COLLATE=utf8mb4_unicode_ci;

--
-- Dumping data for table `lavandera_d1_settings`
--

INSERT INTO `lavandera_d1_settings` VALUES (1,'company_name','ImraneSoft','2025-11-26 06:09:35','2026-01-01 09:56:01'),(2,'barcode_prefix','FAC','2025-11-26 06:09:35','2026-01-01 09:51:27'),(3,'receipt_copies','2','2025-11-26 06:09:35','2025-11-26 06:09:35'),(4,'currency','Dh','2025-11-26 06:09:35','2025-11-26 06:13:15'),(5,'company_address','Tiznit Maroc','2025-11-26 06:13:15','2026-01-01 09:59:45'),(6,'company_phone','06.74.42.77.48','2025-11-26 06:13:15','2026-01-01 09:56:01'),(7,'order_prefix','FAC','2025-11-26 06:13:15','2026-01-01 09:55:31'),(8,'machine_id','e85a38f1bae05391c5514c1914ba8fea','2025-11-27 20:53:16','2025-11-27 20:53:16'),(11,'trial_start_date','2026-01-01','2026-01-01 22:28:26','2026-01-01 22:28:26');

--
-- Table structure for table `lavandera_d2_cache`
--

CREATE TABLE `lavandera_d2_cache` (
  `key` varchar(255) COLLATE utf8mb4_unicode_ci NOT NULL,
  `value` mediumtext COLLATE utf8mb4_unicode_ci NOT NULL,
  `expiration` int NOT NULL,
  PRIMARY KEY (`key`)
) ENGINE=InnoDB DEFAULT CHARSET=utf8mb4 COLLATE=utf8mb4_unicode_ci;

--
-- Dumping data for table `lavandera_d2_cache`
--

INSERT INTO `lavandera_d2_cache` VALUES ('setting.currency','s:2:\"Dh\";',1764371462),('setting.invoice_footer_text','s:0:\"\";',1764371462),('setting.items_per_page','i:20;',1764371462),('setting.store_logo','N;',1764371462),('setting.store_name','s:11:\"Gestock Pro\";',1764371462);

--
-- Table structure for table `lavandera_d2_cache_locks`
--

CREATE TABLE `lavandera_d2_cache_locks` (
  `key` varchar(255) COLLATE utf8mb4_unicode_ci NOT NULL,
  `owner` varchar(255) COLLATE utf8mb4_unicode_ci NOT NULL,
  `expiration` int NOT NULL,
  PRIMARY KEY (`key`)
) ENGINE=InnoDB DEFAULT CHARSET=utf8mb4 COLLATE=utf8mb4_unicode_ci;

--
-- Dumping data for table `lavandera_d2_cache_locks`
--


--
-- Table structure for table `lavandera_d2_cashbox_entries`
--

CREATE TABLE `lavandera_d2_cashbox_entries` (
  `id` bigint unsigned NOT NULL AUTO_INCREMENT,
  `cashbox_id` bigint unsigned NOT NULL,
  `financial_transaction_id` bigint unsigned DEFAULT NULL,
  `direction` enum('in','out') COLLATE utf8mb4_unicode_ci NOT NULL,
  `amount` decimal(12,2) NOT NULL,
  `running_balance` decimal(12,2) NOT NULL,
  `created_at` timestamp NULL DEFAULT NULL,
  `updated_at` timestamp NULL DEFAULT NULL,
  PRIMARY KEY (`id`),
  KEY `lavandera_d2_ce_cid_fk` (`cashbox_id`),
  KEY `lavandera_d2_ce_ftid_fk` (`financial_transaction_id`),
  CONSTRAINT `lavandera_d2_ce_cid_fk` FOREIGN KEY (`cashbox_id`) REFERENCES `lavandera_d2_cashboxes` (`id`) ON DELETE CASCADE,
  CONSTRAINT `lavandera_d2_ce_ftid_fk` FOREIGN KEY (`financial_transaction_id`) REFERENCES `lavandera_d2_financial_transactions` (`id`) ON DELETE SET NULL
) ENGINE=InnoDB AUTO_INCREMENT=16 DEFAULT CHARSET=utf8mb4 COLLATE=utf8mb4_unicode_ci;

--
-- Dumping data for table `lavandera_d2_cashbox_entries`
--


--
-- Table structure for table `lavandera_d2_cashboxes`
--

CREATE TABLE `lavandera_d2_cashboxes` (
  `id` bigint unsigned NOT NULL AUTO_INCREMENT,
  `name` varchar(255) COLLATE utf8mb4_unicode_ci NOT NULL,
  `starting_balance` decimal(12,2) NOT NULL DEFAULT '0.00',
  `current_balance` decimal(12,2) NOT NULL DEFAULT '0.00',
  `notes` text COLLATE utf8mb4_unicode_ci,
  `created_at` timestamp NULL DEFAULT NULL,
  `updated_at` timestamp NULL DEFAULT NULL,
  PRIMARY KEY (`id`)
) ENGINE=InnoDB AUTO_INCREMENT=2 DEFAULT CHARSET=utf8mb4 COLLATE=utf8mb4_unicode_ci;

--
-- Dumping data for table `lavandera_d2_cashboxes`
--

INSERT INTO `lavandera_d2_cashboxes` VALUES (1,'ِCaisse principale',0.00,0.00,NULL,'2025-11-26 06:09:35','2026-01-01 09:53:32');

--
-- Table structure for table `lavandera_d2_clothing_items`
--

CREATE TABLE `lavandera_d2_clothing_items` (
  `id` bigint unsigned NOT NULL AUTO_INCREMENT,
  `name` varchar(255) COLLATE utf8mb4_unicode_ci NOT NULL,
  `slug` varchar(255) COLLATE utf8mb4_unicode_ci NOT NULL,
  `image_path` varchar(255) COLLATE utf8mb4_unicode_ci DEFAULT NULL,
  `default_wash_price` decimal(10,2) NOT NULL DEFAULT '0.00',
  `default_iron_price` decimal(10,2) NOT NULL DEFAULT '0.00',
  `is_active` tinyint(1) NOT NULL DEFAULT '1',
  `created_at` timestamp NULL DEFAULT NULL,
  `updated_at` timestamp NULL DEFAULT NULL,
  PRIMARY KEY (`id`),
  UNIQUE KEY `lavandera_d2_ci_slug_unq` (`slug`)
) ENGINE=InnoDB AUTO_INCREMENT=9 DEFAULT CHARSET=utf8mb4 COLLATE=utf8mb4_unicode_ci;

--
-- Dumping data for table `lavandera_d2_clothing_items`
--

INSERT INTO `lavandera_d2_clothing_items` VALUES (1,'T-shirt','shirt','shirt_1764184039.jpg',8.00,5.00,1,'2025-11-26 06:09:35','2025-11-26 18:07:19'),(2,'Pantalon','pantalon','pantalon_1764183960.webp',10.00,6.00,1,'2025-11-26 06:09:35','2025-11-26 18:06:00'),(4,'Veste','veste','veste_1764224956.webp',20.00,12.00,1,'2025-11-26 06:09:35','2025-11-27 05:29:16'),(5,'Chemise','chemise','chemise_1764183704.webp',18.00,11.00,1,'2025-11-26 06:09:35','2025-11-26 18:01:44'),(6,'Costume','costume','costume_1764225068.jfif',30.00,15.00,1,'2025-11-27 05:31:08','2025-11-27 05:31:08'),(7,'جلابة','glab','glab_1764251546.png',16.00,8.00,1,'2025-11-27 12:50:19','2025-11-27 12:52:26'),(8,'قفطان','kftan','kftan_1764251605.jpg',16.00,8.00,1,'2025-11-27 12:53:25','2025-11-27 12:53:25');

--
-- Table structure for table `lavandera_d2_failed_jobs`
--

CREATE TABLE `lavandera_d2_failed_jobs` (
  `id` bigint unsigned NOT NULL AUTO_INCREMENT,
  `uuid` varchar(255) COLLATE utf8mb4_unicode_ci NOT NULL,
  `connection` text COLLATE utf8mb4_unicode_ci NOT NULL,
  `queue` text COLLATE utf8mb4_unicode_ci NOT NULL,
  `payload` longtext COLLATE utf8mb4_unicode_ci NOT NULL,
  `exception` longtext COLLATE utf8mb4_unicode_ci NOT NULL,
  `failed_at` timestamp NOT NULL DEFAULT CURRENT_TIMESTAMP,
  PRIMARY KEY (`id`),
  UNIQUE KEY `lavandera_d2_fj_uuid_unq` (`uuid`)
) ENGINE=InnoDB DEFAULT CHARSET=utf8mb4 COLLATE=utf8mb4_unicode_ci;

--
-- Dumping data for table `lavandera_d2_failed_jobs`
--


--
-- Table structure for table `lavandera_d2_financial_transactions`
--

CREATE TABLE `lavandera_d2_financial_transactions` (
  `id` bigint unsigned NOT NULL AUTO_INCREMENT,
  `type` enum('income','expense') COLLATE utf8mb4_unicode_ci NOT NULL,
  `category` varchar(255) COLLATE utf8mb4_unicode_ci DEFAULT NULL,
  `reference_type` varchar(255) COLLATE utf8mb4_unicode_ci DEFAULT NULL,
  `reference_id` bigint unsigned DEFAULT NULL,
  `cashbox_id` bigint unsigned DEFAULT NULL,
  `amount` decimal(12,2) NOT NULL,
  `description` text COLLATE utf8mb4_unicode_ci,
  `occurred_on` date NOT NULL,
  `created_at` timestamp NULL DEFAULT NULL,
  `updated_at` timestamp NULL DEFAULT NULL,
  PRIMARY KEY (`id`),
  KEY `lavandera_d2_ft_ref_idx` (`reference_type`,`reference_id`),
  KEY `lavandera_d2_ft_cid_fk` (`cashbox_id`),
  CONSTRAINT `lavandera_d2_ft_cid_fk` FOREIGN KEY (`cashbox_id`) REFERENCES `lavandera_d2_cashboxes` (`id`) ON DELETE SET NULL
) ENGINE=InnoDB AUTO_INCREMENT=16 DEFAULT CHARSET=utf8mb4 COLLATE=utf8mb4_unicode_ci;

--
-- Dumping data for table `lavandera_d2_financial_transactions`
--

INSERT INTO `lavandera_d2_financial_transactions` VALUES (15,'income','laundry-service','App\\Models\\ServiceOrder',14,1,26.00,'Payment received for order MSB-00001','2025-11-27','2025-11-27 19:01:11','2025-11-27 19:01:11');

--
-- Table structure for table `lavandera_d2_job_batches`
--

CREATE TABLE `lavandera_d2_job_batches` (
  `id` varchar(255) COLLATE utf8mb4_unicode_ci NOT NULL,
  `name` varchar(255) COLLATE utf8mb4_unicode_ci NOT NULL,
  `total_jobs` int NOT NULL,
  `pending_jobs` int NOT NULL,
  `failed_jobs` int NOT NULL,
  `failed_job_ids` longtext COLLATE utf8mb4_unicode_ci NOT NULL,
  `options` mediumtext COLLATE utf8mb4_unicode_ci,
  `cancelled_at` int DEFAULT NULL,
  `created_at` int NOT NULL,
  `finished_at` int DEFAULT NULL,
  PRIMARY KEY (`id`)
) ENGINE=InnoDB DEFAULT CHARSET=utf8mb4 COLLATE=utf8mb4_unicode_ci;

--
-- Dumping data for table `lavandera_d2_job_batches`
--


--
-- Table structure for table `lavandera_d2_jobs`
--

CREATE TABLE `lavandera_d2_jobs` (
  `id` bigint unsigned NOT NULL AUTO_INCREMENT,
  `queue` varchar(255) COLLATE utf8mb4_unicode_ci NOT NULL,
  `payload` longtext COLLATE utf8mb4_unicode_ci NOT NULL,
  `attempts` tinyint unsigned NOT NULL,
  `reserved_at` int unsigned DEFAULT NULL,
  `available_at` int unsigned NOT NULL,
  `created_at` int unsigned NOT NULL,
  PRIMARY KEY (`id`),
  KEY `lavandera_d2_jobs_q_idx` (`queue`)
) ENGINE=InnoDB DEFAULT CHARSET=utf8mb4 COLLATE=utf8mb4_unicode_ci;

--
-- Dumping data for table `lavandera_d2_jobs`
--


--
-- Table structure for table `lavandera_d2_migrations`
--

CREATE TABLE `lavandera_d2_migrations` (
  `id` int unsigned NOT NULL AUTO_INCREMENT,
  `migration` varchar(255) COLLATE utf8mb4_unicode_ci NOT NULL,
  `batch` int NOT NULL,
  PRIMARY KEY (`id`)
) ENGINE=InnoDB AUTO_INCREMENT=20 DEFAULT CHARSET=utf8mb4 COLLATE=utf8mb4_unicode_ci;

--
-- Dumping data for table `lavandera_d2_migrations`
--

INSERT INTO `lavandera_d2_migrations` VALUES (1,'0001_01_01_000000_create_users_table',1),(2,'0001_01_01_000001_create_cache_table',1),(3,'0001_01_01_000002_create_jobs_table',1),(4,'2025_11_26_064131_create_clothing_items_table',1),(5,'2025_11_26_064200_create_cashboxes_table',1),(6,'2025_11_26_064209_create_service_orders_table',1),(7,'2025_11_26_064213_create_service_order_items_table',1),(8,'2025_11_26_064220_create_financial_transactions_table',1),(9,'2025_11_26_064230_create_cashbox_entries_table',1),(10,'2025_11_26_064236_create_settings_table',1),(11,'2025_11_26_151044_add_color_to_service_order_items_table',2),(12,'2025_11_26_184412_add_service_type_to_service_order_items_table',3),(13,'2025_11_27_161956_create_roles_table',4),(14,'2025_11_27_162000_create_permissions_table',4),(15,'2025_11_27_162004_create_role_permissions_table',4),(16,'2025_11_27_162008_add_role_id_to_users_table',4),(17,'2025_11_27_181929_update_service_orders_status_enum',5);

--
-- Table structure for table `lavandera_d2_password_reset_tokens`
--

CREATE TABLE `lavandera_d2_password_reset_tokens` (
  `email` varchar(255) COLLATE utf8mb4_unicode_ci NOT NULL,
  `token` varchar(255) COLLATE utf8mb4_unicode_ci NOT NULL,
  `created_at` timestamp NULL DEFAULT NULL,
  PRIMARY KEY (`email`)
) ENGINE=InnoDB DEFAULT CHARSET=utf8mb4 COLLATE=utf8mb4_unicode_ci;

--
-- Dumping data for table `lavandera_d2_password_reset_tokens`
--


--
-- Table structure for table `lavandera_d2_permissions`
--

CREATE TABLE `lavandera_d2_permissions` (
  `id` bigint unsigned NOT NULL AUTO_INCREMENT,
  `name` varchar(255) COLLATE utf8mb4_unicode_ci NOT NULL,
  `display_name` varchar(255) COLLATE utf8mb4_unicode_ci NOT NULL,
  `description` text COLLATE utf8mb4_unicode_ci,
  `group` varchar(255) COLLATE utf8mb4_unicode_ci DEFAULT NULL,
  `created_at` timestamp NULL DEFAULT NULL,
  `updated_at` timestamp NULL DEFAULT NULL,
  PRIMARY KEY (`id`),
  UNIQUE KEY `lavandera_d2_perm_name_unq` (`name`)
) ENGINE=InnoDB AUTO_INCREMENT=18 DEFAULT CHARSET=utf8mb4 COLLATE=utf8mb4_unicode_ci;

--
-- Dumping data for table `lavandera_d2_permissions`
--

INSERT INTO `lavandera_d2_permissions` VALUES (1,'manage_users','Manage Users','Create, edit, and delete users','users','2025-11-27 15:30:38','2025-11-27 15:30:38'),(2,'view_users','View Users','View users list','users','2025-11-27 15:30:38','2025-11-27 15:30:38'),(3,'manage_roles','Manage Roles','Create, edit, and delete roles','roles','2025-11-27 15:30:38','2025-11-27 15:30:38'),(4,'view_roles','View Roles','View roles list','roles','2025-11-27 15:30:38','2025-11-27 15:30:38'),(5,'manage_permissions','Manage Permissions','Create, edit, and delete permissions','roles','2025-11-27 15:30:38','2025-11-27 15:30:38'),(6,'manage_items','Manage Items','Create, edit, and delete clothing items','items','2025-11-27 15:30:38','2025-11-27 15:30:38'),(7,'view_items','View Items','View items list','items','2025-11-27 15:30:38','2025-11-27 15:30:38'),(8,'manage_orders','Manage Orders','Create, edit, and delete service orders','orders','2025-11-27 15:30:38','2025-11-27 15:30:38'),(9,'view_orders','View Orders','View orders list','orders','2025-11-27 15:30:38','2025-11-27 15:30:38'),(10,'create_orders','Create Orders','Create new service orders','orders','2025-11-27 15:30:38','2025-11-27 15:30:38'),(11,'manage_transactions','Manage Transactions','Create, edit, and delete financial transactions','transactions','2025-11-27 15:30:38','2025-11-27 15:30:38'),(12,'view_transactions','View Transactions','View transactions list','transactions','2025-11-27 15:30:38','2025-11-27 15:30:38'),(13,'manage_cashboxes','Manage Cashboxes','Create, edit, and delete cashboxes','cashboxes','2025-11-27 15:30:38','2025-11-27 15:30:38'),(14,'view_cashboxes','View Cashboxes','View cashboxes list','cashboxes','2025-11-27 15:30:38','2025-11-27 15:30:38'),(15,'manage_settings','Manage Settings','Update system settings','settings','2025-11-27 15:30:38','2025-11-27 15:30:38'),(16,'view_settings','View Settings','View system settings','settings','2025-11-27 15:30:38','2025-11-27 15:30:38'),(17,'view_dashboard','View Dashboard','Access admin dashboard','dashboard','2025-11-27 15:30:38','2025-11-27 15:30:38');

--
-- Table structure for table `lavandera_d2_role_permissions`
--

CREATE TABLE `lavandera_d2_role_permissions` (
  `id` bigint unsigned NOT NULL AUTO_INCREMENT,
  `role_id` bigint unsigned NOT NULL,
  `permission_id` bigint unsigned NOT NULL,
  `created_at` timestamp NULL DEFAULT NULL,
  `updated_at` timestamp NULL DEFAULT NULL,
  PRIMARY KEY (`id`),
  UNIQUE KEY `lavandera_d2_rp_rpid_unq` (`role_id`,`permission_id`),
  KEY `lavandera_d2_rp_pid_fk` (`permission_id`),
  CONSTRAINT `lavandera_d2_rp_pid_fk` FOREIGN KEY (`permission_id`) REFERENCES `lavandera_d2_permissions` (`id`) ON DELETE CASCADE,
  CONSTRAINT `lavandera_d2_rp_rid_fk` FOREIGN KEY (`role_id`) REFERENCES `lavandera_d2_roles` (`id`) ON DELETE CASCADE
) ENGINE=InnoDB AUTO_INCREMENT=35 DEFAULT CHARSET=utf8mb4 COLLATE=utf8mb4_unicode_ci;

--
-- Dumping data for table `lavandera_d2_role_permissions`
--

INSERT INTO `lavandera_d2_role_permissions` VALUES (1,1,10,'2025-11-27 15:30:38','2025-11-27 15:30:38'),(2,1,13,'2025-11-27 15:30:38','2025-11-27 15:30:38'),(3,1,6,'2025-11-27 15:30:38','2025-11-27 15:30:38'),(4,1,8,'2025-11-27 15:30:38','2025-11-27 15:30:38'),(5,1,5,'2025-11-27 15:30:38','2025-11-27 15:30:38'),(6,1,3,'2025-11-27 15:30:38','2025-11-27 15:30:38'),(7,1,15,'2025-11-27 15:30:38','2025-11-27 15:30:38'),(8,1,11,'2025-11-27 15:30:38','2025-11-27 15:30:38'),(9,1,1,'2025-11-27 15:30:38','2025-11-27 15:30:38'),(10,1,14,'2025-11-27 15:30:38','2025-11-27 15:30:38'),(11,1,17,'2025-11-27 15:30:38','2025-11-27 15:30:38'),(12,1,7,'2025-11-27 15:30:38','2025-11-27 15:30:38'),(13,1,9,'2025-11-27 15:30:38','2025-11-27 15:30:38'),(14,1,4,'2025-11-27 15:30:38','2025-11-27 15:30:38'),(15,1,16,'2025-11-27 15:30:38','2025-11-27 15:30:38'),(16,1,12,'2025-11-27 15:30:38','2025-11-27 15:30:38'),(17,1,2,'2025-11-27 15:30:38','2025-11-27 15:30:38'),(18,2,10,'2025-11-27 15:30:38','2025-11-27 15:30:38'),(19,2,13,'2025-11-27 15:30:38','2025-11-27 15:30:38'),(20,2,6,'2025-11-27 15:30:38','2025-11-27 15:30:38'),(21,2,8,'2025-11-27 15:30:38','2025-11-27 15:30:38'),(22,2,11,'2025-11-27 15:30:38','2025-11-27 15:30:38'),(23,2,14,'2025-11-27 15:30:38','2025-11-27 15:30:38'),(24,2,17,'2025-11-27 15:30:38','2025-11-27 15:30:38'),(25,2,7,'2025-11-27 15:30:38','2025-11-27 15:30:38'),(26,2,9,'2025-11-27 15:30:38','2025-11-27 15:30:38'),(27,2,16,'2025-11-27 15:30:38','2025-11-27 15:30:38'),(28,2,12,'2025-11-27 15:30:38','2025-11-27 15:30:38'),(29,3,10,'2025-11-27 15:30:38','2025-11-27 15:30:38'),(30,3,14,'2025-11-27 15:30:38','2025-11-27 15:30:38'),(31,3,17,'2025-11-27 15:30:38','2025-11-27 15:30:38'),(32,3,7,'2025-11-27 15:30:38','2025-11-27 15:30:38'),(33,3,9,'2025-11-27 15:30:38','2025-11-27 15:30:38'),(34,2,15,'2026-01-01 09:51:23','2026-01-01 09:51:23');

--
-- Table structure for table `lavandera_d2_roles`
--

CREATE TABLE `lavandera_d2_roles` (
  `id` bigint unsigned NOT NULL AUTO_INCREMENT,
  `name` varchar(255) COLLATE utf8mb4_unicode_ci NOT NULL,
  `display_name` varchar(255) COLLATE utf8mb4_unicode_ci NOT NULL,
  `description` text COLLATE utf8mb4_unicode_ci,
  `created_at` timestamp NULL DEFAULT NULL,
  `updated_at` timestamp NULL DEFAULT NULL,
  PRIMARY KEY (`id`),
  UNIQUE KEY `lavandera_d2_role_name_unq` (`name`)
) ENGINE=InnoDB AUTO_INCREMENT=4 DEFAULT CHARSET=utf8mb4 COLLATE=utf8mb4_unicode_ci;

--
-- Dumping data for table `lavandera_d2_roles`
--

INSERT INTO `lavandera_d2_roles` VALUES (1,'admin','Administrator','Full system access with all permissions','2025-11-27 15:30:38','2025-11-27 15:30:38'),(2,'manager','Manager','Can manage orders, items, and transactions','2025-11-27 15:30:38','2025-11-27 15:30:38'),(3,'cashier','Cashier','Can create orders and view basic information','2025-11-27 15:30:38','2025-11-27 15:30:38');

--
-- Table structure for table `lavandera_d2_service_order_items`
--

CREATE TABLE `lavandera_d2_service_order_items` (
  `id` bigint unsigned NOT NULL AUTO_INCREMENT,
  `service_order_id` bigint unsigned NOT NULL,
  `clothing_item_id` bigint unsigned NOT NULL,
  `quantity` int unsigned NOT NULL DEFAULT '1',
  `color` varchar(50) COLLATE utf8mb4_unicode_ci DEFAULT NULL,
  `service_type` enum('washing','ironing') COLLATE utf8mb4_unicode_ci DEFAULT NULL,
  `unit_price` decimal(12,2) NOT NULL DEFAULT '0.00',
  `line_total` decimal(12,2) NOT NULL DEFAULT '0.00',
  `created_at` timestamp NULL DEFAULT NULL,
  `updated_at` timestamp NULL DEFAULT NULL,
  PRIMARY KEY (`id`),
  KEY `lavandera_d2_soi_soid_fk` (`service_order_id`),
  KEY `lavandera_d2_soi_ciid_fk` (`clothing_item_id`),
  CONSTRAINT `lavandera_d2_soi_ciid_fk` FOREIGN KEY (`clothing_item_id`) REFERENCES `lavandera_d2_clothing_items` (`id`) ON DELETE CASCADE,
  CONSTRAINT `lavandera_d2_soi_soid_fk` FOREIGN KEY (`service_order_id`) REFERENCES `lavandera_d2_service_orders` (`id`) ON DELETE CASCADE
) ENGINE=InnoDB AUTO_INCREMENT=29 DEFAULT CHARSET=utf8mb4 COLLATE=utf8mb4_unicode_ci;

--
-- Dumping data for table `lavandera_d2_service_order_items`
--

INSERT INTO `lavandera_d2_service_order_items` VALUES (27,17,6,1,'orange','ironing',15.00,15.00,'2026-01-01 10:01:12','2026-01-01 10:01:12'),(28,18,6,1,'black','ironing',15.00,15.00,'2026-01-01 16:52:03','2026-01-01 16:52:03');

--
-- Table structure for table `lavandera_d2_service_orders`
--

CREATE TABLE `lavandera_d2_service_orders` (
  `id` bigint unsigned NOT NULL AUTO_INCREMENT,
  `order_number` varchar(255) COLLATE utf8mb4_unicode_ci NOT NULL,
  `barcode` varchar(255) COLLATE utf8mb4_unicode_ci NOT NULL,
  `customer_name` varchar(255) COLLATE utf8mb4_unicode_ci DEFAULT NULL,
  `gender` enum('male','female') COLLATE utf8mb4_unicode_ci NOT NULL,
  `service_type` enum('washing','ironing') COLLATE utf8mb4_unicode_ci NOT NULL,
  `subtotal` decimal(12,2) NOT NULL DEFAULT '0.00',
  `discount_amount` decimal(12,2) NOT NULL DEFAULT '0.00',
  `total` decimal(12,2) NOT NULL DEFAULT '0.00',
  `status` enum('processing','ready','collected') COLLATE utf8mb4_unicode_ci NOT NULL DEFAULT 'processing',
  `payment_status` enum('unpaid','paid') COLLATE utf8mb4_unicode_ci NOT NULL DEFAULT 'unpaid',
  `cashbox_id` bigint unsigned DEFAULT NULL,
  `notes` text COLLATE utf8mb4_unicode_ci,
  `completed_at` timestamp NULL DEFAULT NULL,
  `collected_at` timestamp NULL DEFAULT NULL,
  `created_at` timestamp NULL DEFAULT NULL,
  `updated_at` timestamp NULL DEFAULT NULL,
  PRIMARY KEY (`id`),
  UNIQUE KEY `lavandera_d2_so_onum_unq` (`order_number`),
  UNIQUE KEY `lavandera_d2_so_bar_unq` (`barcode`),
  KEY `lavandera_d2_so_cid_fk` (`cashbox_id`),
  CONSTRAINT `lavandera_d2_so_cid_fk` FOREIGN KEY (`cashbox_id`) REFERENCES `lavandera_d2_cashboxes` (`id`) ON DELETE SET NULL
) ENGINE=InnoDB AUTO_INCREMENT=19 DEFAULT CHARSET=utf8mb4 COLLATE=utf8mb4_unicode_ci;

--
-- Dumping data for table `lavandera_d2_service_orders`
--

INSERT INTO `lavandera_d2_service_orders` VALUES (17,'FAC-00001','FAC-00001',NULL,'male','ironing',15.00,0.00,15.00,'processing','unpaid',1,NULL,NULL,NULL,'2026-01-01 10:01:12','2026-01-01 10:01:12'),(18,'FAC-00018','FAC-00018',NULL,'male','ironing',15.00,0.00,15.00,'processing','unpaid',1,NULL,NULL,NULL,'2026-01-01 16:52:03','2026-01-01 16:52:03');

--
-- Table structure for table `lavandera_d2_sessions`
--

CREATE TABLE `lavandera_d2_sessions` (
  `id` varchar(255) COLLATE utf8mb4_unicode_ci NOT NULL,
  `user_id` bigint unsigned DEFAULT NULL,
  `ip_address` varchar(45) COLLATE utf8mb4_unicode_ci DEFAULT NULL,
  `user_agent` text COLLATE utf8mb4_unicode_ci,
  `payload` longtext COLLATE utf8mb4_unicode_ci NOT NULL,
  `last_activity` int NOT NULL,
  PRIMARY KEY (`id`),
  KEY `lavandera_d2_sess_uid_idx` (`user_id`),
  KEY `lavandera_d2_sess_last_idx` (`last_activity`)
) ENGINE=InnoDB DEFAULT CHARSET=utf8mb4 COLLATE=utf8mb4_unicode_ci;

--
-- Dumping data for table `lavandera_d2_sessions`
--

INSERT INTO `lavandera_d2_sessions` VALUES ('06Z987SA7bA3n4XLf1aKE51V84geCqpxPF87fmti',2,'127.0.0.1','Mozilla/5.0 (Windows NT 10.0; Win64; x64) AppleWebKit/537.36 (KHTML, like Gecko) Chrome/139.0.0.0 Safari/537.36','YTo1OntzOjY6Il90b2tlbiI7czo0MDoiaGN5cEpYTUI5ZkpuemVkcDhjWlNveWUzWTVGTlpQbHhldGNMYmhsMiI7czo5OiJfcHJldmlvdXMiO2E6Mjp7czozOiJ1cmwiO3M6NDE6Imh0dHA6Ly9sYXZhbmRlcmEubG9jYWwvYWRtaW4vdHJhbnNhY3Rpb25zIjtzOjU6InJvdXRlIjtzOjI0OiJhZG1pbi50cmFuc2FjdGlvbnMuaW5kZXgiO31zOjY6Il9mbGFzaCI7YToyOntzOjM6Im9sZCI7YTowOnt9czozOiJuZXciO2E6MDp7fX1zOjY6ImxvY2FsZSI7czoyOiJhciI7czo1MDoibG9naW5fd2ViXzU5YmEzNmFkZGMyYjJmOTQwMTU4MGYwMTRjN2Y1OGVhNGUzMDk4OWQiO2k6Mjt9',1767264814),('3nX9INVElQrQZJdDrcA7nmzicagzwZnoaalxOAeL',2,'160.177.196.113','Mozilla/5.0 (Windows NT 10.0; Win64; x64) AppleWebKit/537.36 (KHTML, like Gecko) Chrome/139.0.0.0 Safari/537.36','YTo0OntzOjY6Il90b2tlbiI7czo0MDoiSG5TdlFlblZVRll6YTJHUlB4aUZOOFU0TERPZmk4eUZ3MDNvMnVkVyI7czo1MDoibG9naW5fd2ViXzU5YmEzNmFkZGMyYjJmOTQwMTU4MGYwMTRjN2Y1OGVhNGUzMDk4OWQiO2k6MjtzOjk6Il9wcmV2aW91cyI7YToyOntzOjM6InVybCI7czo0OToiaHR0cHM6Ly9sYXZhbmRlcmEtZGVtbzIuaW1yYW5lc29mdC5jb20vdHJpYWwvdGVzdCI7czo1OiJyb3V0ZSI7czoxMDoidHJpYWwudGVzdCI7fXM6NjoiX2ZsYXNoIjthOjI6e3M6Mzoib2xkIjthOjA6e31zOjM6Im5ldyI7YTowOnt9fX0=',1767310355),('DzipH2LA3QuwHRosNkIWraJCiSEz1j6BQromlT8R',3,'127.0.0.1','Mozilla/5.0 (Windows NT 10.0; Win64; x64) AppleWebKit/537.36 (KHTML, like Gecko) Chrome/139.0.0.0 Safari/537.36','YTo1OntzOjY6Il90b2tlbiI7czo0MDoialp6T3ZPcXFXdFZHYUJ3ckZxbWM1Q1FCYXJ5UEFuQ1JaSEdBVklWQyI7czo5OiJfcHJldmlvdXMiO2E6Mjp7czozOiJ1cmwiO3M6MjI6Imh0dHA6Ly9sYXZhbmRlcmEubG9jYWwiO3M6NToicm91dGUiO3M6MjA6InNlcnZpY2Utb3JkZXJzLmluZGV4Ijt9czo2OiJfZmxhc2giO2E6Mjp7czozOiJvbGQiO2E6MDp7fXM6MzoibmV3IjthOjA6e319czo1MDoibG9naW5fd2ViXzU5YmEzNmFkZGMyYjJmOTQwMTU4MGYwMTRjN2Y1OGVhNGUzMDk4OWQiO2k6MztzOjY6ImxvY2FsZSI7czoyOiJhciI7fQ==',1767265274),('RDtCFGjYhfCKM7eXXsPdo8yDRgWSGunOu47f3yY8',2,'105.156.254.200','Mozilla/5.0 (Windows NT 10.0; Win64; x64) AppleWebKit/537.36 (KHTML, like Gecko) Chrome/139.0.0.0 Safari/537.36','YTo2OntzOjY6Il90b2tlbiI7czo0MDoicExKbUhUUkk0UmtMRzBmNElTYXRUZERGWnRwRlpydVBDWkU3NmdOeCI7czo5OiJfcHJldmlvdXMiO2E6Mjp7czozOiJ1cmwiO3M6Mzg6Imh0dHBzOi8vbGF2YW5kZXJhLWRlbW8yLmltcmFuZXNvZnQuY29tIjtzOjU6InJvdXRlIjtzOjIwOiJzZXJ2aWNlLW9yZGVycy5pbmRleCI7fXM6NjoiX2ZsYXNoIjthOjI6e3M6Mzoib2xkIjthOjA6e31zOjM6Im5ldyI7YTowOnt9fXM6NjoibG9jYWxlIjtzOjI6ImFyIjtzOjM6InVybCI7YTowOnt9czo1MDoibG9naW5fd2ViXzU5YmEzNmFkZGMyYjJmOTQwMTU4MGYwMTRjN2Y1OGVhNGUzMDk4OWQiO2k6Mjt9',1767291028);

--
-- Table structure for table `lavandera_d2_settings`
--

CREATE TABLE `lavandera_d2_settings` (
  `id` bigint unsigned NOT NULL AUTO_INCREMENT,
  `key` varchar(255) COLLATE utf8mb4_unicode_ci NOT NULL,
  `value` text COLLATE utf8mb4_unicode_ci,
  `created_at` timestamp NULL DEFAULT NULL,
  `updated_at` timestamp NULL DEFAULT NULL,
  PRIMARY KEY (`id`),
  UNIQUE KEY `lavandera_d2_set_key_unq` (`key`)
) ENGINE=InnoDB AUTO_INCREMENT=12 DEFAULT CHARSET=utf8mb4 COLLATE=utf8mb4_unicode_ci;

--
-- Dumping data for table `lavandera_d2_settings`
--

INSERT INTO `lavandera_d2_settings` VALUES (1,'company_name','ImraneSoft','2025-11-26 06:09:35','2026-01-01 09:56:01'),(2,'barcode_prefix','FAC','2025-11-26 06:09:35','2026-01-01 09:51:27'),(3,'receipt_copies','2','2025-11-26 06:09:35','2025-11-26 06:09:35'),(4,'currency','Dh','2025-11-26 06:09:35','2025-11-26 06:13:15'),(5,'company_address','Tiznit Maroc','2025-11-26 06:13:15','2026-01-01 09:59:45'),(6,'company_phone','06.74.42.77.48','2025-11-26 06:13:15','2026-01-01 09:56:01'),(7,'order_prefix','FAC','2025-11-26 06:13:15','2026-01-01 09:55:31'),(8,'machine_id','e85a38f1bae05391c5514c1914ba8fea','2025-11-27 20:53:16','2025-11-27 20:53:16'),(11,'trial_start_date','2026-01-01','2026-01-01 16:53:38','2026-01-01 16:53:38');

--
-- Table structure for table `lavandera_d3_cache`
--

CREATE TABLE `lavandera_d3_cache` (
  `key` varchar(255) COLLATE utf8mb4_unicode_ci NOT NULL,
  `value` mediumtext COLLATE utf8mb4_unicode_ci NOT NULL,
  `expiration` int NOT NULL,
  PRIMARY KEY (`key`)
) ENGINE=InnoDB DEFAULT CHARSET=utf8mb4 COLLATE=utf8mb4_unicode_ci;

--
-- Dumping data for table `lavandera_d3_cache`
--

INSERT INTO `lavandera_d3_cache` VALUES ('setting.currency','s:2:\"Dh\";',1764371462),('setting.invoice_footer_text','s:0:\"\";',1764371462),('setting.items_per_page','i:20;',1764371462),('setting.store_logo','N;',1764371462),('setting.store_name','s:11:\"Gestock Pro\";',1764371462);

--
-- Table structure for table `lavandera_d3_cache_locks`
--

CREATE TABLE `lavandera_d3_cache_locks` (
  `key` varchar(255) COLLATE utf8mb4_unicode_ci NOT NULL,
  `owner` varchar(255) COLLATE utf8mb4_unicode_ci NOT NULL,
  `expiration` int NOT NULL,
  PRIMARY KEY (`key`)
) ENGINE=InnoDB DEFAULT CHARSET=utf8mb4 COLLATE=utf8mb4_unicode_ci;

--
-- Dumping data for table `lavandera_d3_cache_locks`
--


--
-- Table structure for table `lavandera_d3_cashbox_entries`
--

CREATE TABLE `lavandera_d3_cashbox_entries` (
  `id` bigint unsigned NOT NULL AUTO_INCREMENT,
  `cashbox_id` bigint unsigned NOT NULL,
  `financial_transaction_id` bigint unsigned DEFAULT NULL,
  `direction` enum('in','out') COLLATE utf8mb4_unicode_ci NOT NULL,
  `amount` decimal(12,2) NOT NULL,
  `running_balance` decimal(12,2) NOT NULL,
  `created_at` timestamp NULL DEFAULT NULL,
  `updated_at` timestamp NULL DEFAULT NULL,
  PRIMARY KEY (`id`),
  KEY `lavandera_d3_ce_cid_fk` (`cashbox_id`),
  KEY `lavandera_d3_ce_ftid_fk` (`financial_transaction_id`),
  CONSTRAINT `lavandera_d3_ce_cid_fk` FOREIGN KEY (`cashbox_id`) REFERENCES `lavandera_d3_cashboxes` (`id`) ON DELETE CASCADE,
  CONSTRAINT `lavandera_d3_ce_ftid_fk` FOREIGN KEY (`financial_transaction_id`) REFERENCES `lavandera_d3_financial_transactions` (`id`) ON DELETE SET NULL
) ENGINE=InnoDB AUTO_INCREMENT=16 DEFAULT CHARSET=utf8mb4 COLLATE=utf8mb4_unicode_ci;

--
-- Dumping data for table `lavandera_d3_cashbox_entries`
--


--
-- Table structure for table `lavandera_d3_cashboxes`
--

CREATE TABLE `lavandera_d3_cashboxes` (
  `id` bigint unsigned NOT NULL AUTO_INCREMENT,
  `name` varchar(255) COLLATE utf8mb4_unicode_ci NOT NULL,
  `starting_balance` decimal(12,2) NOT NULL DEFAULT '0.00',
  `current_balance` decimal(12,2) NOT NULL DEFAULT '0.00',
  `notes` text COLLATE utf8mb4_unicode_ci,
  `created_at` timestamp NULL DEFAULT NULL,
  `updated_at` timestamp NULL DEFAULT NULL,
  PRIMARY KEY (`id`)
) ENGINE=InnoDB AUTO_INCREMENT=2 DEFAULT CHARSET=utf8mb4 COLLATE=utf8mb4_unicode_ci;

--
-- Dumping data for table `lavandera_d3_cashboxes`
--

INSERT INTO `lavandera_d3_cashboxes` VALUES (1,'ِCaisse principale',0.00,0.00,NULL,'2025-11-26 06:09:35','2026-01-01 09:53:32');

--
-- Table structure for table `lavandera_d3_clothing_items`
--

CREATE TABLE `lavandera_d3_clothing_items` (
  `id` bigint unsigned NOT NULL AUTO_INCREMENT,
  `name` varchar(255) COLLATE utf8mb4_unicode_ci NOT NULL,
  `slug` varchar(255) COLLATE utf8mb4_unicode_ci NOT NULL,
  `image_path` varchar(255) COLLATE utf8mb4_unicode_ci DEFAULT NULL,
  `default_wash_price` decimal(10,2) NOT NULL DEFAULT '0.00',
  `default_iron_price` decimal(10,2) NOT NULL DEFAULT '0.00',
  `is_active` tinyint(1) NOT NULL DEFAULT '1',
  `created_at` timestamp NULL DEFAULT NULL,
  `updated_at` timestamp NULL DEFAULT NULL,
  PRIMARY KEY (`id`),
  UNIQUE KEY `lavandera_d3_ci_slug_unq` (`slug`)
) ENGINE=InnoDB AUTO_INCREMENT=9 DEFAULT CHARSET=utf8mb4 COLLATE=utf8mb4_unicode_ci;

--
-- Dumping data for table `lavandera_d3_clothing_items`
--

INSERT INTO `lavandera_d3_clothing_items` VALUES (1,'T-shirt','shirt','shirt_1764184039.jpg',8.00,5.00,1,'2025-11-26 06:09:35','2025-11-26 18:07:19'),(2,'Pantalon','pantalon','pantalon_1764183960.webp',10.00,6.00,1,'2025-11-26 06:09:35','2025-11-26 18:06:00'),(4,'Veste','veste','veste_1764224956.webp',20.00,12.00,1,'2025-11-26 06:09:35','2025-11-27 05:29:16'),(5,'Chemise','chemise','chemise_1764183704.webp',18.00,11.00,1,'2025-11-26 06:09:35','2025-11-26 18:01:44'),(6,'Costume','costume','costume_1764225068.jfif',30.00,15.00,1,'2025-11-27 05:31:08','2025-11-27 05:31:08'),(7,'جلابة','glab','glab_1764251546.png',16.00,8.00,1,'2025-11-27 12:50:19','2025-11-27 12:52:26'),(8,'قفطان','kftan','kftan_1764251605.jpg',16.00,8.00,1,'2025-11-27 12:53:25','2025-11-27 12:53:25');

--
-- Table structure for table `lavandera_d3_failed_jobs`
--

CREATE TABLE `lavandera_d3_failed_jobs` (
  `id` bigint unsigned NOT NULL AUTO_INCREMENT,
  `uuid` varchar(255) COLLATE utf8mb4_unicode_ci NOT NULL,
  `connection` text COLLATE utf8mb4_unicode_ci NOT NULL,
  `queue` text COLLATE utf8mb4_unicode_ci NOT NULL,
  `payload` longtext COLLATE utf8mb4_unicode_ci NOT NULL,
  `exception` longtext COLLATE utf8mb4_unicode_ci NOT NULL,
  `failed_at` timestamp NOT NULL DEFAULT CURRENT_TIMESTAMP,
  PRIMARY KEY (`id`),
  UNIQUE KEY `lavandera_d3_fj_uuid_unq` (`uuid`)
) ENGINE=InnoDB DEFAULT CHARSET=utf8mb4 COLLATE=utf8mb4_unicode_ci;

--
-- Dumping data for table `lavandera_d3_failed_jobs`
--


--
-- Table structure for table `lavandera_d3_financial_transactions`
--

CREATE TABLE `lavandera_d3_financial_transactions` (
  `id` bigint unsigned NOT NULL AUTO_INCREMENT,
  `type` enum('income','expense') COLLATE utf8mb4_unicode_ci NOT NULL,
  `category` varchar(255) COLLATE utf8mb4_unicode_ci DEFAULT NULL,
  `reference_type` varchar(255) COLLATE utf8mb4_unicode_ci DEFAULT NULL,
  `reference_id` bigint unsigned DEFAULT NULL,
  `cashbox_id` bigint unsigned DEFAULT NULL,
  `amount` decimal(12,2) NOT NULL,
  `description` text COLLATE utf8mb4_unicode_ci,
  `occurred_on` date NOT NULL,
  `created_at` timestamp NULL DEFAULT NULL,
  `updated_at` timestamp NULL DEFAULT NULL,
  PRIMARY KEY (`id`),
  KEY `lavandera_d3_ft_ref_idx` (`reference_type`,`reference_id`),
  KEY `lavandera_d3_ft_cid_fk` (`cashbox_id`),
  CONSTRAINT `lavandera_d3_ft_cid_fk` FOREIGN KEY (`cashbox_id`) REFERENCES `lavandera_d3_cashboxes` (`id`) ON DELETE SET NULL
) ENGINE=InnoDB AUTO_INCREMENT=16 DEFAULT CHARSET=utf8mb4 COLLATE=utf8mb4_unicode_ci;

--
-- Dumping data for table `lavandera_d3_financial_transactions`
--

INSERT INTO `lavandera_d3_financial_transactions` VALUES (15,'income','laundry-service','App\\Models\\ServiceOrder',14,1,26.00,'Payment received for order MSB-00001','2025-11-27','2025-11-27 19:01:11','2025-11-27 19:01:11');

--
-- Table structure for table `lavandera_d3_job_batches`
--

CREATE TABLE `lavandera_d3_job_batches` (
  `id` varchar(255) COLLATE utf8mb4_unicode_ci NOT NULL,
  `name` varchar(255) COLLATE utf8mb4_unicode_ci NOT NULL,
  `total_jobs` int NOT NULL,
  `pending_jobs` int NOT NULL,
  `failed_jobs` int NOT NULL,
  `failed_job_ids` longtext COLLATE utf8mb4_unicode_ci NOT NULL,
  `options` mediumtext COLLATE utf8mb4_unicode_ci,
  `cancelled_at` int DEFAULT NULL,
  `created_at` int NOT NULL,
  `finished_at` int DEFAULT NULL,
  PRIMARY KEY (`id`)
) ENGINE=InnoDB DEFAULT CHARSET=utf8mb4 COLLATE=utf8mb4_unicode_ci;

--
-- Dumping data for table `lavandera_d3_job_batches`
--


--
-- Table structure for table `lavandera_d3_jobs`
--

CREATE TABLE `lavandera_d3_jobs` (
  `id` bigint unsigned NOT NULL AUTO_INCREMENT,
  `queue` varchar(255) COLLATE utf8mb4_unicode_ci NOT NULL,
  `payload` longtext COLLATE utf8mb4_unicode_ci NOT NULL,
  `attempts` tinyint unsigned NOT NULL,
  `reserved_at` int unsigned DEFAULT NULL,
  `available_at` int unsigned NOT NULL,
  `created_at` int unsigned NOT NULL,
  PRIMARY KEY (`id`),
  KEY `lavandera_d3_jobs_q_idx` (`queue`)
) ENGINE=InnoDB DEFAULT CHARSET=utf8mb4 COLLATE=utf8mb4_unicode_ci;

--
-- Dumping data for table `lavandera_d3_jobs`
--


--
-- Table structure for table `lavandera_d3_migrations`
--

CREATE TABLE `lavandera_d3_migrations` (
  `id` int unsigned NOT NULL AUTO_INCREMENT,
  `migration` varchar(255) COLLATE utf8mb4_unicode_ci NOT NULL,
  `batch` int NOT NULL,
  PRIMARY KEY (`id`)
) ENGINE=InnoDB AUTO_INCREMENT=20 DEFAULT CHARSET=utf8mb4 COLLATE=utf8mb4_unicode_ci;

--
-- Dumping data for table `lavandera_d3_migrations`
--

INSERT INTO `lavandera_d3_migrations` VALUES (1,'0001_01_01_000000_create_users_table',1),(2,'0001_01_01_000001_create_cache_table',1),(3,'0001_01_01_000002_create_jobs_table',1),(4,'2025_11_26_064131_create_clothing_items_table',1),(5,'2025_11_26_064200_create_cashboxes_table',1),(6,'2025_11_26_064209_create_service_orders_table',1),(7,'2025_11_26_064213_create_service_order_items_table',1),(8,'2025_11_26_064220_create_financial_transactions_table',1),(9,'2025_11_26_064230_create_cashbox_entries_table',1),(10,'2025_11_26_064236_create_settings_table',1),(11,'2025_11_26_151044_add_color_to_service_order_items_table',2),(12,'2025_11_26_184412_add_service_type_to_service_order_items_table',3),(13,'2025_11_27_161956_create_roles_table',4),(14,'2025_11_27_162000_create_permissions_table',4),(15,'2025_11_27_162004_create_role_permissions_table',4),(16,'2025_11_27_162008_add_role_id_to_users_table',4),(17,'2025_11_27_181929_update_service_orders_status_enum',5);

--
-- Table structure for table `lavandera_d3_password_reset_tokens`
--

CREATE TABLE `lavandera_d3_password_reset_tokens` (
  `email` varchar(255) COLLATE utf8mb4_unicode_ci NOT NULL,
  `token` varchar(255) COLLATE utf8mb4_unicode_ci NOT NULL,
  `created_at` timestamp NULL DEFAULT NULL,
  PRIMARY KEY (`email`)
) ENGINE=InnoDB DEFAULT CHARSET=utf8mb4 COLLATE=utf8mb4_unicode_ci;

--
-- Dumping data for table `lavandera_d3_password_reset_tokens`
--


--
-- Table structure for table `lavandera_d3_permissions`
--

CREATE TABLE `lavandera_d3_permissions` (
  `id` bigint unsigned NOT NULL AUTO_INCREMENT,
  `name` varchar(255) COLLATE utf8mb4_unicode_ci NOT NULL,
  `display_name` varchar(255) COLLATE utf8mb4_unicode_ci NOT NULL,
  `description` text COLLATE utf8mb4_unicode_ci,
  `group` varchar(255) COLLATE utf8mb4_unicode_ci DEFAULT NULL,
  `created_at` timestamp NULL DEFAULT NULL,
  `updated_at` timestamp NULL DEFAULT NULL,
  PRIMARY KEY (`id`),
  UNIQUE KEY `lavandera_d3_perm_name_unq` (`name`)
) ENGINE=InnoDB AUTO_INCREMENT=18 DEFAULT CHARSET=utf8mb4 COLLATE=utf8mb4_unicode_ci;

--
-- Dumping data for table `lavandera_d3_permissions`
--

INSERT INTO `lavandera_d3_permissions` VALUES (1,'manage_users','Manage Users','Create, edit, and delete users','users','2025-11-27 15:30:38','2025-11-27 15:30:38'),(2,'view_users','View Users','View users list','users','2025-11-27 15:30:38','2025-11-27 15:30:38'),(3,'manage_roles','Manage Roles','Create, edit, and delete roles','roles','2025-11-27 15:30:38','2025-11-27 15:30:38'),(4,'view_roles','View Roles','View roles list','roles','2025-11-27 15:30:38','2025-11-27 15:30:38'),(5,'manage_permissions','Manage Permissions','Create, edit, and delete permissions','roles','2025-11-27 15:30:38','2025-11-27 15:30:38'),(6,'manage_items','Manage Items','Create, edit, and delete clothing items','items','2025-11-27 15:30:38','2025-11-27 15:30:38'),(7,'view_items','View Items','View items list','items','2025-11-27 15:30:38','2025-11-27 15:30:38'),(8,'manage_orders','Manage Orders','Create, edit, and delete service orders','orders','2025-11-27 15:30:38','2025-11-27 15:30:38'),(9,'view_orders','View Orders','View orders list','orders','2025-11-27 15:30:38','2025-11-27 15:30:38'),(10,'create_orders','Create Orders','Create new service orders','orders','2025-11-27 15:30:38','2025-11-27 15:30:38'),(11,'manage_transactions','Manage Transactions','Create, edit, and delete financial transactions','transactions','2025-11-27 15:30:38','2025-11-27 15:30:38'),(12,'view_transactions','View Transactions','View transactions list','transactions','2025-11-27 15:30:38','2025-11-27 15:30:38'),(13,'manage_cashboxes','Manage Cashboxes','Create, edit, and delete cashboxes','cashboxes','2025-11-27 15:30:38','2025-11-27 15:30:38'),(14,'view_cashboxes','View Cashboxes','View cashboxes list','cashboxes','2025-11-27 15:30:38','2025-11-27 15:30:38'),(15,'manage_settings','Manage Settings','Update system settings','settings','2025-11-27 15:30:38','2025-11-27 15:30:38'),(16,'view_settings','View Settings','View system settings','settings','2025-11-27 15:30:38','2025-11-27 15:30:38'),(17,'view_dashboard','View Dashboard','Access admin dashboard','dashboard','2025-11-27 15:30:38','2025-11-27 15:30:38');

--
-- Table structure for table `lavandera_d3_role_permissions`
--

CREATE TABLE `lavandera_d3_role_permissions` (
  `id` bigint unsigned NOT NULL AUTO_INCREMENT,
  `role_id` bigint unsigned NOT NULL,
  `permission_id` bigint unsigned NOT NULL,
  `created_at` timestamp NULL DEFAULT NULL,
  `updated_at` timestamp NULL DEFAULT NULL,
  PRIMARY KEY (`id`),
  UNIQUE KEY `lavandera_d3_rp_rpid_unq` (`role_id`,`permission_id`),
  KEY `lavandera_d3_rp_pid_fk` (`permission_id`),
  CONSTRAINT `lavandera_d3_rp_pid_fk` FOREIGN KEY (`permission_id`) REFERENCES `lavandera_d3_permissions` (`id`) ON DELETE CASCADE,
  CONSTRAINT `lavandera_d3_rp_rid_fk` FOREIGN KEY (`role_id`) REFERENCES `lavandera_d3_roles` (`id`) ON DELETE CASCADE
) ENGINE=InnoDB AUTO_INCREMENT=35 DEFAULT CHARSET=utf8mb4 COLLATE=utf8mb4_unicode_ci;

--
-- Dumping data for table `lavandera_d3_role_permissions`
--

INSERT INTO `lavandera_d3_role_permissions` VALUES (1,1,10,'2025-11-27 15:30:38','2025-11-27 15:30:38'),(2,1,13,'2025-11-27 15:30:38','2025-11-27 15:30:38'),(3,1,6,'2025-11-27 15:30:38','2025-11-27 15:30:38'),(4,1,8,'2025-11-27 15:30:38','2025-11-27 15:30:38'),(5,1,5,'2025-11-27 15:30:38','2025-11-27 15:30:38'),(6,1,3,'2025-11-27 15:30:38','2025-11-27 15:30:38'),(7,1,15,'2025-11-27 15:30:38','2025-11-27 15:30:38'),(8,1,11,'2025-11-27 15:30:38','2025-11-27 15:30:38'),(9,1,1,'2025-11-27 15:30:38','2025-11-27 15:30:38'),(10,1,14,'2025-11-27 15:30:38','2025-11-27 15:30:38'),(11,1,17,'2025-11-27 15:30:38','2025-11-27 15:30:38'),(12,1,7,'2025-11-27 15:30:38','2025-11-27 15:30:38'),(13,1,9,'2025-11-27 15:30:38','2025-11-27 15:30:38'),(14,1,4,'2025-11-27 15:30:38','2025-11-27 15:30:38'),(15,1,16,'2025-11-27 15:30:38','2025-11-27 15:30:38'),(16,1,12,'2025-11-27 15:30:38','2025-11-27 15:30:38'),(17,1,2,'2025-11-27 15:30:38','2025-11-27 15:30:38'),(18,2,10,'2025-11-27 15:30:38','2025-11-27 15:30:38'),(19,2,13,'2025-11-27 15:30:38','2025-11-27 15:30:38'),(20,2,6,'2025-11-27 15:30:38','2025-11-27 15:30:38'),(21,2,8,'2025-11-27 15:30:38','2025-11-27 15:30:38'),(22,2,11,'2025-11-27 15:30:38','2025-11-27 15:30:38'),(23,2,14,'2025-11-27 15:30:38','2025-11-27 15:30:38'),(24,2,17,'2025-11-27 15:30:38','2025-11-27 15:30:38'),(25,2,7,'2025-11-27 15:30:38','2025-11-27 15:30:38'),(26,2,9,'2025-11-27 15:30:38','2025-11-27 15:30:38'),(27,2,16,'2025-11-27 15:30:38','2025-11-27 15:30:38'),(28,2,12,'2025-11-27 15:30:38','2025-11-27 15:30:38'),(29,3,10,'2025-11-27 15:30:38','2025-11-27 15:30:38'),(30,3,14,'2025-11-27 15:30:38','2025-11-27 15:30:38'),(31,3,17,'2025-11-27 15:30:38','2025-11-27 15:30:38'),(32,3,7,'2025-11-27 15:30:38','2025-11-27 15:30:38'),(33,3,9,'2025-11-27 15:30:38','2025-11-27 15:30:38'),(34,2,15,'2026-01-01 09:51:23','2026-01-01 09:51:23');

--
-- Table structure for table `lavandera_d3_roles`
--

CREATE TABLE `lavandera_d3_roles` (
  `id` bigint unsigned NOT NULL AUTO_INCREMENT,
  `name` varchar(255) COLLATE utf8mb4_unicode_ci NOT NULL,
  `display_name` varchar(255) COLLATE utf8mb4_unicode_ci NOT NULL,
  `description` text COLLATE utf8mb4_unicode_ci,
  `created_at` timestamp NULL DEFAULT NULL,
  `updated_at` timestamp NULL DEFAULT NULL,
  PRIMARY KEY (`id`),
  UNIQUE KEY `lavandera_d3_role_name_unq` (`name`)
) ENGINE=InnoDB AUTO_INCREMENT=4 DEFAULT CHARSET=utf8mb4 COLLATE=utf8mb4_unicode_ci;

--
-- Dumping data for table `lavandera_d3_roles`
--

INSERT INTO `lavandera_d3_roles` VALUES (1,'admin','Administrator','Full system access with all permissions','2025-11-27 15:30:38','2025-11-27 15:30:38'),(2,'manager','Manager','Can manage orders, items, and transactions','2025-11-27 15:30:38','2025-11-27 15:30:38'),(3,'cashier','Cashier','Can create orders and view basic information','2025-11-27 15:30:38','2025-11-27 15:30:38');

--
-- Table structure for table `lavandera_d3_service_order_items`
--

CREATE TABLE `lavandera_d3_service_order_items` (
  `id` bigint unsigned NOT NULL AUTO_INCREMENT,
  `service_order_id` bigint unsigned NOT NULL,
  `clothing_item_id` bigint unsigned NOT NULL,
  `quantity` int unsigned NOT NULL DEFAULT '1',
  `color` varchar(50) COLLATE utf8mb4_unicode_ci DEFAULT NULL,
  `service_type` enum('washing','ironing') COLLATE utf8mb4_unicode_ci DEFAULT NULL,
  `unit_price` decimal(12,2) NOT NULL DEFAULT '0.00',
  `line_total` decimal(12,2) NOT NULL DEFAULT '0.00',
  `created_at` timestamp NULL DEFAULT NULL,
  `updated_at` timestamp NULL DEFAULT NULL,
  PRIMARY KEY (`id`),
  KEY `lavandera_d3_soi_soid_fk` (`service_order_id`),
  KEY `lavandera_d3_soi_ciid_fk` (`clothing_item_id`),
  CONSTRAINT `lavandera_d3_soi_ciid_fk` FOREIGN KEY (`clothing_item_id`) REFERENCES `lavandera_d3_clothing_items` (`id`) ON DELETE CASCADE,
  CONSTRAINT `lavandera_d3_soi_soid_fk` FOREIGN KEY (`service_order_id`) REFERENCES `lavandera_d3_service_orders` (`id`) ON DELETE CASCADE
) ENGINE=InnoDB AUTO_INCREMENT=28 DEFAULT CHARSET=utf8mb4 COLLATE=utf8mb4_unicode_ci;

--
-- Dumping data for table `lavandera_d3_service_order_items`
--

INSERT INTO `lavandera_d3_service_order_items` VALUES (27,17,6,1,'orange','ironing',15.00,15.00,'2026-01-01 10:01:12','2026-01-01 10:01:12');

--
-- Table structure for table `lavandera_d3_service_orders`
--

CREATE TABLE `lavandera_d3_service_orders` (
  `id` bigint unsigned NOT NULL AUTO_INCREMENT,
  `order_number` varchar(255) COLLATE utf8mb4_unicode_ci NOT NULL,
  `barcode` varchar(255) COLLATE utf8mb4_unicode_ci NOT NULL,
  `customer_name` varchar(255) COLLATE utf8mb4_unicode_ci DEFAULT NULL,
  `gender` enum('male','female') COLLATE utf8mb4_unicode_ci NOT NULL,
  `service_type` enum('washing','ironing') COLLATE utf8mb4_unicode_ci NOT NULL,
  `subtotal` decimal(12,2) NOT NULL DEFAULT '0.00',
  `discount_amount` decimal(12,2) NOT NULL DEFAULT '0.00',
  `total` decimal(12,2) NOT NULL DEFAULT '0.00',
  `status` enum('processing','ready','collected') COLLATE utf8mb4_unicode_ci NOT NULL DEFAULT 'processing',
  `payment_status` enum('unpaid','paid') COLLATE utf8mb4_unicode_ci NOT NULL DEFAULT 'unpaid',
  `cashbox_id` bigint unsigned DEFAULT NULL,
  `notes` text COLLATE utf8mb4_unicode_ci,
  `completed_at` timestamp NULL DEFAULT NULL,
  `collected_at` timestamp NULL DEFAULT NULL,
  `created_at` timestamp NULL DEFAULT NULL,
  `updated_at` timestamp NULL DEFAULT NULL,
  PRIMARY KEY (`id`),
  UNIQUE KEY `lavandera_d3_so_onum_unq` (`order_number`),
  UNIQUE KEY `lavandera_d3_so_bar_unq` (`barcode`),
  KEY `lavandera_d3_so_cid_fk` (`cashbox_id`),
  CONSTRAINT `lavandera_d3_so_cid_fk` FOREIGN KEY (`cashbox_id`) REFERENCES `lavandera_d3_cashboxes` (`id`) ON DELETE SET NULL
) ENGINE=InnoDB AUTO_INCREMENT=18 DEFAULT CHARSET=utf8mb4 COLLATE=utf8mb4_unicode_ci;

--
-- Dumping data for table `lavandera_d3_service_orders`
--

INSERT INTO `lavandera_d3_service_orders` VALUES (17,'FAC-00001','FAC-00001',NULL,'male','ironing',15.00,0.00,15.00,'processing','unpaid',1,NULL,NULL,NULL,'2026-01-01 10:01:12','2026-01-01 10:01:12');

--
-- Table structure for table `lavandera_d3_sessions`
--

CREATE TABLE `lavandera_d3_sessions` (
  `id` varchar(255) COLLATE utf8mb4_unicode_ci NOT NULL,
  `user_id` bigint unsigned DEFAULT NULL,
  `ip_address` varchar(45) COLLATE utf8mb4_unicode_ci DEFAULT NULL,
  `user_agent` text COLLATE utf8mb4_unicode_ci,
  `payload` longtext COLLATE utf8mb4_unicode_ci NOT NULL,
  `last_activity` int NOT NULL,
  PRIMARY KEY (`id`),
  KEY `lavandera_d3_sess_uid_idx` (`user_id`),
  KEY `lavandera_d3_sess_last_idx` (`last_activity`)
) ENGINE=InnoDB DEFAULT CHARSET=utf8mb4 COLLATE=utf8mb4_unicode_ci;

--
-- Dumping data for table `lavandera_d3_sessions`
--

INSERT INTO `lavandera_d3_sessions` VALUES ('06Z987SA7bA3n4XLf1aKE51V84geCqpxPF87fmti',2,'127.0.0.1','Mozilla/5.0 (Windows NT 10.0; Win64; x64) AppleWebKit/537.36 (KHTML, like Gecko) Chrome/139.0.0.0 Safari/537.36','YTo1OntzOjY6Il90b2tlbiI7czo0MDoiaGN5cEpYTUI5ZkpuemVkcDhjWlNveWUzWTVGTlpQbHhldGNMYmhsMiI7czo5OiJfcHJldmlvdXMiO2E6Mjp7czozOiJ1cmwiO3M6NDE6Imh0dHA6Ly9sYXZhbmRlcmEubG9jYWwvYWRtaW4vdHJhbnNhY3Rpb25zIjtzOjU6InJvdXRlIjtzOjI0OiJhZG1pbi50cmFuc2FjdGlvbnMuaW5kZXgiO31zOjY6Il9mbGFzaCI7YToyOntzOjM6Im9sZCI7YTowOnt9czozOiJuZXciO2E6MDp7fX1zOjY6ImxvY2FsZSI7czoyOiJhciI7czo1MDoibG9naW5fd2ViXzU5YmEzNmFkZGMyYjJmOTQwMTU4MGYwMTRjN2Y1OGVhNGUzMDk4OWQiO2k6Mjt9',1767264814),('aRh7zOnrQo1Oi4VNidj15502x7gDSRUHcXJGUtmn',NULL,'84.254.106.197','Mozilla/5.0 (Linux; Android 6.0; Nexus 5 Build/MRA58N) AppleWebKit/537.36 (KHTML, like Gecko) Chrome/130.0.0.0 Mobile Safari/537.36','YTo0OntzOjY6Il90b2tlbiI7czo0MDoiZGJRamE2SkFCQXdWOHdNOVRpNGZvVWljVUtqTkNJbk1qcFVLWGIwSiI7czozOiJ1cmwiO2E6MTp7czo4OiJpbnRlbmRlZCI7czozODoiaHR0cHM6Ly9sYXZhbmRlcmEtZGVtbzMuaW1yYW5lc29mdC5jb20iO31zOjk6Il9wcmV2aW91cyI7YToyOntzOjM6InVybCI7czozODoiaHR0cHM6Ly9sYXZhbmRlcmEtZGVtbzMuaW1yYW5lc29mdC5jb20iO3M6NToicm91dGUiO3M6MjA6InNlcnZpY2Utb3JkZXJzLmluZGV4Ijt9czo2OiJfZmxhc2giO2E6Mjp7czozOiJvbGQiO2E6MDp7fXM6MzoibmV3IjthOjA6e319fQ==',1767313452),('DzipH2LA3QuwHRosNkIWraJCiSEz1j6BQromlT8R',3,'127.0.0.1','Mozilla/5.0 (Windows NT 10.0; Win64; x64) AppleWebKit/537.36 (KHTML, like Gecko) Chrome/139.0.0.0 Safari/537.36','YTo1OntzOjY6Il90b2tlbiI7czo0MDoialp6T3ZPcXFXdFZHYUJ3ckZxbWM1Q1FCYXJ5UEFuQ1JaSEdBVklWQyI7czo5OiJfcHJldmlvdXMiO2E6Mjp7czozOiJ1cmwiO3M6MjI6Imh0dHA6Ly9sYXZhbmRlcmEubG9jYWwiO3M6NToicm91dGUiO3M6MjA6InNlcnZpY2Utb3JkZXJzLmluZGV4Ijt9czo2OiJfZmxhc2giO2E6Mjp7czozOiJvbGQiO2E6MDp7fXM6MzoibmV3IjthOjA6e319czo1MDoibG9naW5fd2ViXzU5YmEzNmFkZGMyYjJmOTQwMTU4MGYwMTRjN2Y1OGVhNGUzMDk4OWQiO2k6MztzOjY6ImxvY2FsZSI7czoyOiJhciI7fQ==',1767265274),('nEBeKO7FuQeC0ZVOazBV5seil9e3yAsegJI1ggR9',NULL,'160.177.196.113','Mozilla/5.0 (Windows NT 10.0; Win64; x64) AppleWebKit/537.36 (KHTML, like Gecko) Chrome/139.0.0.0 Safari/537.36','YTo0OntzOjY6Il90b2tlbiI7czo0MDoiVE1IRWw3QUU0SjRZU3FScEJzOFlweG1WZGo0WkJlNGZ0R2ZpQjRZMCI7czozOiJ1cmwiO2E6MTp7czo4OiJpbnRlbmRlZCI7czozODoiaHR0cHM6Ly9sYXZhbmRlcmEtZGVtbzMuaW1yYW5lc29mdC5jb20iO31zOjk6Il9wcmV2aW91cyI7YToyOntzOjM6InVybCI7czo0OToiaHR0cHM6Ly9sYXZhbmRlcmEtZGVtbzMuaW1yYW5lc29mdC5jb20vdHJpYWwvdGVzdCI7czo1OiJyb3V0ZSI7czoxMDoidHJpYWwudGVzdCI7fXM6NjoiX2ZsYXNoIjthOjI6e3M6Mzoib2xkIjthOjA6e31zOjM6Im5ldyI7YTowOnt9fX0=',1767310365),('YaFQbT4GYM4ORHFKonXUjpSFpU9NLOwmuyZT45Nl',NULL,'105.156.254.200','Mozilla/5.0 (Windows NT 10.0; Win64; x64) AppleWebKit/537.36 (KHTML, like Gecko) Chrome/139.0.0.0 Safari/537.36','YTo0OntzOjY6Il90b2tlbiI7czo0MDoiNWlZZjVWbEF4Mk1UbkttVlBUcG5sTFpuSDRlRFNIZnZFNDRmSVJMRSI7czozOiJ1cmwiO2E6MTp7czo4OiJpbnRlbmRlZCI7czozODoiaHR0cHM6Ly9sYXZhbmRlcmEtZGVtbzMuaW1yYW5lc29mdC5jb20iO31zOjk6Il9wcmV2aW91cyI7YToyOntzOjM6InVybCI7czo0NDoiaHR0cHM6Ly9sYXZhbmRlcmEtZGVtbzMuaW1yYW5lc29mdC5jb20vbG9naW4iO3M6NToicm91dGUiO3M6NToibG9naW4iO31zOjY6Il9mbGFzaCI7YToyOntzOjM6Im9sZCI7YTowOnt9czozOiJuZXciO2E6MDp7fX19',1767291071);

--
-- Table structure for table `lavandera_d3_settings`
--

CREATE TABLE `lavandera_d3_settings` (
  `id` bigint unsigned NOT NULL AUTO_INCREMENT,
  `key` varchar(255) COLLATE utf8mb4_unicode_ci NOT NULL,
  `value` text COLLATE utf8mb4_unicode_ci,
  `created_at` timestamp NULL DEFAULT NULL,
  `updated_at` timestamp NULL DEFAULT NULL,
  PRIMARY KEY (`id`),
  UNIQUE KEY `lavandera_d3_set_key_unq` (`key`)
) ENGINE=InnoDB AUTO_INCREMENT=12 DEFAULT CHARSET=utf8mb4 COLLATE=utf8mb4_unicode_ci;

--
-- Dumping data for table `lavandera_d3_settings`
--

INSERT INTO `lavandera_d3_settings` VALUES (1,'company_name','ImraneSoft','2025-11-26 06:09:35','2026-01-01 09:56:01'),(2,'barcode_prefix','FAC','2025-11-26 06:09:35','2026-01-01 09:51:27'),(3,'receipt_copies','2','2025-11-26 06:09:35','2025-11-26 06:09:35'),(4,'currency','Dh','2025-11-26 06:09:35','2025-11-26 06:13:15'),(5,'company_address','Tiznit Maroc','2025-11-26 06:13:15','2026-01-01 09:59:45'),(6,'company_phone','06.74.42.77.48','2025-11-26 06:13:15','2026-01-01 09:56:01'),(7,'order_prefix','FAC','2025-11-26 06:13:15','2026-01-01 09:55:31'),(8,'machine_id','e85a38f1bae05391c5514c1914ba8fea','2025-11-27 20:53:16','2025-11-27 20:53:16'),(11,'trial_start_date','2026-01-01','2026-01-01 22:29:08','2026-01-01 22:29:08');

--
-- Table structure for table `lavandera_d4_cache`
--

CREATE TABLE `lavandera_d4_cache` (
  `key` varchar(255) COLLATE utf8mb4_unicode_ci NOT NULL,
  `value` mediumtext COLLATE utf8mb4_unicode_ci NOT NULL,
  `expiration` int NOT NULL,
  PRIMARY KEY (`key`)
) ENGINE=InnoDB DEFAULT CHARSET=utf8mb4 COLLATE=utf8mb4_unicode_ci;

--
-- Dumping data for table `lavandera_d4_cache`
--

INSERT INTO `lavandera_d4_cache` VALUES ('setting.currency','s:2:\"Dh\";',1764371462),('setting.invoice_footer_text','s:0:\"\";',1764371462),('setting.items_per_page','i:20;',1764371462),('setting.store_logo','N;',1764371462),('setting.store_name','s:11:\"Gestock Pro\";',1764371462);

--
